{"id":6518,"date":"2013-10-27T23:15:21","date_gmt":"2013-10-27T23:15:21","guid":{"rendered":"http:\/\/moianesturisme.cat\/fr\/som-10-pobles\/sta-maria-dolo\/"},"modified":"2019-04-26T08:39:29","modified_gmt":"2019-04-26T07:39:29","slug":"sta-maria-dolo","status":"publish","type":"page","link":"https:\/\/moianesturisme.cat\/fr\/home\/10-villages\/sta-maria-dolo\/","title":{"rendered":"Santa Maria d&rsquo;Ol\u00f3"},"content":{"rendered":"<div class=\"wpb-content-wrapper\">[vc_row][vc_column][vc_custom_heading text=\u00a0\u00bbSanta Maria d&rsquo;Ol\u00f3\u00a0\u00bb font_container=\u00a0\u00bbtag:h1|text_align:left\u00a0\u00bb use_theme_fonts=\u00a0\u00bbyes\u00a0\u00bb][vc_empty_space height=\u00a0\u00bb16px\u00a0\u00bb][vc_separator][\/vc_column][\/vc_row][vc_row][vc_column width=\u00a0\u00bb2\/3&Prime;][vc_single_image image=\u00a0\u00bb1806&Prime; img_size=\u00a0\u00bbfull\u00a0\u00bb][vc_empty_space height=\u00a0\u00bb16px\u00a0\u00bb][vc_custom_heading text=\u00a0\u00bbUn voyage \u00e0 l&rsquo;art roman et baroque\u00a0\u00bb use_theme_fonts=\u00a0\u00bbyes\u00a0\u00bb][vc_empty_space height=\u00a0\u00bb6px\u00a0\u00bb][vc_column_text]Santa Maria d&rsquo;Ol\u00f3, au nord du Moianais, se trouve au c\u0153ur d&rsquo;un paysage spectaculaire de champs et de bois. Le centre primitif du village se trouve \u00e0 une altitude de 542 m\u00e8tres. Ce noyau se forma au sommet d&rsquo;une colline autour de l&rsquo;ancien ch\u00e2teau et de l&rsquo;\u00e9glise de Santa Maria, puis il s&rsquo;est ensuite \u00e9tendu et comprend maintenant les quartiers de la Rovirola et de Santa Eul\u00e0lia.<\/p>\n<p>L&rsquo;ancienne ferme de Rocabruna et l&rsquo;\u00e9curie du Sol\u00e0 de Sant Esteve, la paroisse de Sant Joan d&rsquo;Ol\u00f3 font partie de la commune d&rsquo;Ol\u00f3. Sur le chemin de L&rsquo;Estany se trouve Sant Feliuet de Terrassola. Le r\u00e9seau hydrographique basique est constitu\u00e9 par la Gavarresa, la Riera d&rsquo;Ol\u00f3 et le torrent de Malrub\u00ed.<\/p>\n<p>Les premi\u00e8res donn\u00e9es concernant la commune remontent \u00e0 l&rsquo;an 889 et la premi\u00e8re mention du ch\u00e2teau date de l&rsquo;an 930.<\/p>\n<p>Apr\u00e8s la disparition du lignage des Ol\u00f3 et de plusieurs ventes, le ch\u00e2teau passa aux mains du Monast\u00e8re de l&rsquo;Estany en 1364. Malgr\u00e9 de nombreuses tentatives de part des gens d&rsquo;Ol\u00f3 de le racheter au monast\u00e8re, le rachat effectif ne se produisit qu&rsquo;en 1597.<\/p>\n<p>En ce qui concerne l&rsquo;activit\u00e9 \u00e9conomique, il faut souligner le d\u00e9veloppement de l&rsquo;industre de la laine et le m\u00e9tier de cardeur \u00e0 partir du XVII\u00e8me si\u00e8cle. La commune r\u00e9sume \u00e0 elle seule les styles de vie catalans des derniers cent cinquante ans, o\u00f9 le monde rural, encore assez actif, a fait place progressivement \u00e0 l&rsquo;industrialisation.[\/vc_column_text][\/vc_column][vc_column width=\u00a0\u00bb1\/3&Prime;][vc_single_image image=\u00a0\u00bb1805&Prime; img_size=\u00a0\u00bbfull\u00a0\u00bb alignment=\u00a0\u00bbcenter\u00a0\u00bb][vc_empty_space height=\u00a0\u00bb16px\u00a0\u00bb][vc_column_text]\n<h4 style=\"text-align: center;\"><a href=\"http:\/\/www.olo.cat\" target=\"_blank\" rel=\"noopener noreferrer\">olo.cat<\/a><\/h4>\n<p style=\"text-align: center;\">1043 habitants (2018)<br \/>\n66,18 km2<br \/>\n542 altitude<\/p>\n[\/vc_column_text][\/vc_column][\/vc_row][vc_row][vc_column][vc_empty_space][vc_custom_heading text=\u00a0\u00bbLieux d\u2019int\u00e9r\u00eat \u00e0 visiter\u00a0\u00bb font_container=\u00a0\u00bbtag:h3|text_align:left\u00a0\u00bb use_theme_fonts=\u00a0\u00bbyes\u00a0\u00bb][vc_separator][vc_empty_space height=\u00a0\u00bb16px\u00a0\u00bb][vc_basic_grid post_type=\u00a0\u00bbproject\u00a0\u00bb max_items=\u00a0\u00bb\u00a0\u00bb element_width=\u00a0\u00bb3&Prime; item=\u00a0\u00bb10741&Prime; grid_id=\u00a0\u00bbvc_gid:1556264431132-35665ffd-ac9f-3&Prime; taxonomies=\u00a0\u00bb526&Prime;][vc_empty_space][vc_separator][\/vc_column][\/vc_row][vc_row][vc_column][vc_custom_heading text=\u00a0\u00bbNous sommes 10!\u00a0\u00bb use_theme_fonts=\u00a0\u00bbyes\u00a0\u00bb][vc_row_inner][vc_column_inner width=\u00a0\u00bb1\/3&Prime;][vc_column_text el_class=\u00a0\u00bbno-bullet no-padding\u00a0\u00bb]\n<ul>\n<li>\n<h4><a href=\"https:\/\/moianesturisme.cat\/fr\/home\/10-villages\/calders\/\">Calders<\/a><\/h4>\n<\/li>\n<li>\n<h4><a href=\"https:\/\/moianesturisme.cat\/fr\/home\/10-villages\/castellcir\/\">Castellcir<\/a><\/h4>\n<\/li>\n<li>\n<h4><a href=\"https:\/\/moianesturisme.cat\/fr\/home\/10-villages\/castelltercol\/\">Castellter\u00e7ol<\/a><\/h4>\n<\/li>\n<li>\n<h4><a href=\"https:\/\/moianesturisme.cat\/fr\/home\/10-villages\/collsuspina\/\">Collsuspina<\/a><\/h4>\n<\/li>\n<\/ul>\n[\/vc_column_text][\/vc_column_inner][vc_column_inner width=\u00a0\u00bb1\/3&Prime;][vc_column_text el_class=\u00a0\u00bbno-bullet no-padding\u00a0\u00bb]\n<ul>\n<li>\n<h4><a href=\"https:\/\/moianesturisme.cat\/fr\/home\/10-villages\/lestany\/\">L\u2019Estany<\/a><\/h4>\n<\/li>\n<li>\n<h4><a href=\"https:\/\/moianesturisme.cat\/fr\/home\/10-villages\/granera\/\">Granera<\/a><\/h4>\n<\/li>\n<li>\n<h4><a href=\"https:\/\/moianesturisme.cat\/fr\/home\/10-villages\/moia\/\">Moi\u00e0<\/a><\/h4>\n<\/li>\n<\/ul>\n[\/vc_column_text][\/vc_column_inner][vc_column_inner width=\u00a0\u00bb1\/3&Prime;][vc_column_text el_class=\u00a0\u00bbno-bullet no-padding\u00a0\u00bb]\n<ul>\n<li>\n<h4><a href=\"https:\/\/moianesturisme.cat\/fr\/home\/10-villages\/monistrol-de-calders\/\">Monistrol de Calders<\/a><\/h4>\n<\/li>\n<li>\n<h4><a href=\"https:\/\/moianesturisme.cat\/fr\/home\/10-villages\/sta-maria-dolo\/\">Santa Maria d\u2019Ol\u00f3<\/a><\/h4>\n<\/li>\n<li>\n<h4><a href=\"https:\/\/moianesturisme.cat\/fr\/home\/10-villages\/som-10-pobles\/st-quirze-de-safaja\/\">Sant Quirze de Safaja<\/a><\/h4>\n<\/li>\n<\/ul>\n[\/vc_column_text][\/vc_column_inner][\/vc_row_inner][vc_empty_space height=\u00a0\u00bb100px\u00a0\u00bb][\/vc_column][\/vc_row]\n<\/div>","protected":false},"excerpt":{"rendered":"<p>[vc_row][vc_column][vc_custom_heading text=\u00a0\u00bbSanta Maria d&rsquo;Ol\u00f3\u00a0\u00bb font_container=\u00a0\u00bbtag:h1|text_align:left\u00a0\u00bb use_theme_fonts=\u00a0\u00bbyes\u00a0\u00bb][vc_empty_space height=\u00a0\u00bb16px\u00a0\u00bb][vc_separator][\/vc_column][\/vc_row][vc_row][vc_column width=\u00a0\u00bb2\/3&Prime;][vc_single_image image=\u00a0\u00bb1806&Prime; img_size=\u00a0\u00bbfull\u00a0\u00bb][vc_empty_space height=\u00a0\u00bb16px\u00a0\u00bb][vc_custom_heading text=\u00a0\u00bbUn voyage \u00e0 l&rsquo;art roman et baroque\u00a0\u00bb use_theme_fonts=\u00a0\u00bbyes\u00a0\u00bb][vc_empty_space height=\u00a0\u00bb6px\u00a0\u00bb][vc_column_text]Santa Maria d&rsquo;Ol\u00f3, au nord du Moianais, se trouve au c\u0153ur d&rsquo;un paysage spectaculaire de champs et de bois. Le centre primitif du village se trouve \u00e0 une altitude de 542 m\u00e8tres. Ce noyau se forma [&hellip;]<\/p>\n","protected":false},"author":1,"featured_media":0,"parent":6498,"menu_order":0,"comment_status":"closed","ping_status":"closed","template":"page-templates\/page-content-home.php","meta":{"_acf_changed":false,"_monsterinsights_skip_tracking":false,"_monsterinsights_sitenote_active":false,"_monsterinsights_sitenote_note":"","_monsterinsights_sitenote_category":0,"footnotes":""},"class_list":["post-6518","page","type-page","status-publish","hentry"],"acf":[],"_links":{"self":[{"href":"https:\/\/moianesturisme.cat\/fr\/wp-json\/wp\/v2\/pages\/6518","targetHints":{"allow":["GET"]}}],"collection":[{"href":"https:\/\/moianesturisme.cat\/fr\/wp-json\/wp\/v2\/pages"}],"about":[{"href":"https:\/\/moianesturisme.cat\/fr\/wp-json\/wp\/v2\/types\/page"}],"author":[{"embeddable":true,"href":"https:\/\/moianesturisme.cat\/fr\/wp-json\/wp\/v2\/users\/1"}],"replies":[{"embeddable":true,"href":"https:\/\/moianesturisme.cat\/fr\/wp-json\/wp\/v2\/comments?post=6518"}],"version-history":[{"count":7,"href":"https:\/\/moianesturisme.cat\/fr\/wp-json\/wp\/v2\/pages\/6518\/revisions"}],"predecessor-version":[{"id":11475,"href":"https:\/\/moianesturisme.cat\/fr\/wp-json\/wp\/v2\/pages\/6518\/revisions\/11475"}],"up":[{"embeddable":true,"href":"https:\/\/moianesturisme.cat\/fr\/wp-json\/wp\/v2\/pages\/6498"}],"wp:attachment":[{"href":"https:\/\/moianesturisme.cat\/fr\/wp-json\/wp\/v2\/media?parent=6518"}],"curies":[{"name":"wp","href":"https:\/\/api.w.org\/{rel}","templated":true}]}}

Santa Maria d&rsquo;Oló

<div class="wpb-content-wrapper">[vc_row][vc_column][vc_custom_heading text= »Santa Maria d&rsquo;Oló » font_container= »tag:h1|text_align:left » use_theme_fonts= »yes »][vc_empty_space height= »16px »][vc_separator][/vc_column][/vc_row][vc_row][vc_column width= »2/3&Prime;][vc_single_image image= »1806&Prime; img_size= »full »][vc_empty_space height= »16px »][vc_custom_heading text= »Un voyage à l&rsquo;art roman et baroque » use_theme_fonts= »yes »][vc_empty_space height= »6px »][vc_column_text]Santa Maria d&rsquo;Oló, au nord du Moianais, se trouve au cœur d&rsquo;un paysage spectaculaire de champs et de bois. Le centre primitif du village se trouve à une altitude de 542 mètres. Ce noyau se forma au sommet d&rsquo;une colline autour de l&rsquo;ancien château et de l&rsquo;église de Santa Maria, puis il s&rsquo;est ensuite étendu et comprend maintenant les quartiers de la Rovirola et de Santa Eulàlia.</p>
<p>L&rsquo;ancienne ferme de Rocabruna et l&rsquo;écurie du Solà de Sant Esteve, la paroisse de Sant Joan d&rsquo;Oló font partie de la commune d&rsquo;Oló. Sur le chemin de L&rsquo;Estany se trouve Sant Feliuet de Terrassola. Le réseau hydrographique basique est constitué par la Gavarresa, la Riera d&rsquo;Oló et le torrent de Malrubí.</p>
<p>Les premières données concernant la commune remontent à l&rsquo;an 889 et la première mention du château date de l&rsquo;an 930.</p>
<p>Après la disparition du lignage des Oló et de plusieurs ventes, le château passa aux mains du Monastère de l&rsquo;Estany en 1364. Malgré de nombreuses tentatives de part des gens d&rsquo;Oló de le racheter au monastère, le rachat effectif ne se produisit qu&rsquo;en 1597.</p>
<p>En ce qui concerne l&rsquo;activité économique, il faut souligner le développement de l&rsquo;industre de la laine et le métier de cardeur à partir du XVIIème siècle. La commune résume à elle seule les styles de vie catalans des derniers cent cinquante ans, où le monde rural, encore assez actif, a fait place progressivement à l&rsquo;industrialisation.[/vc_column_text][/vc_column][vc_column width= »1/3&Prime;][vc_single_image image= »1805&Prime; img_size= »full » alignment= »center »][vc_empty_space height= »16px »][vc_column_text]
<h4 style="text-align: center;"><a href="http://www.olo.cat" target="_blank" rel="noopener noreferrer">olo.cat</a></h4>
<p style="text-align: center;">1043 habitants (2018)<br />
66,18 km2<br />
542 altitude</p>
[/vc_column_text][/vc_column][/vc_row][vc_row][vc_column][vc_empty_space][vc_custom_heading text= »Lieux d’intérêt à visiter » font_container= »tag:h3|text_align:left » use_theme_fonts= »yes »][vc_separator][vc_empty_space height= »16px »][vc_basic_grid post_type= »project » max_items= » » element_width= »3&Prime; item= »10741&Prime; grid_id= »vc_gid:1556264431132-35665ffd-ac9f-3&Prime; taxonomies= »526&Prime;][vc_empty_space][vc_separator][/vc_column][/vc_row][vc_row][vc_column][vc_custom_heading text= »Nous sommes 10! » use_theme_fonts= »yes »][vc_row_inner][vc_column_inner width= »1/3&Prime;][vc_column_text el_class= »no-bullet no-padding »]
<ul>
<li>
<h4><a href="https://moianesturisme.cat/fr/home/10-villages/calders/">Calders</a></h4>
</li>
<li>
<h4><a href="https://moianesturisme.cat/fr/home/10-villages/castellcir/">Castellcir</a></h4>
</li>
<li>
<h4><a href="https://moianesturisme.cat/fr/home/10-villages/castelltercol/">Castellterçol</a></h4>
</li>
<li>
<h4><a href="https://moianesturisme.cat/fr/home/10-villages/collsuspina/">Collsuspina</a></h4>
</li>
</ul>
[/vc_column_text][/vc_column_inner][vc_column_inner width= »1/3&Prime;][vc_column_text el_class= »no-bullet no-padding »]
<ul>
<li>
<h4><a href="https://moianesturisme.cat/fr/home/10-villages/lestany/">L’Estany</a></h4>
</li>
<li>
<h4><a href="https://moianesturisme.cat/fr/home/10-villages/granera/">Granera</a></h4>
</li>
<li>
<h4><a href="https://moianesturisme.cat/fr/home/10-villages/moia/">Moià</a></h4>
</li>
</ul>
[/vc_column_text][/vc_column_inner][vc_column_inner width= »1/3&Prime;][vc_column_text el_class= »no-bullet no-padding »]
<ul>
<li>
<h4><a href="https://moianesturisme.cat/fr/home/10-villages/monistrol-de-calders/">Monistrol de Calders</a></h4>
</li>
<li>
<h4><a href="https://moianesturisme.cat/fr/home/10-villages/sta-maria-dolo/">Santa Maria d’Oló</a></h4>
</li>
<li>
<h4><a href="https://moianesturisme.cat/fr/home/10-villages/som-10-pobles/st-quirze-de-safaja/">Sant Quirze de Safaja</a></h4>
</li>
</ul>
[/vc_column_text][/vc_column_inner][/vc_row_inner][vc_empty_space height= »100px »][/vc_column][/vc_row]
</div>

<p>[vc_row][vc_column][vc_custom_heading text= »Santa Maria d&rsquo;Oló » font_container= »tag:h1|text_align:left » use_theme_fonts= »yes »][vc_empty_space height= »16px »][vc_separator][/vc_column][/vc_row][vc_row][vc_column width= »2/3&Prime;][vc_single_image image= »1806&Prime; img_size= »full »][vc_empty_space height= »16px »][vc_custom_heading text= »Un voyage à l&rsquo;art roman et baroque » use_theme_fonts= »yes »][vc_empty_space height= »6px »][vc_column_text]Santa Maria d&rsquo;Oló, au nord du Moianais, se trouve au cœur d&rsquo;un paysage spectaculaire de champs et de bois. Le centre primitif du village se trouve à une altitude de 542 mètres. Ce noyau se forma [&hellip;]</p>
