{"id":6517,"date":"2013-10-27T22:47:30","date_gmt":"2013-10-27T22:47:30","guid":{"rendered":"http:\/\/moianesturisme.cat\/fr\/som-10-pobles\/st-quirze-de-safaja\/"},"modified":"2019-04-26T08:39:33","modified_gmt":"2019-04-26T07:39:33","slug":"st-quirze-de-safaja","status":"publish","type":"page","link":"https:\/\/moianesturisme.cat\/fr\/home\/10-villages\/st-quirze-de-safaja\/","title":{"rendered":"Sant Quirze Safaja"},"content":{"rendered":"<div class=\"wpb-content-wrapper\">[vc_row][vc_column][vc_custom_heading text=\u00a0\u00bbSant Quirze Safaja\u00a0\u00bb font_container=\u00a0\u00bbtag:h1|text_align:left\u00a0\u00bb use_theme_fonts=\u00a0\u00bbyes\u00a0\u00bb][vc_empty_space height=\u00a0\u00bb16px\u00a0\u00bb][vc_separator][\/vc_column][\/vc_row][vc_row][vc_column width=\u00a0\u00bb2\/3&Prime;][vc_single_image image=\u00a0\u00bb1798&Prime; img_size=\u00a0\u00bbfull\u00a0\u00bb][vc_empty_space height=\u00a0\u00bb16px\u00a0\u00bb][vc_custom_heading text=\u00a0\u00bbUne promenade au c\u0153ur de la po\u00e9sie et de la nature\u00a0\u00bb use_theme_fonts=\u00a0\u00bbyes\u00a0\u00bb][vc_empty_space height=\u00a0\u00bb6px\u00a0\u00bb][vc_column_text]Sant Quirze Safaja est le village situ\u00e9 le plus au sud du Moian\u00e8s. C&rsquo;est un village atypique en ce qu&rsquo;il ne poss\u00e8de pas de centre proprement dit, \u00e0 l&rsquo;exception de l&rsquo;\u00e9glise paroissiale, situ\u00e9e au sommet d&rsquo;une falaise appel\u00e9e \u00abLa Mola\u00bb et de la rue principale, el carrer Major, qui regroupe un ensemble de maisons.<\/p>\n<p>Il semblerait que le nom de Safaja provienne du mot \u00abfai\u00bb, qui signifie \u00abfaille\u00bb, certainement en allusion \u00e0 cette formation g\u00e9ographique.<\/p>\n<p>Le cadre naturel est si d\u00e9licat et subtil que le village n&rsquo;a pas pu cro\u00eetre au-del\u00e0 de son unique rue. Le reste des habitations se r\u00e9partissent sur la commune et dans des zones r\u00e9sidentielles. Cette disposition rend la for\u00eat omnipr\u00e9sente. Plusieurs torrents et ruisseaux traversent la commune, tout comme la rivi\u00e8re Tenes.<\/p>\n<p>La nature est donc le patrimoine principal du village: une nature exhub\u00e9rante qui l&rsquo;a amen\u00e9e \u00e0 \u00eatre compar\u00e9e par certains \u00e0 une \u00abpetite Suisse\u00bb.<\/p>\n<p>Les quatre \u00e9l\u00e9ments de la nature s&rsquo;unissent \u00e0 Sant Quirze pour cr\u00e9er un paysage spectaculaire: l&rsquo;eau qui sculpte des formes capricieuses dans la roche; la terre qui donne vie \u00e0 une v\u00e9g\u00e9tation sauvage ; l&rsquo;air frais qui vous coupe le souffle; et le feu qui r\u00e9chauffa nos anc\u00eatres pr\u00e9historiques.[\/vc_column_text][\/vc_column][vc_column width=\u00a0\u00bb1\/3&Prime;][vc_single_image image=\u00a0\u00bb1797&Prime; img_size=\u00a0\u00bbfull\u00a0\u00bb alignment=\u00a0\u00bbcenter\u00a0\u00bb][vc_empty_space height=\u00a0\u00bb16px\u00a0\u00bb][vc_column_text]\n<h4 style=\"text-align: center;\"><a href=\"http:\/\/www.olo.cat\" target=\"_blank\" rel=\"noopener noreferrer\">olo.cat<\/a><\/h4>\n<p style=\"text-align: center;\">1043 habitants (2018)<br \/>\n66,18 km2<br \/>\n542 altitude<\/p>\n[\/vc_column_text][\/vc_column][\/vc_row][vc_row][vc_column][vc_empty_space][vc_custom_heading text=\u00a0\u00bbLieux d\u2019int\u00e9r\u00eat \u00e0 visiter\u00a0\u00bb font_container=\u00a0\u00bbtag:h3|text_align:left\u00a0\u00bb use_theme_fonts=\u00a0\u00bbyes\u00a0\u00bb][vc_separator][vc_empty_space height=\u00a0\u00bb16px\u00a0\u00bb][vc_basic_grid post_type=\u00a0\u00bbproject\u00a0\u00bb max_items=\u00a0\u00bb\u00a0\u00bb element_width=\u00a0\u00bb3&Prime; item=\u00a0\u00bb10741&Prime; grid_id=\u00a0\u00bbvc_gid:1556264416936-a1a8c4d7-ef8a-7&Prime; taxonomies=\u00a0\u00bb524&Prime;][vc_empty_space][vc_separator][\/vc_column][\/vc_row][vc_row][vc_column][vc_custom_heading text=\u00a0\u00bbNous sommes 10!\u00a0\u00bb use_theme_fonts=\u00a0\u00bbyes\u00a0\u00bb][vc_row_inner][vc_column_inner width=\u00a0\u00bb1\/3&Prime;][vc_column_text el_class=\u00a0\u00bbno-bullet no-padding\u00a0\u00bb]\n<ul>\n<li>\n<h4><a href=\"https:\/\/moianesturisme.cat\/fr\/home\/10-villages\/calders\/\">Calders<\/a><\/h4>\n<\/li>\n<li>\n<h4><a href=\"https:\/\/moianesturisme.cat\/fr\/home\/10-villages\/castellcir\/\">Castellcir<\/a><\/h4>\n<\/li>\n<li>\n<h4><a href=\"https:\/\/moianesturisme.cat\/fr\/home\/10-villages\/castelltercol\/\">Castellter\u00e7ol<\/a><\/h4>\n<\/li>\n<li>\n<h4><a href=\"https:\/\/moianesturisme.cat\/fr\/home\/10-villages\/collsuspina\/\">Collsuspina<\/a><\/h4>\n<\/li>\n<\/ul>\n[\/vc_column_text][\/vc_column_inner][vc_column_inner width=\u00a0\u00bb1\/3&Prime;][vc_column_text el_class=\u00a0\u00bbno-bullet no-padding\u00a0\u00bb]\n<ul>\n<li>\n<h4><a href=\"https:\/\/moianesturisme.cat\/fr\/home\/10-villages\/lestany\/\">L\u2019Estany<\/a><\/h4>\n<\/li>\n<li>\n<h4><a href=\"https:\/\/moianesturisme.cat\/fr\/home\/10-villages\/granera\/\">Granera<\/a><\/h4>\n<\/li>\n<li>\n<h4><a href=\"https:\/\/moianesturisme.cat\/fr\/home\/10-villages\/moia\/\">Moi\u00e0<\/a><\/h4>\n<\/li>\n<\/ul>\n[\/vc_column_text][\/vc_column_inner][vc_column_inner width=\u00a0\u00bb1\/3&Prime;][vc_column_text el_class=\u00a0\u00bbno-bullet no-padding\u00a0\u00bb]\n<ul>\n<li>\n<h4><a href=\"https:\/\/moianesturisme.cat\/fr\/home\/10-villages\/monistrol-de-calders\/\">Monistrol de Calders<\/a><\/h4>\n<\/li>\n<li>\n<h4><a href=\"https:\/\/moianesturisme.cat\/fr\/home\/10-villages\/sta-maria-dolo\/\">Santa Maria d\u2019Ol\u00f3<\/a><\/h4>\n<\/li>\n<li>\n<h4><a href=\"https:\/\/moianesturisme.cat\/fr\/home\/10-villages\/som-10-pobles\/st-quirze-de-safaja\/\">Sant Quirze de Safaja<\/a><\/h4>\n<\/li>\n<\/ul>\n[\/vc_column_text][\/vc_column_inner][\/vc_row_inner][vc_empty_space height=\u00a0\u00bb100px\u00a0\u00bb][\/vc_column][\/vc_row]\n<\/div>","protected":false},"excerpt":{"rendered":"<p>[vc_row][vc_column][vc_custom_heading text=\u00a0\u00bbSant Quirze Safaja\u00a0\u00bb font_container=\u00a0\u00bbtag:h1|text_align:left\u00a0\u00bb use_theme_fonts=\u00a0\u00bbyes\u00a0\u00bb][vc_empty_space height=\u00a0\u00bb16px\u00a0\u00bb][vc_separator][\/vc_column][\/vc_row][vc_row][vc_column width=\u00a0\u00bb2\/3&Prime;][vc_single_image image=\u00a0\u00bb1798&Prime; img_size=\u00a0\u00bbfull\u00a0\u00bb][vc_empty_space height=\u00a0\u00bb16px\u00a0\u00bb][vc_custom_heading text=\u00a0\u00bbUne promenade au c\u0153ur de la po\u00e9sie et de la nature\u00a0\u00bb use_theme_fonts=\u00a0\u00bbyes\u00a0\u00bb][vc_empty_space height=\u00a0\u00bb6px\u00a0\u00bb][vc_column_text]Sant Quirze Safaja est le village situ\u00e9 le plus au sud du Moian\u00e8s. C&rsquo;est un village atypique en ce qu&rsquo;il ne poss\u00e8de pas de centre proprement dit, \u00e0 l&rsquo;exception de l&rsquo;\u00e9glise paroissiale, [&hellip;]<\/p>\n","protected":false},"author":1,"featured_media":0,"parent":6498,"menu_order":0,"comment_status":"closed","ping_status":"closed","template":"page-templates\/page-content-home.php","meta":{"_acf_changed":false,"_monsterinsights_skip_tracking":false,"_monsterinsights_sitenote_active":false,"_monsterinsights_sitenote_note":"","_monsterinsights_sitenote_category":0,"footnotes":""},"class_list":["post-6517","page","type-page","status-publish","hentry"],"acf":[],"_links":{"self":[{"href":"https:\/\/moianesturisme.cat\/fr\/wp-json\/wp\/v2\/pages\/6517","targetHints":{"allow":["GET"]}}],"collection":[{"href":"https:\/\/moianesturisme.cat\/fr\/wp-json\/wp\/v2\/pages"}],"about":[{"href":"https:\/\/moianesturisme.cat\/fr\/wp-json\/wp\/v2\/types\/page"}],"author":[{"embeddable":true,"href":"https:\/\/moianesturisme.cat\/fr\/wp-json\/wp\/v2\/users\/1"}],"replies":[{"embeddable":true,"href":"https:\/\/moianesturisme.cat\/fr\/wp-json\/wp\/v2\/comments?post=6517"}],"version-history":[{"count":7,"href":"https:\/\/moianesturisme.cat\/fr\/wp-json\/wp\/v2\/pages\/6517\/revisions"}],"predecessor-version":[{"id":11476,"href":"https:\/\/moianesturisme.cat\/fr\/wp-json\/wp\/v2\/pages\/6517\/revisions\/11476"}],"up":[{"embeddable":true,"href":"https:\/\/moianesturisme.cat\/fr\/wp-json\/wp\/v2\/pages\/6498"}],"wp:attachment":[{"href":"https:\/\/moianesturisme.cat\/fr\/wp-json\/wp\/v2\/media?parent=6517"}],"curies":[{"name":"wp","href":"https:\/\/api.w.org\/{rel}","templated":true}]}}

<div class="wpb-content-wrapper">[vc_row][vc_column][vc_custom_heading text= »Sant Quirze Safaja » font_container= »tag:h1|text_align:left » use_theme_fonts= »yes »][vc_empty_space height= »16px »][vc_separator][/vc_column][/vc_row][vc_row][vc_column width= »2/3&Prime;][vc_single_image image= »1798&Prime; img_size= »full »][vc_empty_space height= »16px »][vc_custom_heading text= »Une promenade au cœur de la poésie et de la nature » use_theme_fonts= »yes »][vc_empty_space height= »6px »][vc_column_text]Sant Quirze Safaja est le village situé le plus au sud du Moianès. C&rsquo;est un village atypique en ce qu&rsquo;il ne possède pas de centre proprement dit, à l&rsquo;exception de l&rsquo;église paroissiale, située au sommet d&rsquo;une falaise appelée «La Mola» et de la rue principale, el carrer Major, qui regroupe un ensemble de maisons.</p>
<p>Il semblerait que le nom de Safaja provienne du mot «fai», qui signifie «faille», certainement en allusion à cette formation géographique.</p>
<p>Le cadre naturel est si délicat et subtil que le village n&rsquo;a pas pu croître au-delà de son unique rue. Le reste des habitations se répartissent sur la commune et dans des zones résidentielles. Cette disposition rend la forêt omniprésente. Plusieurs torrents et ruisseaux traversent la commune, tout comme la rivière Tenes.</p>
<p>La nature est donc le patrimoine principal du village: une nature exhubérante qui l&rsquo;a amenée à être comparée par certains à une «petite Suisse».</p>
<p>Les quatre éléments de la nature s&rsquo;unissent à Sant Quirze pour créer un paysage spectaculaire: l&rsquo;eau qui sculpte des formes capricieuses dans la roche; la terre qui donne vie à une végétation sauvage ; l&rsquo;air frais qui vous coupe le souffle; et le feu qui réchauffa nos ancêtres préhistoriques.[/vc_column_text][/vc_column][vc_column width= »1/3&Prime;][vc_single_image image= »1797&Prime; img_size= »full » alignment= »center »][vc_empty_space height= »16px »][vc_column_text]
<h4 style="text-align: center;"><a href="http://www.olo.cat" target="_blank" rel="noopener noreferrer">olo.cat</a></h4>
<p style="text-align: center;">1043 habitants (2018)<br />
66,18 km2<br />
542 altitude</p>
[/vc_column_text][/vc_column][/vc_row][vc_row][vc_column][vc_empty_space][vc_custom_heading text= »Lieux d’intérêt à visiter » font_container= »tag:h3|text_align:left » use_theme_fonts= »yes »][vc_separator][vc_empty_space height= »16px »][vc_basic_grid post_type= »project » max_items= » » element_width= »3&Prime; item= »10741&Prime; grid_id= »vc_gid:1556264416936-a1a8c4d7-ef8a-7&Prime; taxonomies= »524&Prime;][vc_empty_space][vc_separator][/vc_column][/vc_row][vc_row][vc_column][vc_custom_heading text= »Nous sommes 10! » use_theme_fonts= »yes »][vc_row_inner][vc_column_inner width= »1/3&Prime;][vc_column_text el_class= »no-bullet no-padding »]
<ul>
<li>
<h4><a href="https://moianesturisme.cat/fr/home/10-villages/calders/">Calders</a></h4>
</li>
<li>
<h4><a href="https://moianesturisme.cat/fr/home/10-villages/castellcir/">Castellcir</a></h4>
</li>
<li>
<h4><a href="https://moianesturisme.cat/fr/home/10-villages/castelltercol/">Castellterçol</a></h4>
</li>
<li>
<h4><a href="https://moianesturisme.cat/fr/home/10-villages/collsuspina/">Collsuspina</a></h4>
</li>
</ul>
[/vc_column_text][/vc_column_inner][vc_column_inner width= »1/3&Prime;][vc_column_text el_class= »no-bullet no-padding »]
<ul>
<li>
<h4><a href="https://moianesturisme.cat/fr/home/10-villages/lestany/">L’Estany</a></h4>
</li>
<li>
<h4><a href="https://moianesturisme.cat/fr/home/10-villages/granera/">Granera</a></h4>
</li>
<li>
<h4><a href="https://moianesturisme.cat/fr/home/10-villages/moia/">Moià</a></h4>
</li>
</ul>
[/vc_column_text][/vc_column_inner][vc_column_inner width= »1/3&Prime;][vc_column_text el_class= »no-bullet no-padding »]
<ul>
<li>
<h4><a href="https://moianesturisme.cat/fr/home/10-villages/monistrol-de-calders/">Monistrol de Calders</a></h4>
</li>
<li>
<h4><a href="https://moianesturisme.cat/fr/home/10-villages/sta-maria-dolo/">Santa Maria d’Oló</a></h4>
</li>
<li>
<h4><a href="https://moianesturisme.cat/fr/home/10-villages/som-10-pobles/st-quirze-de-safaja/">Sant Quirze de Safaja</a></h4>
</li>
</ul>
[/vc_column_text][/vc_column_inner][/vc_row_inner][vc_empty_space height= »100px »][/vc_column][/vc_row]
</div>

<p>[vc_row][vc_column][vc_custom_heading text= »Sant Quirze Safaja » font_container= »tag:h1|text_align:left » use_theme_fonts= »yes »][vc_empty_space height= »16px »][vc_separator][/vc_column][/vc_row][vc_row][vc_column width= »2/3&Prime;][vc_single_image image= »1798&Prime; img_size= »full »][vc_empty_space height= »16px »][vc_custom_heading text= »Une promenade au cœur de la poésie et de la nature » use_theme_fonts= »yes »][vc_empty_space height= »6px »][vc_column_text]Sant Quirze Safaja est le village situé le plus au sud du Moianès. C&rsquo;est un village atypique en ce qu&rsquo;il ne possède pas de centre proprement dit, à l&rsquo;exception de l&rsquo;église paroissiale, [&hellip;]</p>
