{"id":6516,"date":"2013-10-27T22:38:44","date_gmt":"2013-10-27T22:38:44","guid":{"rendered":"http:\/\/moianesturisme.cat\/fr\/som-10-pobles\/monistrol-de-calders\/"},"modified":"2019-04-26T08:39:53","modified_gmt":"2019-04-26T07:39:53","slug":"monistrol-de-calders","status":"publish","type":"page","link":"https:\/\/moianesturisme.cat\/fr\/home\/10-villages\/monistrol-de-calders\/","title":{"rendered":"Monistrol de Calders"},"content":{"rendered":"<div class=\"wpb-content-wrapper\">[vc_row][vc_column][vc_custom_heading text=\u00a0\u00bbMonistrol de Calders\u00a0\u00bb font_container=\u00a0\u00bbtag:h1|text_align:left\u00a0\u00bb use_theme_fonts=\u00a0\u00bbyes\u00a0\u00bb][vc_empty_space height=\u00a0\u00bb16px\u00a0\u00bb][vc_separator][\/vc_column][\/vc_row][vc_row][vc_column width=\u00a0\u00bb2\/3&Prime;][vc_single_image image=\u00a0\u00bb1794&Prime; img_size=\u00a0\u00bbfull\u00a0\u00bb][vc_empty_space height=\u00a0\u00bb16px\u00a0\u00bb][vc_custom_heading text=\u00a0\u00bbLe patrimoine de gens pleins de charme\u00a0\u00bb use_theme_fonts=\u00a0\u00bbyes\u00a0\u00bb][vc_empty_space height=\u00a0\u00bb6px\u00a0\u00bb][vc_column_text]Monistrol est la commune la plus jeune du Moian\u00e8s. Elle fit partie de la commune de Calders jusqu&rsquo;en 1934. Elle est situ\u00e9e dans un recoin cach\u00e9 entre la Plaine du Bages, la petite cha\u00eene montagneuse de Sant Lloren\u00e7 del Munt et le plateau du Moian\u00e8s.<\/p>\n<p>La commune de Monistrol de Calders se caract\u00e9rise par le fait qu&rsquo;elle s&rsquo;\u00e9tend sur un territoire montagneux, alternant entre les torrents et les cr\u00eates\u00a0; les trois quarts du territoire sont converts de pin\u00e8des, de for\u00eats de ch\u00eanes verts et de maquis.<\/p>\n<p>Entour\u00e9s de bois et de torrents, c&rsquo;est un endroit id\u00e9al pour la pratique de la randonn\u00e9e, du VTT&#8230; et pour profiter de la nature et de paysages enchanteurs. Nous y trouvons aussi des vestiges arch\u00e9ologiques\u00a0: sur la plaine de Trullars se trouve un dolmen tr\u00e8s bien conserv\u00e9.<\/p>\n<p>Monistrol surprend par son abondance en eau\u00a0; il existe plus de 30 sources qui jaillissent de diff\u00e9rents endroits et 3 torrents traversent la commune et s&rsquo;unissent au pied du village pour former la rivi\u00e8re Calders.<\/p>\n<p>L&rsquo;effet de l&rsquo;\u00e9rosion au fil des ann\u00e9es a cr\u00e9\u00e9 un paysage \u00e0 la personnalit\u00e9 unique, domin\u00e9 par de grandes baumes et par ce que l&rsquo;on appelle commun\u00e9ment \u00abcodros\u00bb: de grands rochers ayant acquis des formes singuli\u00e8res et attrayantes.<\/p>\n<p>La gastronomie est l&rsquo;une des autres caract\u00e9ristiques de cette commune qui compte divers \u00e9tablissements renomm\u00e9s o\u00f9 d\u00e9guster la bonne cuisine catalane authentique et se procurer bon nombre de produits du terroir \u00e9labor\u00e9s de mani\u00e8re artisanale.[\/vc_column_text][\/vc_column][vc_column width=\u00a0\u00bb1\/3&Prime;][vc_single_image image=\u00a0\u00bb1793&Prime; img_size=\u00a0\u00bbfull\u00a0\u00bb alignment=\u00a0\u00bbcenter\u00a0\u00bb][vc_empty_space height=\u00a0\u00bb16px\u00a0\u00bb][vc_column_text]\n<h4 style=\"text-align: center;\"><a href=\"http:\/\/www.monistroldecalders.cat\" target=\"_blank\" rel=\"noopener noreferrer\">monistroldecalders.cat<\/a><\/h4>\n<p style=\"text-align: center;\">685 habitants (2018)<br \/>\n21,96 km2<br \/>\n447 altitude<\/p>\n[\/vc_column_text][\/vc_column][\/vc_row][vc_row][vc_column][vc_empty_space][vc_custom_heading text=\u00a0\u00bbLieux d\u2019int\u00e9r\u00eat \u00e0 visiter\u00a0\u00bb font_container=\u00a0\u00bbtag:h3|text_align:left\u00a0\u00bb use_theme_fonts=\u00a0\u00bbyes\u00a0\u00bb][vc_separator][vc_empty_space height=\u00a0\u00bb16px\u00a0\u00bb][vc_basic_grid post_type=\u00a0\u00bbproject\u00a0\u00bb max_items=\u00a0\u00bb\u00a0\u00bb element_width=\u00a0\u00bb3&Prime; item=\u00a0\u00bb10741&Prime; grid_id=\u00a0\u00bbvc_gid:1556264294787-1a205bf7-b2e5-6&Prime; taxonomies=\u00a0\u00bb523&Prime;][vc_empty_space][vc_separator][\/vc_column][\/vc_row][vc_row][vc_column][vc_custom_heading text=\u00a0\u00bbNous sommes 10!\u00a0\u00bb use_theme_fonts=\u00a0\u00bbyes\u00a0\u00bb][vc_row_inner][vc_column_inner width=\u00a0\u00bb1\/3&Prime;][vc_column_text el_class=\u00a0\u00bbno-bullet no-padding\u00a0\u00bb]\n<ul>\n<li>\n<h4><a href=\"https:\/\/moianesturisme.cat\/fr\/home\/10-villages\/calders\/\">Calders<\/a><\/h4>\n<\/li>\n<li>\n<h4><a href=\"https:\/\/moianesturisme.cat\/fr\/home\/10-villages\/castellcir\/\">Castellcir<\/a><\/h4>\n<\/li>\n<li>\n<h4><a href=\"https:\/\/moianesturisme.cat\/fr\/home\/10-villages\/castelltercol\/\">Castellter\u00e7ol<\/a><\/h4>\n<\/li>\n<li>\n<h4><a href=\"https:\/\/moianesturisme.cat\/fr\/home\/10-villages\/collsuspina\/\">Collsuspina<\/a><\/h4>\n<\/li>\n<\/ul>\n[\/vc_column_text][\/vc_column_inner][vc_column_inner width=\u00a0\u00bb1\/3&Prime;][vc_column_text el_class=\u00a0\u00bbno-bullet no-padding\u00a0\u00bb]\n<ul>\n<li>\n<h4><a href=\"https:\/\/moianesturisme.cat\/fr\/home\/10-villages\/lestany\/\">L\u2019Estany<\/a><\/h4>\n<\/li>\n<li>\n<h4><a href=\"https:\/\/moianesturisme.cat\/fr\/home\/10-villages\/granera\/\">Granera<\/a><\/h4>\n<\/li>\n<li>\n<h4><a href=\"https:\/\/moianesturisme.cat\/fr\/home\/10-villages\/moia\/\">Moi\u00e0<\/a><\/h4>\n<\/li>\n<\/ul>\n[\/vc_column_text][\/vc_column_inner][vc_column_inner width=\u00a0\u00bb1\/3&Prime;][vc_column_text el_class=\u00a0\u00bbno-bullet no-padding\u00a0\u00bb]\n<ul>\n<li>\n<h4><a href=\"https:\/\/moianesturisme.cat\/fr\/home\/10-villages\/monistrol-de-calders\/\">Monistrol de Calders<\/a><\/h4>\n<\/li>\n<li>\n<h4><a href=\"https:\/\/moianesturisme.cat\/fr\/home\/10-villages\/sta-maria-dolo\/\">Santa Maria d\u2019Ol\u00f3<\/a><\/h4>\n<\/li>\n<li>\n<h4><a href=\"https:\/\/moianesturisme.cat\/fr\/home\/10-villages\/som-10-pobles\/st-quirze-de-safaja\/\">Sant Quirze de Safaja<\/a><\/h4>\n<\/li>\n<\/ul>\n[\/vc_column_text][\/vc_column_inner][\/vc_row_inner][vc_empty_space height=\u00a0\u00bb100px\u00a0\u00bb][\/vc_column][\/vc_row]\n<\/div>","protected":false},"excerpt":{"rendered":"<p>[vc_row][vc_column][vc_custom_heading text=\u00a0\u00bbMonistrol de Calders\u00a0\u00bb font_container=\u00a0\u00bbtag:h1|text_align:left\u00a0\u00bb use_theme_fonts=\u00a0\u00bbyes\u00a0\u00bb][vc_empty_space height=\u00a0\u00bb16px\u00a0\u00bb][vc_separator][\/vc_column][\/vc_row][vc_row][vc_column width=\u00a0\u00bb2\/3&Prime;][vc_single_image image=\u00a0\u00bb1794&Prime; img_size=\u00a0\u00bbfull\u00a0\u00bb][vc_empty_space height=\u00a0\u00bb16px\u00a0\u00bb][vc_custom_heading text=\u00a0\u00bbLe patrimoine de gens pleins de charme\u00a0\u00bb use_theme_fonts=\u00a0\u00bbyes\u00a0\u00bb][vc_empty_space height=\u00a0\u00bb6px\u00a0\u00bb][vc_column_text]Monistrol est la commune la plus jeune du Moian\u00e8s. Elle fit partie de la commune de Calders jusqu&rsquo;en 1934. Elle est situ\u00e9e dans un recoin cach\u00e9 entre la Plaine du Bages, la petite cha\u00eene montagneuse de [&hellip;]<\/p>\n","protected":false},"author":1,"featured_media":0,"parent":6498,"menu_order":0,"comment_status":"closed","ping_status":"closed","template":"page-templates\/page-content-home.php","meta":{"_acf_changed":false,"_monsterinsights_skip_tracking":false,"_monsterinsights_sitenote_active":false,"_monsterinsights_sitenote_note":"","_monsterinsights_sitenote_category":0,"footnotes":""},"class_list":["post-6516","page","type-page","status-publish","hentry"],"acf":[],"_links":{"self":[{"href":"https:\/\/moianesturisme.cat\/fr\/wp-json\/wp\/v2\/pages\/6516","targetHints":{"allow":["GET"]}}],"collection":[{"href":"https:\/\/moianesturisme.cat\/fr\/wp-json\/wp\/v2\/pages"}],"about":[{"href":"https:\/\/moianesturisme.cat\/fr\/wp-json\/wp\/v2\/types\/page"}],"author":[{"embeddable":true,"href":"https:\/\/moianesturisme.cat\/fr\/wp-json\/wp\/v2\/users\/1"}],"replies":[{"embeddable":true,"href":"https:\/\/moianesturisme.cat\/fr\/wp-json\/wp\/v2\/comments?post=6516"}],"version-history":[{"count":7,"href":"https:\/\/moianesturisme.cat\/fr\/wp-json\/wp\/v2\/pages\/6516\/revisions"}],"predecessor-version":[{"id":11477,"href":"https:\/\/moianesturisme.cat\/fr\/wp-json\/wp\/v2\/pages\/6516\/revisions\/11477"}],"up":[{"embeddable":true,"href":"https:\/\/moianesturisme.cat\/fr\/wp-json\/wp\/v2\/pages\/6498"}],"wp:attachment":[{"href":"https:\/\/moianesturisme.cat\/fr\/wp-json\/wp\/v2\/media?parent=6516"}],"curies":[{"name":"wp","href":"https:\/\/api.w.org\/{rel}","templated":true}]}}

<div class="wpb-content-wrapper">[vc_row][vc_column][vc_custom_heading text= »Monistrol de Calders » font_container= »tag:h1|text_align:left » use_theme_fonts= »yes »][vc_empty_space height= »16px »][vc_separator][/vc_column][/vc_row][vc_row][vc_column width= »2/3&Prime;][vc_single_image image= »1794&Prime; img_size= »full »][vc_empty_space height= »16px »][vc_custom_heading text= »Le patrimoine de gens pleins de charme » use_theme_fonts= »yes »][vc_empty_space height= »6px »][vc_column_text]Monistrol est la commune la plus jeune du Moianès. Elle fit partie de la commune de Calders jusqu&rsquo;en 1934. Elle est située dans un recoin caché entre la Plaine du Bages, la petite chaîne montagneuse de Sant Llorenç del Munt et le plateau du Moianès.</p>
<p>La commune de Monistrol de Calders se caractérise par le fait qu&rsquo;elle s&rsquo;étend sur un territoire montagneux, alternant entre les torrents et les crêtes ; les trois quarts du territoire sont converts de pinèdes, de forêts de chênes verts et de maquis.</p>
<p>Entourés de bois et de torrents, c&rsquo;est un endroit idéal pour la pratique de la randonnée, du VTT&#8230; et pour profiter de la nature et de paysages enchanteurs. Nous y trouvons aussi des vestiges archéologiques : sur la plaine de Trullars se trouve un dolmen très bien conservé.</p>
<p>Monistrol surprend par son abondance en eau ; il existe plus de 30 sources qui jaillissent de différents endroits et 3 torrents traversent la commune et s&rsquo;unissent au pied du village pour former la rivière Calders.</p>
<p>L&rsquo;effet de l&rsquo;érosion au fil des années a créé un paysage à la personnalité unique, dominé par de grandes baumes et par ce que l&rsquo;on appelle communément «codros»: de grands rochers ayant acquis des formes singulières et attrayantes.</p>
<p>La gastronomie est l&rsquo;une des autres caractéristiques de cette commune qui compte divers établissements renommés où déguster la bonne cuisine catalane authentique et se procurer bon nombre de produits du terroir élaborés de manière artisanale.[/vc_column_text][/vc_column][vc_column width= »1/3&Prime;][vc_single_image image= »1793&Prime; img_size= »full » alignment= »center »][vc_empty_space height= »16px »][vc_column_text]
<h4 style="text-align: center;"><a href="http://www.monistroldecalders.cat" target="_blank" rel="noopener noreferrer">monistroldecalders.cat</a></h4>
<p style="text-align: center;">685 habitants (2018)<br />
21,96 km2<br />
447 altitude</p>
[/vc_column_text][/vc_column][/vc_row][vc_row][vc_column][vc_empty_space][vc_custom_heading text= »Lieux d’intérêt à visiter » font_container= »tag:h3|text_align:left » use_theme_fonts= »yes »][vc_separator][vc_empty_space height= »16px »][vc_basic_grid post_type= »project » max_items= » » element_width= »3&Prime; item= »10741&Prime; grid_id= »vc_gid:1556264294787-1a205bf7-b2e5-6&Prime; taxonomies= »523&Prime;][vc_empty_space][vc_separator][/vc_column][/vc_row][vc_row][vc_column][vc_custom_heading text= »Nous sommes 10! » use_theme_fonts= »yes »][vc_row_inner][vc_column_inner width= »1/3&Prime;][vc_column_text el_class= »no-bullet no-padding »]
<ul>
<li>
<h4><a href="https://moianesturisme.cat/fr/home/10-villages/calders/">Calders</a></h4>
</li>
<li>
<h4><a href="https://moianesturisme.cat/fr/home/10-villages/castellcir/">Castellcir</a></h4>
</li>
<li>
<h4><a href="https://moianesturisme.cat/fr/home/10-villages/castelltercol/">Castellterçol</a></h4>
</li>
<li>
<h4><a href="https://moianesturisme.cat/fr/home/10-villages/collsuspina/">Collsuspina</a></h4>
</li>
</ul>
[/vc_column_text][/vc_column_inner][vc_column_inner width= »1/3&Prime;][vc_column_text el_class= »no-bullet no-padding »]
<ul>
<li>
<h4><a href="https://moianesturisme.cat/fr/home/10-villages/lestany/">L’Estany</a></h4>
</li>
<li>
<h4><a href="https://moianesturisme.cat/fr/home/10-villages/granera/">Granera</a></h4>
</li>
<li>
<h4><a href="https://moianesturisme.cat/fr/home/10-villages/moia/">Moià</a></h4>
</li>
</ul>
[/vc_column_text][/vc_column_inner][vc_column_inner width= »1/3&Prime;][vc_column_text el_class= »no-bullet no-padding »]
<ul>
<li>
<h4><a href="https://moianesturisme.cat/fr/home/10-villages/monistrol-de-calders/">Monistrol de Calders</a></h4>
</li>
<li>
<h4><a href="https://moianesturisme.cat/fr/home/10-villages/sta-maria-dolo/">Santa Maria d’Oló</a></h4>
</li>
<li>
<h4><a href="https://moianesturisme.cat/fr/home/10-villages/som-10-pobles/st-quirze-de-safaja/">Sant Quirze de Safaja</a></h4>
</li>
</ul>
[/vc_column_text][/vc_column_inner][/vc_row_inner][vc_empty_space height= »100px »][/vc_column][/vc_row]
</div>

<p>[vc_row][vc_column][vc_custom_heading text= »Monistrol de Calders » font_container= »tag:h1|text_align:left » use_theme_fonts= »yes »][vc_empty_space height= »16px »][vc_separator][/vc_column][/vc_row][vc_row][vc_column width= »2/3&Prime;][vc_single_image image= »1794&Prime; img_size= »full »][vc_empty_space height= »16px »][vc_custom_heading text= »Le patrimoine de gens pleins de charme » use_theme_fonts= »yes »][vc_empty_space height= »6px »][vc_column_text]Monistrol est la commune la plus jeune du Moianès. Elle fit partie de la commune de Calders jusqu&rsquo;en 1934. Elle est située dans un recoin caché entre la Plaine du Bages, la petite chaîne montagneuse de [&hellip;]</p>
