{"id":6515,"date":"2013-10-26T21:36:25","date_gmt":"2013-10-26T21:36:25","guid":{"rendered":"http:\/\/moianesturisme.cat\/fr\/som-10-pobles\/moia\/"},"modified":"2019-04-24T15:12:20","modified_gmt":"2019-04-24T14:12:20","slug":"moia","status":"publish","type":"page","link":"https:\/\/moianesturisme.cat\/fr\/home\/10-villages\/moia\/","title":{"rendered":"Moi\u00e0"},"content":{"rendered":"<div class=\"wpb-content-wrapper\">[vc_row][vc_column][vc_custom_heading text=\u00a0\u00bbMoi\u00e0\u00a0\u00bb font_container=\u00a0\u00bbtag:h1|text_align:left\u00a0\u00bb use_theme_fonts=\u00a0\u00bbyes\u00a0\u00bb][vc_empty_space height=\u00a0\u00bb16px\u00a0\u00bb][vc_separator][\/vc_column][\/vc_row][vc_row][vc_column width=\u00a0\u00bb2\/3&Prime;][vc_single_image image=\u00a0\u00bb1756&Prime; img_size=\u00a0\u00bbfull\u00a0\u00bb][vc_empty_space height=\u00a0\u00bb16px\u00a0\u00bb][vc_custom_heading text=\u00a0\u00bbCapitale historique, culturelle et commerciale\u00a0\u00bb use_theme_fonts=\u00a0\u00bbyes\u00a0\u00bb][vc_empty_space height=\u00a0\u00bb6px\u00a0\u00bb][vc_column_text]Le nom de la ville tire probablement son nom du gentil\u00e9 latin Modilius, adjectiv\u00e9 en \u00abanum\u00bb, d&rsquo;o\u00f9 l&rsquo;on obtient le nom ancien de Modilianum.<\/p>\n<p>Les premiers indices de peuplement remontent \u00e0 la pr\u00e9histoire, au site arch\u00e9ologique des Grottes du Toll.<\/p>\n<p>Au Moyen-Age, la ville de Moi\u00e0 se lib\u00e9ra du pouvoir f\u00e9odal et obtint le privil\u00e8ge d&rsquo;\u00eatre consid\u00e9r\u00e9e comme \u00ab\u00a0rue et membre de la ville de Barcelone\u00a0\u00bb (1384) et du XVI\u00e8me au XVIII\u00e8me si\u00e8cle, elle devint l&rsquo;un des centres de production laini\u00e8re les plus importants de la principaut\u00e9.<\/p>\n<p>D\u00e9j\u00e0, \u00e0 l&rsquo;aube du XX\u00e8me si\u00e8cle, Moi\u00e0 devint, gr\u00e2ce \u00e0 la cl\u00e9mence de son climat, une destination de r\u00e9sidences secondaires et de vacances d&rsquo;\u00e9t\u00e9. Tous ces facteurs ont laiss\u00e9 une forte empreinte dans le village et chez ses habitants.<\/p>\n<p>La ville de Moi\u00e0, capitale historique de la r\u00e9gion du Moian\u00e8s, offre au visiteur un m\u00e9lange d&rsquo;histoire, de tradition, de commerce, de tranquillit\u00e9 et de chaleur humaine, dans un cadre et un paysage privil\u00e9gi\u00e9s.[\/vc_column_text][\/vc_column][vc_column width=\u00a0\u00bb1\/3&Prime;][vc_single_image image=\u00a0\u00bb1757&Prime; img_size=\u00a0\u00bbfull\u00a0\u00bb alignment=\u00a0\u00bbcenter\u00a0\u00bb][vc_empty_space height=\u00a0\u00bb16px\u00a0\u00bb][vc_column_text]\n<h4 style=\"text-align: center;\"><a href=\"http:\/\/www.moia.cat\/\" target=\"_blank\" rel=\"noopener noreferrer\">moia.cat<\/a><\/h4>\n<p style=\"text-align: center;\">6.201 habitants (2018)<br \/>\n75,29 km2<br \/>\n717 altitude<\/p>\n[\/vc_column_text][\/vc_column][\/vc_row][vc_row][vc_column][vc_empty_space][vc_custom_heading text=\u00a0\u00bbLieux d\u2019int\u00e9r\u00eat \u00e0 visiter\u00a0\u00bb font_container=\u00a0\u00bbtag:h3|text_align:left\u00a0\u00bb use_theme_fonts=\u00a0\u00bbyes\u00a0\u00bb][vc_separator][vc_empty_space height=\u00a0\u00bb16px\u00a0\u00bb][vc_basic_grid post_type=\u00a0\u00bbproject\u00a0\u00bb max_items=\u00a0\u00bb\u00a0\u00bb element_width=\u00a0\u00bb3&Prime; item=\u00a0\u00bb10741&Prime; grid_id=\u00a0\u00bbvc_gid:1556115107671-3462a76f-d966-5&Prime; taxonomies=\u00a0\u00bb522&Prime;][vc_empty_space][vc_separator][\/vc_column][\/vc_row][vc_row][vc_column][vc_custom_heading text=\u00a0\u00bbNous sommes 10!\u00a0\u00bb use_theme_fonts=\u00a0\u00bbyes\u00a0\u00bb][vc_row_inner][vc_column_inner width=\u00a0\u00bb1\/3&Prime;][vc_column_text el_class=\u00a0\u00bbno-bullet no-padding\u00a0\u00bb]\n<ul>\n<li>\n<h4><a href=\"https:\/\/moianesturisme.cat\/fr\/home\/10-villages\/calders\/\">Calders<\/a><\/h4>\n<\/li>\n<li>\n<h4><a href=\"https:\/\/moianesturisme.cat\/fr\/home\/10-villages\/castellcir\/\">Castellcir<\/a><\/h4>\n<\/li>\n<li>\n<h4><a href=\"https:\/\/moianesturisme.cat\/fr\/home\/10-villages\/castelltercol\/\">Castellter\u00e7ol<\/a><\/h4>\n<\/li>\n<li>\n<h4><a href=\"https:\/\/moianesturisme.cat\/fr\/home\/10-villages\/collsuspina\/\">Collsuspina<\/a><\/h4>\n<\/li>\n<\/ul>\n[\/vc_column_text][\/vc_column_inner][vc_column_inner width=\u00a0\u00bb1\/3&Prime;][vc_column_text el_class=\u00a0\u00bbno-bullet no-padding\u00a0\u00bb]\n<ul>\n<li>\n<h4><a href=\"https:\/\/moianesturisme.cat\/fr\/home\/10-villages\/lestany\/\">L\u2019Estany<\/a><\/h4>\n<\/li>\n<li>\n<h4><a href=\"https:\/\/moianesturisme.cat\/fr\/home\/10-villages\/granera\/\">Granera<\/a><\/h4>\n<\/li>\n<li>\n<h4><a href=\"https:\/\/moianesturisme.cat\/fr\/home\/10-villages\/moia\/\">Moi\u00e0<\/a><\/h4>\n<\/li>\n<\/ul>\n[\/vc_column_text][\/vc_column_inner][vc_column_inner width=\u00a0\u00bb1\/3&Prime;][vc_column_text el_class=\u00a0\u00bbno-bullet no-padding\u00a0\u00bb]\n<ul>\n<li>\n<h4><a href=\"https:\/\/moianesturisme.cat\/fr\/home\/10-villages\/monistrol-de-calders\/\">Monistrol de Calders<\/a><\/h4>\n<\/li>\n<li>\n<h4><a href=\"https:\/\/moianesturisme.cat\/fr\/home\/10-villages\/sta-maria-dolo\/\">Santa Maria d\u2019Ol\u00f3<\/a><\/h4>\n<\/li>\n<li>\n<h4><a href=\"https:\/\/moianesturisme.cat\/fr\/home\/10-villages\/som-10-pobles\/st-quirze-de-safaja\/\">Sant Quirze de Safaja<\/a><\/h4>\n<\/li>\n<\/ul>\n[\/vc_column_text][\/vc_column_inner][\/vc_row_inner][vc_empty_space height=\u00a0\u00bb100px\u00a0\u00bb][\/vc_column][\/vc_row]\n<\/div>","protected":false},"excerpt":{"rendered":"<p>[vc_row][vc_column][vc_custom_heading text=\u00a0\u00bbMoi\u00e0\u00a0\u00bb font_container=\u00a0\u00bbtag:h1|text_align:left\u00a0\u00bb use_theme_fonts=\u00a0\u00bbyes\u00a0\u00bb][vc_empty_space height=\u00a0\u00bb16px\u00a0\u00bb][vc_separator][\/vc_column][\/vc_row][vc_row][vc_column width=\u00a0\u00bb2\/3&Prime;][vc_single_image image=\u00a0\u00bb1756&Prime; img_size=\u00a0\u00bbfull\u00a0\u00bb][vc_empty_space height=\u00a0\u00bb16px\u00a0\u00bb][vc_custom_heading text=\u00a0\u00bbCapitale historique, culturelle et commerciale\u00a0\u00bb use_theme_fonts=\u00a0\u00bbyes\u00a0\u00bb][vc_empty_space height=\u00a0\u00bb6px\u00a0\u00bb][vc_column_text]Le nom de la ville tire probablement son nom du gentil\u00e9 latin Modilius, adjectiv\u00e9 en \u00abanum\u00bb, d&rsquo;o\u00f9 l&rsquo;on obtient le nom ancien de Modilianum. Les premiers indices de peuplement remontent \u00e0 la pr\u00e9histoire, au site arch\u00e9ologique des Grottes du Toll. [&hellip;]<\/p>\n","protected":false},"author":1,"featured_media":0,"parent":6498,"menu_order":0,"comment_status":"closed","ping_status":"closed","template":"page-templates\/page-content-home.php","meta":{"_acf_changed":false,"_monsterinsights_skip_tracking":false,"_monsterinsights_sitenote_active":false,"_monsterinsights_sitenote_note":"","_monsterinsights_sitenote_category":0,"footnotes":""},"class_list":["post-6515","page","type-page","status-publish","hentry"],"acf":[],"_links":{"self":[{"href":"https:\/\/moianesturisme.cat\/fr\/wp-json\/wp\/v2\/pages\/6515","targetHints":{"allow":["GET"]}}],"collection":[{"href":"https:\/\/moianesturisme.cat\/fr\/wp-json\/wp\/v2\/pages"}],"about":[{"href":"https:\/\/moianesturisme.cat\/fr\/wp-json\/wp\/v2\/types\/page"}],"author":[{"embeddable":true,"href":"https:\/\/moianesturisme.cat\/fr\/wp-json\/wp\/v2\/users\/1"}],"replies":[{"embeddable":true,"href":"https:\/\/moianesturisme.cat\/fr\/wp-json\/wp\/v2\/comments?post=6515"}],"version-history":[{"count":8,"href":"https:\/\/moianesturisme.cat\/fr\/wp-json\/wp\/v2\/pages\/6515\/revisions"}],"predecessor-version":[{"id":11450,"href":"https:\/\/moianesturisme.cat\/fr\/wp-json\/wp\/v2\/pages\/6515\/revisions\/11450"}],"up":[{"embeddable":true,"href":"https:\/\/moianesturisme.cat\/fr\/wp-json\/wp\/v2\/pages\/6498"}],"wp:attachment":[{"href":"https:\/\/moianesturisme.cat\/fr\/wp-json\/wp\/v2\/media?parent=6515"}],"curies":[{"name":"wp","href":"https:\/\/api.w.org\/{rel}","templated":true}]}}

Moià

<div class="wpb-content-wrapper">[vc_row][vc_column][vc_custom_heading text= »Moià » font_container= »tag:h1|text_align:left » use_theme_fonts= »yes »][vc_empty_space height= »16px »][vc_separator][/vc_column][/vc_row][vc_row][vc_column width= »2/3&Prime;][vc_single_image image= »1756&Prime; img_size= »full »][vc_empty_space height= »16px »][vc_custom_heading text= »Capitale historique, culturelle et commerciale » use_theme_fonts= »yes »][vc_empty_space height= »6px »][vc_column_text]Le nom de la ville tire probablement son nom du gentilé latin Modilius, adjectivé en «anum», d&rsquo;où l&rsquo;on obtient le nom ancien de Modilianum.</p>
<p>Les premiers indices de peuplement remontent à la préhistoire, au site archéologique des Grottes du Toll.</p>
<p>Au Moyen-Age, la ville de Moià se libéra du pouvoir féodal et obtint le privilège d&rsquo;être considérée comme « rue et membre de la ville de Barcelone » (1384) et du XVIème au XVIIIème siècle, elle devint l&rsquo;un des centres de production lainière les plus importants de la principauté.</p>
<p>Déjà, à l&rsquo;aube du XXème siècle, Moià devint, grâce à la clémence de son climat, une destination de résidences secondaires et de vacances d&rsquo;été. Tous ces facteurs ont laissé une forte empreinte dans le village et chez ses habitants.</p>
<p>La ville de Moià, capitale historique de la région du Moianès, offre au visiteur un mélange d&rsquo;histoire, de tradition, de commerce, de tranquillité et de chaleur humaine, dans un cadre et un paysage privilégiés.[/vc_column_text][/vc_column][vc_column width= »1/3&Prime;][vc_single_image image= »1757&Prime; img_size= »full » alignment= »center »][vc_empty_space height= »16px »][vc_column_text]
<h4 style="text-align: center;"><a href="http://www.moia.cat/" target="_blank" rel="noopener noreferrer">moia.cat</a></h4>
<p style="text-align: center;">6.201 habitants (2018)<br />
75,29 km2<br />
717 altitude</p>
[/vc_column_text][/vc_column][/vc_row][vc_row][vc_column][vc_empty_space][vc_custom_heading text= »Lieux d’intérêt à visiter » font_container= »tag:h3|text_align:left » use_theme_fonts= »yes »][vc_separator][vc_empty_space height= »16px »][vc_basic_grid post_type= »project » max_items= » » element_width= »3&Prime; item= »10741&Prime; grid_id= »vc_gid:1556115107671-3462a76f-d966-5&Prime; taxonomies= »522&Prime;][vc_empty_space][vc_separator][/vc_column][/vc_row][vc_row][vc_column][vc_custom_heading text= »Nous sommes 10! » use_theme_fonts= »yes »][vc_row_inner][vc_column_inner width= »1/3&Prime;][vc_column_text el_class= »no-bullet no-padding »]
<ul>
<li>
<h4><a href="https://moianesturisme.cat/fr/home/10-villages/calders/">Calders</a></h4>
</li>
<li>
<h4><a href="https://moianesturisme.cat/fr/home/10-villages/castellcir/">Castellcir</a></h4>
</li>
<li>
<h4><a href="https://moianesturisme.cat/fr/home/10-villages/castelltercol/">Castellterçol</a></h4>
</li>
<li>
<h4><a href="https://moianesturisme.cat/fr/home/10-villages/collsuspina/">Collsuspina</a></h4>
</li>
</ul>
[/vc_column_text][/vc_column_inner][vc_column_inner width= »1/3&Prime;][vc_column_text el_class= »no-bullet no-padding »]
<ul>
<li>
<h4><a href="https://moianesturisme.cat/fr/home/10-villages/lestany/">L’Estany</a></h4>
</li>
<li>
<h4><a href="https://moianesturisme.cat/fr/home/10-villages/granera/">Granera</a></h4>
</li>
<li>
<h4><a href="https://moianesturisme.cat/fr/home/10-villages/moia/">Moià</a></h4>
</li>
</ul>
[/vc_column_text][/vc_column_inner][vc_column_inner width= »1/3&Prime;][vc_column_text el_class= »no-bullet no-padding »]
<ul>
<li>
<h4><a href="https://moianesturisme.cat/fr/home/10-villages/monistrol-de-calders/">Monistrol de Calders</a></h4>
</li>
<li>
<h4><a href="https://moianesturisme.cat/fr/home/10-villages/sta-maria-dolo/">Santa Maria d’Oló</a></h4>
</li>
<li>
<h4><a href="https://moianesturisme.cat/fr/home/10-villages/som-10-pobles/st-quirze-de-safaja/">Sant Quirze de Safaja</a></h4>
</li>
</ul>
[/vc_column_text][/vc_column_inner][/vc_row_inner][vc_empty_space height= »100px »][/vc_column][/vc_row]
</div>

<p>[vc_row][vc_column][vc_custom_heading text= »Moià » font_container= »tag:h1|text_align:left » use_theme_fonts= »yes »][vc_empty_space height= »16px »][vc_separator][/vc_column][/vc_row][vc_row][vc_column width= »2/3&Prime;][vc_single_image image= »1756&Prime; img_size= »full »][vc_empty_space height= »16px »][vc_custom_heading text= »Capitale historique, culturelle et commerciale » use_theme_fonts= »yes »][vc_empty_space height= »6px »][vc_column_text]Le nom de la ville tire probablement son nom du gentilé latin Modilius, adjectivé en «anum», d&rsquo;où l&rsquo;on obtient le nom ancien de Modilianum. Les premiers indices de peuplement remontent à la préhistoire, au site archéologique des Grottes du Toll. [&hellip;]</p>
