{"id":6514,"date":"2013-10-27T11:11:56","date_gmt":"2013-10-27T11:11:56","guid":{"rendered":"http:\/\/moianesturisme.cat\/fr\/som-10-pobles\/lestany\/"},"modified":"2019-04-24T15:12:26","modified_gmt":"2019-04-24T14:12:26","slug":"lestany","status":"publish","type":"page","link":"https:\/\/moianesturisme.cat\/fr\/home\/10-villages\/lestany\/","title":{"rendered":"L&rsquo;Estany"},"content":{"rendered":"<div class=\"wpb-content-wrapper\">[vc_row][vc_column][vc_custom_heading text=\u00a0\u00bbL&rsquo;Estany\u00a0\u00bb font_container=\u00a0\u00bbtag:h1|text_align:left\u00a0\u00bb use_theme_fonts=\u00a0\u00bbyes\u00a0\u00bb][vc_empty_space height=\u00a0\u00bb16px\u00a0\u00bb][vc_separator][\/vc_column][\/vc_row][vc_row][vc_column width=\u00a0\u00bb2\/3&Prime;][vc_single_image image=\u00a0\u00bb1765&Prime; img_size=\u00a0\u00bbfull\u00a0\u00bb][vc_empty_space height=\u00a0\u00bb16px\u00a0\u00bb][vc_custom_heading text=\u00a0\u00bbLa force de l&rsquo;eau et de la terre \/ L&rsquo;art roman r\u00e9siste au temps qui passe\u00a0\u00bb use_theme_fonts=\u00a0\u00bbyes\u00a0\u00bb][vc_empty_space height=\u00a0\u00bb6px\u00a0\u00bb][vc_column_text]L&rsquo;Estany est la commune la plus \u00e9lev\u00e9e du Moian\u00e8s. Elle est situ\u00e9e au nord du Moian\u00e8s, \u00e0 870 m\u00e8tres de haut, entour\u00e9e de montagnes qui oscillent entre 900 et 1200m d&rsquo;altitude.<\/p>\n<p>Les terres argileuses et la pluviosit\u00e9 \u00e9lev\u00e9e convertirent la vall\u00e9e en un bassin de r\u00e9ception des eaux, ce qui provoqua leur accumulation et la formation post\u00e9rieure d&rsquo;un \u00e9tang d&rsquo;une superficie de 300000 m\u00e8tres carr\u00e9s qui donna son nom au village de l&rsquo;Estany.<\/p>\n<p>Charles de Cardona, le dernier abb\u00e9 du monast\u00e8re, entreprit l&rsquo;ass\u00e8chement de l&rsquo;\u00e9tang, d&rsquo;une part pour en finir avec une source de moustiques et de paludisme et d&rsquo;autre part pour cr\u00e9er de nouvelles zones de culture.<\/p>\n<p>C&rsquo;est la raison pour laquelle, en 1554, il ordonna la construction d&rsquo;une digue qui fut allong\u00e9e et am\u00e9lior\u00e9e en 1735, ayant pour r\u00e9sultat la cr\u00e9ation de la Mine de l&rsquo;Estany.<\/p>\n<p>La petite agglom\u00e9ration de l&rsquo;Estany renferme l&rsquo;un des monuments les plus embl\u00e9matiques de l&rsquo;art roman catalan, le Monast\u00e8re de Sainte Marie de l&rsquo;Estany.[\/vc_column_text][\/vc_column][vc_column width=\u00a0\u00bb1\/3&Prime;][vc_single_image image=\u00a0\u00bb1773&Prime; img_size=\u00a0\u00bbfull\u00a0\u00bb alignment=\u00a0\u00bbcenter\u00a0\u00bb][vc_empty_space height=\u00a0\u00bb16px\u00a0\u00bb][vc_column_text]\n<h4 style=\"text-align: center;\"><a href=\"http:\/\/www.estany.cat\" target=\"_blank\" rel=\"noopener noreferrer\">estany.cat<\/a><\/h4>\n<p style=\"text-align: center;\">394 habitants (2018)<br \/>\n10,25 km2<br \/>\n870 altitude<\/p>\n[\/vc_column_text][\/vc_column][\/vc_row][vc_row][vc_column][vc_empty_space][vc_custom_heading text=\u00a0\u00bbLieux d\u2019int\u00e9r\u00eat \u00e0 visiter\u00a0\u00bb font_container=\u00a0\u00bbtag:h3|text_align:left\u00a0\u00bb use_theme_fonts=\u00a0\u00bbyes\u00a0\u00bb][vc_separator][vc_empty_space height=\u00a0\u00bb16px\u00a0\u00bb][vc_basic_grid post_type=\u00a0\u00bbproject\u00a0\u00bb max_items=\u00a0\u00bb\u00a0\u00bb element_width=\u00a0\u00bb3&Prime; item=\u00a0\u00bb10741&Prime; grid_id=\u00a0\u00bbvc_gid:1556115111662-526b407c-5f47-5&Prime; taxonomies=\u00a0\u00bb521&Prime;][vc_empty_space][vc_separator][\/vc_column][\/vc_row][vc_row][vc_column][vc_custom_heading text=\u00a0\u00bbNous sommes 10!\u00a0\u00bb use_theme_fonts=\u00a0\u00bbyes\u00a0\u00bb][vc_row_inner][vc_column_inner width=\u00a0\u00bb1\/3&Prime;][vc_column_text el_class=\u00a0\u00bbno-bullet no-padding\u00a0\u00bb]\n<ul>\n<li>\n<h4><a href=\"https:\/\/moianesturisme.cat\/fr\/home\/10-villages\/calders\/\">Calders<\/a><\/h4>\n<\/li>\n<li>\n<h4><a href=\"https:\/\/moianesturisme.cat\/fr\/home\/10-villages\/castellcir\/\">Castellcir<\/a><\/h4>\n<\/li>\n<li>\n<h4><a href=\"https:\/\/moianesturisme.cat\/fr\/home\/10-villages\/castelltercol\/\">Castellter\u00e7ol<\/a><\/h4>\n<\/li>\n<li>\n<h4><a href=\"https:\/\/moianesturisme.cat\/fr\/home\/10-villages\/collsuspina\/\">Collsuspina<\/a><\/h4>\n<\/li>\n<\/ul>\n[\/vc_column_text][\/vc_column_inner][vc_column_inner width=\u00a0\u00bb1\/3&Prime;][vc_column_text el_class=\u00a0\u00bbno-bullet no-padding\u00a0\u00bb]\n<ul>\n<li>\n<h4><a href=\"https:\/\/moianesturisme.cat\/fr\/home\/10-villages\/lestany\/\">L\u2019Estany<\/a><\/h4>\n<\/li>\n<li>\n<h4><a href=\"https:\/\/moianesturisme.cat\/fr\/home\/10-villages\/granera\/\">Granera<\/a><\/h4>\n<\/li>\n<li>\n<h4><a href=\"https:\/\/moianesturisme.cat\/fr\/home\/10-villages\/moia\/\">Moi\u00e0<\/a><\/h4>\n<\/li>\n<\/ul>\n[\/vc_column_text][\/vc_column_inner][vc_column_inner width=\u00a0\u00bb1\/3&Prime;][vc_column_text el_class=\u00a0\u00bbno-bullet no-padding\u00a0\u00bb]\n<ul>\n<li>\n<h4><a href=\"https:\/\/moianesturisme.cat\/fr\/home\/10-villages\/monistrol-de-calders\/\">Monistrol de Calders<\/a><\/h4>\n<\/li>\n<li>\n<h4><a href=\"https:\/\/moianesturisme.cat\/fr\/home\/10-villages\/sta-maria-dolo\/\">Santa Maria d\u2019Ol\u00f3<\/a><\/h4>\n<\/li>\n<li>\n<h4><a href=\"https:\/\/moianesturisme.cat\/fr\/home\/10-villages\/som-10-pobles\/st-quirze-de-safaja\/\">Sant Quirze de Safaja<\/a><\/h4>\n<\/li>\n<\/ul>\n[\/vc_column_text][\/vc_column_inner][\/vc_row_inner][vc_empty_space height=\u00a0\u00bb100px\u00a0\u00bb][\/vc_column][\/vc_row]\n<\/div>","protected":false},"excerpt":{"rendered":"<p>[vc_row][vc_column][vc_custom_heading text=\u00a0\u00bbL&rsquo;Estany\u00a0\u00bb font_container=\u00a0\u00bbtag:h1|text_align:left\u00a0\u00bb use_theme_fonts=\u00a0\u00bbyes\u00a0\u00bb][vc_empty_space height=\u00a0\u00bb16px\u00a0\u00bb][vc_separator][\/vc_column][\/vc_row][vc_row][vc_column width=\u00a0\u00bb2\/3&Prime;][vc_single_image image=\u00a0\u00bb1765&Prime; img_size=\u00a0\u00bbfull\u00a0\u00bb][vc_empty_space height=\u00a0\u00bb16px\u00a0\u00bb][vc_custom_heading text=\u00a0\u00bbLa force de l&rsquo;eau et de la terre \/ L&rsquo;art roman r\u00e9siste au temps qui passe\u00a0\u00bb use_theme_fonts=\u00a0\u00bbyes\u00a0\u00bb][vc_empty_space height=\u00a0\u00bb6px\u00a0\u00bb][vc_column_text]L&rsquo;Estany est la commune la plus \u00e9lev\u00e9e du Moian\u00e8s. Elle est situ\u00e9e au nord du Moian\u00e8s, \u00e0 870 m\u00e8tres de haut, entour\u00e9e de montagnes qui oscillent entre 900 et [&hellip;]<\/p>\n","protected":false},"author":1,"featured_media":0,"parent":6498,"menu_order":0,"comment_status":"closed","ping_status":"closed","template":"page-templates\/page-content-home.php","meta":{"_acf_changed":false,"_monsterinsights_skip_tracking":false,"_monsterinsights_sitenote_active":false,"_monsterinsights_sitenote_note":"","_monsterinsights_sitenote_category":0,"footnotes":""},"class_list":["post-6514","page","type-page","status-publish","hentry"],"acf":[],"_links":{"self":[{"href":"https:\/\/moianesturisme.cat\/fr\/wp-json\/wp\/v2\/pages\/6514","targetHints":{"allow":["GET"]}}],"collection":[{"href":"https:\/\/moianesturisme.cat\/fr\/wp-json\/wp\/v2\/pages"}],"about":[{"href":"https:\/\/moianesturisme.cat\/fr\/wp-json\/wp\/v2\/types\/page"}],"author":[{"embeddable":true,"href":"https:\/\/moianesturisme.cat\/fr\/wp-json\/wp\/v2\/users\/1"}],"replies":[{"embeddable":true,"href":"https:\/\/moianesturisme.cat\/fr\/wp-json\/wp\/v2\/comments?post=6514"}],"version-history":[{"count":8,"href":"https:\/\/moianesturisme.cat\/fr\/wp-json\/wp\/v2\/pages\/6514\/revisions"}],"predecessor-version":[{"id":11452,"href":"https:\/\/moianesturisme.cat\/fr\/wp-json\/wp\/v2\/pages\/6514\/revisions\/11452"}],"up":[{"embeddable":true,"href":"https:\/\/moianesturisme.cat\/fr\/wp-json\/wp\/v2\/pages\/6498"}],"wp:attachment":[{"href":"https:\/\/moianesturisme.cat\/fr\/wp-json\/wp\/v2\/media?parent=6514"}],"curies":[{"name":"wp","href":"https:\/\/api.w.org\/{rel}","templated":true}]}}

<div class="wpb-content-wrapper">[vc_row][vc_column][vc_custom_heading text= »L&rsquo;Estany » font_container= »tag:h1|text_align:left » use_theme_fonts= »yes »][vc_empty_space height= »16px »][vc_separator][/vc_column][/vc_row][vc_row][vc_column width= »2/3&Prime;][vc_single_image image= »1765&Prime; img_size= »full »][vc_empty_space height= »16px »][vc_custom_heading text= »La force de l&rsquo;eau et de la terre / L&rsquo;art roman résiste au temps qui passe » use_theme_fonts= »yes »][vc_empty_space height= »6px »][vc_column_text]L&rsquo;Estany est la commune la plus élevée du Moianès. Elle est située au nord du Moianès, à 870 mètres de haut, entourée de montagnes qui oscillent entre 900 et 1200m d&rsquo;altitude.</p>
<p>Les terres argileuses et la pluviosité élevée convertirent la vallée en un bassin de réception des eaux, ce qui provoqua leur accumulation et la formation postérieure d&rsquo;un étang d&rsquo;une superficie de 300000 mètres carrés qui donna son nom au village de l&rsquo;Estany.</p>
<p>Charles de Cardona, le dernier abbé du monastère, entreprit l&rsquo;assèchement de l&rsquo;étang, d&rsquo;une part pour en finir avec une source de moustiques et de paludisme et d&rsquo;autre part pour créer de nouvelles zones de culture.</p>
<p>C&rsquo;est la raison pour laquelle, en 1554, il ordonna la construction d&rsquo;une digue qui fut allongée et améliorée en 1735, ayant pour résultat la création de la Mine de l&rsquo;Estany.</p>
<p>La petite agglomération de l&rsquo;Estany renferme l&rsquo;un des monuments les plus emblématiques de l&rsquo;art roman catalan, le Monastère de Sainte Marie de l&rsquo;Estany.[/vc_column_text][/vc_column][vc_column width= »1/3&Prime;][vc_single_image image= »1773&Prime; img_size= »full » alignment= »center »][vc_empty_space height= »16px »][vc_column_text]
<h4 style="text-align: center;"><a href="http://www.estany.cat" target="_blank" rel="noopener noreferrer">estany.cat</a></h4>
<p style="text-align: center;">394 habitants (2018)<br />
10,25 km2<br />
870 altitude</p>
[/vc_column_text][/vc_column][/vc_row][vc_row][vc_column][vc_empty_space][vc_custom_heading text= »Lieux d’intérêt à visiter » font_container= »tag:h3|text_align:left » use_theme_fonts= »yes »][vc_separator][vc_empty_space height= »16px »][vc_basic_grid post_type= »project » max_items= » » element_width= »3&Prime; item= »10741&Prime; grid_id= »vc_gid:1556115111662-526b407c-5f47-5&Prime; taxonomies= »521&Prime;][vc_empty_space][vc_separator][/vc_column][/vc_row][vc_row][vc_column][vc_custom_heading text= »Nous sommes 10! » use_theme_fonts= »yes »][vc_row_inner][vc_column_inner width= »1/3&Prime;][vc_column_text el_class= »no-bullet no-padding »]
<ul>
<li>
<h4><a href="https://moianesturisme.cat/fr/home/10-villages/calders/">Calders</a></h4>
</li>
<li>
<h4><a href="https://moianesturisme.cat/fr/home/10-villages/castellcir/">Castellcir</a></h4>
</li>
<li>
<h4><a href="https://moianesturisme.cat/fr/home/10-villages/castelltercol/">Castellterçol</a></h4>
</li>
<li>
<h4><a href="https://moianesturisme.cat/fr/home/10-villages/collsuspina/">Collsuspina</a></h4>
</li>
</ul>
[/vc_column_text][/vc_column_inner][vc_column_inner width= »1/3&Prime;][vc_column_text el_class= »no-bullet no-padding »]
<ul>
<li>
<h4><a href="https://moianesturisme.cat/fr/home/10-villages/lestany/">L’Estany</a></h4>
</li>
<li>
<h4><a href="https://moianesturisme.cat/fr/home/10-villages/granera/">Granera</a></h4>
</li>
<li>
<h4><a href="https://moianesturisme.cat/fr/home/10-villages/moia/">Moià</a></h4>
</li>
</ul>
[/vc_column_text][/vc_column_inner][vc_column_inner width= »1/3&Prime;][vc_column_text el_class= »no-bullet no-padding »]
<ul>
<li>
<h4><a href="https://moianesturisme.cat/fr/home/10-villages/monistrol-de-calders/">Monistrol de Calders</a></h4>
</li>
<li>
<h4><a href="https://moianesturisme.cat/fr/home/10-villages/sta-maria-dolo/">Santa Maria d’Oló</a></h4>
</li>
<li>
<h4><a href="https://moianesturisme.cat/fr/home/10-villages/som-10-pobles/st-quirze-de-safaja/">Sant Quirze de Safaja</a></h4>
</li>
</ul>
[/vc_column_text][/vc_column_inner][/vc_row_inner][vc_empty_space height= »100px »][/vc_column][/vc_row]
</div>

<p>[vc_row][vc_column][vc_custom_heading text= »L&rsquo;Estany » font_container= »tag:h1|text_align:left » use_theme_fonts= »yes »][vc_empty_space height= »16px »][vc_separator][/vc_column][/vc_row][vc_row][vc_column width= »2/3&Prime;][vc_single_image image= »1765&Prime; img_size= »full »][vc_empty_space height= »16px »][vc_custom_heading text= »La force de l&rsquo;eau et de la terre / L&rsquo;art roman résiste au temps qui passe » use_theme_fonts= »yes »][vc_empty_space height= »6px »][vc_column_text]L&rsquo;Estany est la commune la plus élevée du Moianès. Elle est située au nord du Moianès, à 870 mètres de haut, entourée de montagnes qui oscillent entre 900 et [&hellip;]</p>
