{"id":6511,"date":"2013-10-26T20:20:26","date_gmt":"2013-10-26T20:20:26","guid":{"rendered":"http:\/\/moianesturisme.cat\/fr\/som-10-pobles\/castelltercol\/"},"modified":"2019-04-24T15:08:24","modified_gmt":"2019-04-24T14:08:24","slug":"castelltercol","status":"publish","type":"page","link":"https:\/\/moianesturisme.cat\/fr\/home\/10-villages\/castelltercol\/","title":{"rendered":"Castellter\u00e7ol"},"content":{"rendered":"<div class=\"wpb-content-wrapper\">[vc_row][vc_column][vc_custom_heading text=\u00a0\u00bbCastellter\u00e7ol\u00a0\u00bb font_container=\u00a0\u00bbtag:h1|text_align:left\u00a0\u00bb use_theme_fonts=\u00a0\u00bbyes\u00a0\u00bb][vc_empty_space height=\u00a0\u00bb16px\u00a0\u00bb][vc_separator][\/vc_column][\/vc_row][vc_row][vc_column width=\u00a0\u00bb2\/3&Prime;][vc_single_image image=\u00a0\u00bb1753&Prime; img_size=\u00a0\u00bbfull\u00a0\u00bb][vc_empty_space height=\u00a0\u00bb16px\u00a0\u00bb][vc_custom_heading text=\u00a0\u00bbCharme et personnalit\u00e9 \u00e0 chaque recoin\u00a0\u00bb use_theme_fonts=\u00a0\u00bbyes\u00a0\u00bb][vc_empty_space height=\u00a0\u00bb6px\u00a0\u00bb][vc_column_text]Castellter\u00e7ol est situ\u00e9 au milieu du plateau de la r\u00e9gion du Moian\u00e8s, \u00e0 cheval entre la Plaine de Vic, la Plaine du Bages et le Vall\u00e8s Oriental. La beaut\u00e9 de ses paysages est unique; la commune est entour\u00e9e de for\u00eats et depuis n&rsquo;importe quelle colline ou cr\u00eate l&rsquo;on peut apercevoir le Montseny, Montserrat et m\u00eame les Pyr\u00e9n\u00e9es.<\/p>\n<p>Le village, dont le nombre d&rsquo;habitants peut doubler en \u00e9t\u00e9, poss\u00e8de une grande quantit\u00e9 de sources, ravines, dolmens, oratoires et bon nombre de fermes, dont certaines sont habit\u00e9es et d&rsquo;autres reconverties pour accueillir le tourisme rural et qui conservent encore tout le charme du pass\u00e9 tout en offrant tout le confort actuel. A l&rsquo;int\u00e9rieur du village, nous pouvons aussi trouver de belles villas et des maisons d&rsquo;habitation bien conserv\u00e9es.<\/p>\n<p>Castellter\u00e7ol compte une industrie alimentaire tr\u00e8s riche, allant des produits naturels et bio jusqu&rsquo;aux conserves de truffes, aux champignons, au miel, \u00e0 la p\u00e2tisserie de qualit\u00e9 et aux plats cuisin\u00e9s.<\/p>\n<p>Les habitants de Castellter\u00e7ol aiment aussi se vanter de \u00abLa danse de Castellter\u00e7ol\u00bb, d\u00e9clar\u00e9e f\u00eate traditionnelle d&rsquo;int\u00e9r\u00eat national.[\/vc_column_text][\/vc_column][vc_column width=\u00a0\u00bb1\/3&Prime;][vc_single_image image=\u00a0\u00bb1751&Prime; img_size=\u00a0\u00bbfull\u00a0\u00bb alignment=\u00a0\u00bbcenter\u00a0\u00bb][vc_empty_space height=\u00a0\u00bb16px\u00a0\u00bb][vc_column_text]\n<h4 style=\"text-align: center;\"><a href=\"http:\/\/www.castelltersol.cat\" target=\"_blank\" rel=\"noopener noreferrer\">castelltersol.cat<\/a><\/h4>\n<p style=\"text-align: center;\">2.424 habitants (2018)<br \/>\n31,9 km2<br \/>\n726 altitude<\/p>\n[\/vc_column_text][\/vc_column][\/vc_row][vc_row][vc_column][vc_empty_space][vc_custom_heading text=\u00a0\u00bbLieux d\u2019int\u00e9r\u00eat \u00e0 visiter\u00a0\u00bb font_container=\u00a0\u00bbtag:h3|text_align:left\u00a0\u00bb use_theme_fonts=\u00a0\u00bbyes\u00a0\u00bb][vc_separator][vc_empty_space height=\u00a0\u00bb16px\u00a0\u00bb][vc_basic_grid post_type=\u00a0\u00bbproject\u00a0\u00bb max_items=\u00a0\u00bb\u00a0\u00bb element_width=\u00a0\u00bb3&Prime; item=\u00a0\u00bb10741&Prime; grid_id=\u00a0\u00bbvc_gid:1556114892560-7f565899-a83c-7&Prime; taxonomies=\u00a0\u00bb518&Prime;][vc_empty_space][vc_separator][\/vc_column][\/vc_row][vc_row][vc_column][vc_custom_heading text=\u00a0\u00bbNous sommes 10!\u00a0\u00bb use_theme_fonts=\u00a0\u00bbyes\u00a0\u00bb][vc_row_inner][vc_column_inner width=\u00a0\u00bb1\/3&Prime;][vc_column_text el_class=\u00a0\u00bbno-bullet no-padding\u00a0\u00bb]\n<ul>\n<li>\n<h4><a href=\"https:\/\/moianesturisme.cat\/fr\/home\/10-villages\/calders\/\">Calders<\/a><\/h4>\n<\/li>\n<li>\n<h4><a href=\"https:\/\/moianesturisme.cat\/fr\/home\/10-villages\/castellcir\/\">Castellcir<\/a><\/h4>\n<\/li>\n<li>\n<h4><a href=\"https:\/\/moianesturisme.cat\/fr\/home\/10-villages\/castelltercol\/\">Castellter\u00e7ol<\/a><\/h4>\n<\/li>\n<li>\n<h4><a href=\"https:\/\/moianesturisme.cat\/fr\/home\/10-villages\/collsuspina\/\">Collsuspina<\/a><\/h4>\n<\/li>\n<\/ul>\n[\/vc_column_text][\/vc_column_inner][vc_column_inner width=\u00a0\u00bb1\/3&Prime;][vc_column_text el_class=\u00a0\u00bbno-bullet no-padding\u00a0\u00bb]\n<ul>\n<li>\n<h4><a href=\"https:\/\/moianesturisme.cat\/fr\/home\/10-villages\/lestany\/\">L\u2019Estany<\/a><\/h4>\n<\/li>\n<li>\n<h4><a href=\"https:\/\/moianesturisme.cat\/fr\/home\/10-villages\/granera\/\">Granera<\/a><\/h4>\n<\/li>\n<li>\n<h4><a href=\"https:\/\/moianesturisme.cat\/fr\/home\/10-villages\/moia\/\">Moi\u00e0<\/a><\/h4>\n<\/li>\n<\/ul>\n[\/vc_column_text][\/vc_column_inner][vc_column_inner width=\u00a0\u00bb1\/3&Prime;][vc_column_text el_class=\u00a0\u00bbno-bullet no-padding\u00a0\u00bb]\n<ul>\n<li>\n<h4><a href=\"https:\/\/moianesturisme.cat\/fr\/home\/10-villages\/monistrol-de-calders\/\">Monistrol de Calders<\/a><\/h4>\n<\/li>\n<li>\n<h4><a href=\"https:\/\/moianesturisme.cat\/fr\/home\/10-villages\/sta-maria-dolo\/\">Santa Maria d\u2019Ol\u00f3<\/a><\/h4>\n<\/li>\n<li>\n<h4><a href=\"https:\/\/moianesturisme.cat\/fr\/home\/10-villages\/som-10-pobles\/st-quirze-de-safaja\/\">Sant Quirze de Safaja<\/a><\/h4>\n<\/li>\n<\/ul>\n[\/vc_column_text][\/vc_column_inner][\/vc_row_inner][vc_empty_space height=\u00a0\u00bb100px\u00a0\u00bb][\/vc_column][\/vc_row]\n<\/div>","protected":false},"excerpt":{"rendered":"<p>[vc_row][vc_column][vc_custom_heading text=\u00a0\u00bbCastellter\u00e7ol\u00a0\u00bb font_container=\u00a0\u00bbtag:h1|text_align:left\u00a0\u00bb use_theme_fonts=\u00a0\u00bbyes\u00a0\u00bb][vc_empty_space height=\u00a0\u00bb16px\u00a0\u00bb][vc_separator][\/vc_column][\/vc_row][vc_row][vc_column width=\u00a0\u00bb2\/3&Prime;][vc_single_image image=\u00a0\u00bb1753&Prime; img_size=\u00a0\u00bbfull\u00a0\u00bb][vc_empty_space height=\u00a0\u00bb16px\u00a0\u00bb][vc_custom_heading text=\u00a0\u00bbCharme et personnalit\u00e9 \u00e0 chaque recoin\u00a0\u00bb use_theme_fonts=\u00a0\u00bbyes\u00a0\u00bb][vc_empty_space height=\u00a0\u00bb6px\u00a0\u00bb][vc_column_text]Castellter\u00e7ol est situ\u00e9 au milieu du plateau de la r\u00e9gion du Moian\u00e8s, \u00e0 cheval entre la Plaine de Vic, la Plaine du Bages et le Vall\u00e8s Oriental. La beaut\u00e9 de ses paysages est unique; la commune est entour\u00e9e de [&hellip;]<\/p>\n","protected":false},"author":1,"featured_media":0,"parent":6498,"menu_order":0,"comment_status":"closed","ping_status":"closed","template":"page-templates\/page-content-home.php","meta":{"_acf_changed":false,"_monsterinsights_skip_tracking":false,"_monsterinsights_sitenote_active":false,"_monsterinsights_sitenote_note":"","_monsterinsights_sitenote_category":0,"footnotes":""},"class_list":["post-6511","page","type-page","status-publish","hentry"],"acf":[],"_links":{"self":[{"href":"https:\/\/moianesturisme.cat\/fr\/wp-json\/wp\/v2\/pages\/6511","targetHints":{"allow":["GET"]}}],"collection":[{"href":"https:\/\/moianesturisme.cat\/fr\/wp-json\/wp\/v2\/pages"}],"about":[{"href":"https:\/\/moianesturisme.cat\/fr\/wp-json\/wp\/v2\/types\/page"}],"author":[{"embeddable":true,"href":"https:\/\/moianesturisme.cat\/fr\/wp-json\/wp\/v2\/users\/1"}],"replies":[{"embeddable":true,"href":"https:\/\/moianesturisme.cat\/fr\/wp-json\/wp\/v2\/comments?post=6511"}],"version-history":[{"count":8,"href":"https:\/\/moianesturisme.cat\/fr\/wp-json\/wp\/v2\/pages\/6511\/revisions"}],"predecessor-version":[{"id":11447,"href":"https:\/\/moianesturisme.cat\/fr\/wp-json\/wp\/v2\/pages\/6511\/revisions\/11447"}],"up":[{"embeddable":true,"href":"https:\/\/moianesturisme.cat\/fr\/wp-json\/wp\/v2\/pages\/6498"}],"wp:attachment":[{"href":"https:\/\/moianesturisme.cat\/fr\/wp-json\/wp\/v2\/media?parent=6511"}],"curies":[{"name":"wp","href":"https:\/\/api.w.org\/{rel}","templated":true}]}}

Castellterçol

<div class="wpb-content-wrapper">[vc_row][vc_column][vc_custom_heading text= »Castellterçol » font_container= »tag:h1|text_align:left » use_theme_fonts= »yes »][vc_empty_space height= »16px »][vc_separator][/vc_column][/vc_row][vc_row][vc_column width= »2/3&Prime;][vc_single_image image= »1753&Prime; img_size= »full »][vc_empty_space height= »16px »][vc_custom_heading text= »Charme et personnalité à chaque recoin » use_theme_fonts= »yes »][vc_empty_space height= »6px »][vc_column_text]Castellterçol est situé au milieu du plateau de la région du Moianès, à cheval entre la Plaine de Vic, la Plaine du Bages et le Vallès Oriental. La beauté de ses paysages est unique; la commune est entourée de forêts et depuis n&rsquo;importe quelle colline ou crête l&rsquo;on peut apercevoir le Montseny, Montserrat et même les Pyrénées.</p>
<p>Le village, dont le nombre d&rsquo;habitants peut doubler en été, possède une grande quantité de sources, ravines, dolmens, oratoires et bon nombre de fermes, dont certaines sont habitées et d&rsquo;autres reconverties pour accueillir le tourisme rural et qui conservent encore tout le charme du passé tout en offrant tout le confort actuel. A l&rsquo;intérieur du village, nous pouvons aussi trouver de belles villas et des maisons d&rsquo;habitation bien conservées.</p>
<p>Castellterçol compte une industrie alimentaire très riche, allant des produits naturels et bio jusqu&rsquo;aux conserves de truffes, aux champignons, au miel, à la pâtisserie de qualité et aux plats cuisinés.</p>
<p>Les habitants de Castellterçol aiment aussi se vanter de «La danse de Castellterçol», déclarée fête traditionnelle d&rsquo;intérêt national.[/vc_column_text][/vc_column][vc_column width= »1/3&Prime;][vc_single_image image= »1751&Prime; img_size= »full » alignment= »center »][vc_empty_space height= »16px »][vc_column_text]
<h4 style="text-align: center;"><a href="http://www.castelltersol.cat" target="_blank" rel="noopener noreferrer">castelltersol.cat</a></h4>
<p style="text-align: center;">2.424 habitants (2018)<br />
31,9 km2<br />
726 altitude</p>
[/vc_column_text][/vc_column][/vc_row][vc_row][vc_column][vc_empty_space][vc_custom_heading text= »Lieux d’intérêt à visiter » font_container= »tag:h3|text_align:left » use_theme_fonts= »yes »][vc_separator][vc_empty_space height= »16px »][vc_basic_grid post_type= »project » max_items= » » element_width= »3&Prime; item= »10741&Prime; grid_id= »vc_gid:1556114892560-7f565899-a83c-7&Prime; taxonomies= »518&Prime;][vc_empty_space][vc_separator][/vc_column][/vc_row][vc_row][vc_column][vc_custom_heading text= »Nous sommes 10! » use_theme_fonts= »yes »][vc_row_inner][vc_column_inner width= »1/3&Prime;][vc_column_text el_class= »no-bullet no-padding »]
<ul>
<li>
<h4><a href="https://moianesturisme.cat/fr/home/10-villages/calders/">Calders</a></h4>
</li>
<li>
<h4><a href="https://moianesturisme.cat/fr/home/10-villages/castellcir/">Castellcir</a></h4>
</li>
<li>
<h4><a href="https://moianesturisme.cat/fr/home/10-villages/castelltercol/">Castellterçol</a></h4>
</li>
<li>
<h4><a href="https://moianesturisme.cat/fr/home/10-villages/collsuspina/">Collsuspina</a></h4>
</li>
</ul>
[/vc_column_text][/vc_column_inner][vc_column_inner width= »1/3&Prime;][vc_column_text el_class= »no-bullet no-padding »]
<ul>
<li>
<h4><a href="https://moianesturisme.cat/fr/home/10-villages/lestany/">L’Estany</a></h4>
</li>
<li>
<h4><a href="https://moianesturisme.cat/fr/home/10-villages/granera/">Granera</a></h4>
</li>
<li>
<h4><a href="https://moianesturisme.cat/fr/home/10-villages/moia/">Moià</a></h4>
</li>
</ul>
[/vc_column_text][/vc_column_inner][vc_column_inner width= »1/3&Prime;][vc_column_text el_class= »no-bullet no-padding »]
<ul>
<li>
<h4><a href="https://moianesturisme.cat/fr/home/10-villages/monistrol-de-calders/">Monistrol de Calders</a></h4>
</li>
<li>
<h4><a href="https://moianesturisme.cat/fr/home/10-villages/sta-maria-dolo/">Santa Maria d’Oló</a></h4>
</li>
<li>
<h4><a href="https://moianesturisme.cat/fr/home/10-villages/som-10-pobles/st-quirze-de-safaja/">Sant Quirze de Safaja</a></h4>
</li>
</ul>
[/vc_column_text][/vc_column_inner][/vc_row_inner][vc_empty_space height= »100px »][/vc_column][/vc_row]
</div>

<p>[vc_row][vc_column][vc_custom_heading text= »Castellterçol » font_container= »tag:h1|text_align:left » use_theme_fonts= »yes »][vc_empty_space height= »16px »][vc_separator][/vc_column][/vc_row][vc_row][vc_column width= »2/3&Prime;][vc_single_image image= »1753&Prime; img_size= »full »][vc_empty_space height= »16px »][vc_custom_heading text= »Charme et personnalité à chaque recoin » use_theme_fonts= »yes »][vc_empty_space height= »6px »][vc_column_text]Castellterçol est situé au milieu du plateau de la région du Moianès, à cheval entre la Plaine de Vic, la Plaine du Bages et le Vallès Oriental. La beauté de ses paysages est unique; la commune est entourée de [&hellip;]</p>
