{"id":6510,"date":"2013-10-28T06:22:14","date_gmt":"2013-10-28T06:22:14","guid":{"rendered":"http:\/\/moianesturisme.cat\/fr\/som-10-pobles\/castellcir\/"},"modified":"2019-04-24T15:08:04","modified_gmt":"2019-04-24T14:08:04","slug":"castellcir","status":"publish","type":"page","link":"https:\/\/moianesturisme.cat\/fr\/home\/10-villages\/castellcir\/","title":{"rendered":"Castellcir"},"content":{"rendered":"<div class=\"wpb-content-wrapper\">[vc_row][vc_column][vc_custom_heading text=\u00a0\u00bbCastellcir\u00a0\u00bb font_container=\u00a0\u00bbtag:h1|text_align:left\u00a0\u00bb use_theme_fonts=\u00a0\u00bbyes\u00a0\u00bb][vc_empty_space height=\u00a0\u00bb16px\u00a0\u00bb][vc_separator][\/vc_column][\/vc_row][vc_row][vc_column width=\u00a0\u00bb2\/3&Prime;][vc_single_image image=\u00a0\u00bb1811&Prime; img_size=\u00a0\u00bbfull\u00a0\u00bb][vc_empty_space height=\u00a0\u00bb16px\u00a0\u00bb][vc_custom_heading text=\u00a0\u00bbLes grands attraits d&rsquo;un petit village\u00a0\u00bb use_theme_fonts=\u00a0\u00bbyes\u00a0\u00bb][vc_empty_space height=\u00a0\u00bb6px\u00a0\u00bb][vc_column_text]Il est situ\u00e9 au sud-est du Moian\u00e8s. Il s&rsquo;\u00e9tend sur 34,50 km2, en comptant l&rsquo;enclave de Marf\u00e0 (annex\u00e9e \u00e0 Castellcir en l&rsquo;an 1845).<\/p>\n<p>Castellcir fut un village de tradition paysane, comptant un bon nombre de fermes dispers\u00e9es et une agglom\u00e9ration de maisons habit\u00e9es par des artisans et de petits paysans, formant une rue appel\u00e9e de l&rsquo;Amargura.<\/p>\n<p>Castellcir s&rsquo;est d\u00e9velopp\u00e9 autour de cette rue et c&rsquo;est actuellement un village o\u00f9 cohabitent les secteurs de l&rsquo;agriculture et de l&rsquo;\u00e9levage, de l&rsquo;industrie \u00e9cologique et agroalimentaire et des services.<\/p>\n<p>Trouvent leurs sources \u00e0 Castellcir la rivi\u00e8re Tenes, qui s&rsquo;en va ensuite vers le Bes\u00f2s, et la rivi\u00e8re de Fontscalents, dont les eaux se jettent dans le Llobregat.<\/p>\n<p>Cr\u00eates, collines, torrents, for\u00eats et champs de cultures configurent le paysage de toute la commune.[\/vc_column_text][\/vc_column][vc_column width=\u00a0\u00bb1\/3&Prime;][vc_single_image image=\u00a0\u00bb1812&Prime; img_size=\u00a0\u00bbfull\u00a0\u00bb alignment=\u00a0\u00bbcenter\u00a0\u00bb][vc_empty_space height=\u00a0\u00bb16px\u00a0\u00bb][vc_column_text]\n<h4 style=\"text-align: center;\"><a href=\"http:\/\/castellcir.cat\" target=\"_blank\" rel=\"noopener noreferrer\">castellcir.cat<\/a><\/h4>\n<p style=\"text-align: center;\">737 habitants (2018)<br \/>\n34,2 km2<br \/>\n693 altitude<\/p>\n[\/vc_column_text][\/vc_column][\/vc_row][vc_row][vc_column][vc_empty_space][vc_custom_heading text=\u00a0\u00bbLieux d\u2019int\u00e9r\u00eat \u00e0 visiter\u00a0\u00bb font_container=\u00a0\u00bbtag:h3|text_align:left\u00a0\u00bb use_theme_fonts=\u00a0\u00bbyes\u00a0\u00bb][vc_separator][vc_empty_space height=\u00a0\u00bb16px\u00a0\u00bb][vc_basic_grid post_type=\u00a0\u00bbproject\u00a0\u00bb max_items=\u00a0\u00bb\u00a0\u00bb element_width=\u00a0\u00bb3&Prime; item=\u00a0\u00bb10741&Prime; grid_id=\u00a0\u00bbvc_gid:1556114863384-1a503be2-1358-5&Prime; taxonomies=\u00a0\u00bb517&Prime;][vc_empty_space][vc_separator][\/vc_column][\/vc_row][vc_row][vc_column][vc_custom_heading text=\u00a0\u00bbNous sommes 10!\u00a0\u00bb use_theme_fonts=\u00a0\u00bbyes\u00a0\u00bb][vc_row_inner][vc_column_inner width=\u00a0\u00bb1\/3&Prime;][vc_column_text el_class=\u00a0\u00bbno-bullet no-padding\u00a0\u00bb]\n<ul>\n<li>\n<h4><a href=\"https:\/\/moianesturisme.cat\/fr\/home\/10-villages\/calders\/\">Calders<\/a><\/h4>\n<\/li>\n<li>\n<h4><a href=\"https:\/\/moianesturisme.cat\/fr\/home\/10-villages\/castellcir\/\">Castellcir<\/a><\/h4>\n<\/li>\n<li>\n<h4><a href=\"https:\/\/moianesturisme.cat\/fr\/home\/10-villages\/castelltercol\/\">Castellter\u00e7ol<\/a><\/h4>\n<\/li>\n<li>\n<h4><a href=\"https:\/\/moianesturisme.cat\/fr\/home\/10-villages\/collsuspina\/\">Collsuspina<\/a><\/h4>\n<\/li>\n<\/ul>\n[\/vc_column_text][\/vc_column_inner][vc_column_inner width=\u00a0\u00bb1\/3&Prime;][vc_column_text el_class=\u00a0\u00bbno-bullet no-padding\u00a0\u00bb]\n<ul>\n<li>\n<h4><a href=\"https:\/\/moianesturisme.cat\/fr\/home\/10-villages\/lestany\/\">L\u2019Estany<\/a><\/h4>\n<\/li>\n<li>\n<h4><a href=\"https:\/\/moianesturisme.cat\/fr\/home\/10-villages\/granera\/\">Granera<\/a><\/h4>\n<\/li>\n<li>\n<h4><a href=\"https:\/\/moianesturisme.cat\/fr\/home\/10-villages\/moia\/\">Moi\u00e0<\/a><\/h4>\n<\/li>\n<\/ul>\n[\/vc_column_text][\/vc_column_inner][vc_column_inner width=\u00a0\u00bb1\/3&Prime;][vc_column_text el_class=\u00a0\u00bbno-bullet no-padding\u00a0\u00bb]\n<ul>\n<li>\n<h4><a href=\"https:\/\/moianesturisme.cat\/fr\/home\/10-villages\/monistrol-de-calders\/\">Monistrol de Calders<\/a><\/h4>\n<\/li>\n<li>\n<h4><a href=\"https:\/\/moianesturisme.cat\/fr\/home\/10-villages\/sta-maria-dolo\/\">Santa Maria d\u2019Ol\u00f3<\/a><\/h4>\n<\/li>\n<li>\n<h4><a href=\"https:\/\/moianesturisme.cat\/fr\/home\/10-villages\/som-10-pobles\/st-quirze-de-safaja\/\">Sant Quirze de Safaja<\/a><\/h4>\n<\/li>\n<\/ul>\n[\/vc_column_text][\/vc_column_inner][\/vc_row_inner][vc_empty_space height=\u00a0\u00bb100px\u00a0\u00bb][\/vc_column][\/vc_row]\n<\/div>","protected":false},"excerpt":{"rendered":"<p>[vc_row][vc_column][vc_custom_heading text=\u00a0\u00bbCastellcir\u00a0\u00bb font_container=\u00a0\u00bbtag:h1|text_align:left\u00a0\u00bb use_theme_fonts=\u00a0\u00bbyes\u00a0\u00bb][vc_empty_space height=\u00a0\u00bb16px\u00a0\u00bb][vc_separator][\/vc_column][\/vc_row][vc_row][vc_column width=\u00a0\u00bb2\/3&Prime;][vc_single_image image=\u00a0\u00bb1811&Prime; img_size=\u00a0\u00bbfull\u00a0\u00bb][vc_empty_space height=\u00a0\u00bb16px\u00a0\u00bb][vc_custom_heading text=\u00a0\u00bbLes grands attraits d&rsquo;un petit village\u00a0\u00bb use_theme_fonts=\u00a0\u00bbyes\u00a0\u00bb][vc_empty_space height=\u00a0\u00bb6px\u00a0\u00bb][vc_column_text]Il est situ\u00e9 au sud-est du Moian\u00e8s. Il s&rsquo;\u00e9tend sur 34,50 km2, en comptant l&rsquo;enclave de Marf\u00e0 (annex\u00e9e \u00e0 Castellcir en l&rsquo;an 1845). Castellcir fut un village de tradition paysane, comptant un bon nombre de fermes dispers\u00e9es et une [&hellip;]<\/p>\n","protected":false},"author":1,"featured_media":0,"parent":6498,"menu_order":0,"comment_status":"closed","ping_status":"closed","template":"page-templates\/page-content-home.php","meta":{"_acf_changed":false,"_monsterinsights_skip_tracking":false,"_monsterinsights_sitenote_active":false,"_monsterinsights_sitenote_note":"","_monsterinsights_sitenote_category":0,"footnotes":""},"class_list":["post-6510","page","type-page","status-publish","hentry"],"acf":[],"_links":{"self":[{"href":"https:\/\/moianesturisme.cat\/fr\/wp-json\/wp\/v2\/pages\/6510","targetHints":{"allow":["GET"]}}],"collection":[{"href":"https:\/\/moianesturisme.cat\/fr\/wp-json\/wp\/v2\/pages"}],"about":[{"href":"https:\/\/moianesturisme.cat\/fr\/wp-json\/wp\/v2\/types\/page"}],"author":[{"embeddable":true,"href":"https:\/\/moianesturisme.cat\/fr\/wp-json\/wp\/v2\/users\/1"}],"replies":[{"embeddable":true,"href":"https:\/\/moianesturisme.cat\/fr\/wp-json\/wp\/v2\/comments?post=6510"}],"version-history":[{"count":9,"href":"https:\/\/moianesturisme.cat\/fr\/wp-json\/wp\/v2\/pages\/6510\/revisions"}],"predecessor-version":[{"id":11446,"href":"https:\/\/moianesturisme.cat\/fr\/wp-json\/wp\/v2\/pages\/6510\/revisions\/11446"}],"up":[{"embeddable":true,"href":"https:\/\/moianesturisme.cat\/fr\/wp-json\/wp\/v2\/pages\/6498"}],"wp:attachment":[{"href":"https:\/\/moianesturisme.cat\/fr\/wp-json\/wp\/v2\/media?parent=6510"}],"curies":[{"name":"wp","href":"https:\/\/api.w.org\/{rel}","templated":true}]}}

<div class="wpb-content-wrapper">[vc_row][vc_column][vc_custom_heading text= »Castellcir » font_container= »tag:h1|text_align:left » use_theme_fonts= »yes »][vc_empty_space height= »16px »][vc_separator][/vc_column][/vc_row][vc_row][vc_column width= »2/3&Prime;][vc_single_image image= »1811&Prime; img_size= »full »][vc_empty_space height= »16px »][vc_custom_heading text= »Les grands attraits d&rsquo;un petit village » use_theme_fonts= »yes »][vc_empty_space height= »6px »][vc_column_text]Il est situé au sud-est du Moianès. Il s&rsquo;étend sur 34,50 km2, en comptant l&rsquo;enclave de Marfà (annexée à Castellcir en l&rsquo;an 1845).</p>
<p>Castellcir fut un village de tradition paysane, comptant un bon nombre de fermes dispersées et une agglomération de maisons habitées par des artisans et de petits paysans, formant une rue appelée de l&rsquo;Amargura.</p>
<p>Castellcir s&rsquo;est développé autour de cette rue et c&rsquo;est actuellement un village où cohabitent les secteurs de l&rsquo;agriculture et de l&rsquo;élevage, de l&rsquo;industrie écologique et agroalimentaire et des services.</p>
<p>Trouvent leurs sources à Castellcir la rivière Tenes, qui s&rsquo;en va ensuite vers le Besòs, et la rivière de Fontscalents, dont les eaux se jettent dans le Llobregat.</p>
<p>Crêtes, collines, torrents, forêts et champs de cultures configurent le paysage de toute la commune.[/vc_column_text][/vc_column][vc_column width= »1/3&Prime;][vc_single_image image= »1812&Prime; img_size= »full » alignment= »center »][vc_empty_space height= »16px »][vc_column_text]
<h4 style="text-align: center;"><a href="http://castellcir.cat" target="_blank" rel="noopener noreferrer">castellcir.cat</a></h4>
<p style="text-align: center;">737 habitants (2018)<br />
34,2 km2<br />
693 altitude</p>
[/vc_column_text][/vc_column][/vc_row][vc_row][vc_column][vc_empty_space][vc_custom_heading text= »Lieux d’intérêt à visiter » font_container= »tag:h3|text_align:left » use_theme_fonts= »yes »][vc_separator][vc_empty_space height= »16px »][vc_basic_grid post_type= »project » max_items= » » element_width= »3&Prime; item= »10741&Prime; grid_id= »vc_gid:1556114863384-1a503be2-1358-5&Prime; taxonomies= »517&Prime;][vc_empty_space][vc_separator][/vc_column][/vc_row][vc_row][vc_column][vc_custom_heading text= »Nous sommes 10! » use_theme_fonts= »yes »][vc_row_inner][vc_column_inner width= »1/3&Prime;][vc_column_text el_class= »no-bullet no-padding »]
<ul>
<li>
<h4><a href="https://moianesturisme.cat/fr/home/10-villages/calders/">Calders</a></h4>
</li>
<li>
<h4><a href="https://moianesturisme.cat/fr/home/10-villages/castellcir/">Castellcir</a></h4>
</li>
<li>
<h4><a href="https://moianesturisme.cat/fr/home/10-villages/castelltercol/">Castellterçol</a></h4>
</li>
<li>
<h4><a href="https://moianesturisme.cat/fr/home/10-villages/collsuspina/">Collsuspina</a></h4>
</li>
</ul>
[/vc_column_text][/vc_column_inner][vc_column_inner width= »1/3&Prime;][vc_column_text el_class= »no-bullet no-padding »]
<ul>
<li>
<h4><a href="https://moianesturisme.cat/fr/home/10-villages/lestany/">L’Estany</a></h4>
</li>
<li>
<h4><a href="https://moianesturisme.cat/fr/home/10-villages/granera/">Granera</a></h4>
</li>
<li>
<h4><a href="https://moianesturisme.cat/fr/home/10-villages/moia/">Moià</a></h4>
</li>
</ul>
[/vc_column_text][/vc_column_inner][vc_column_inner width= »1/3&Prime;][vc_column_text el_class= »no-bullet no-padding »]
<ul>
<li>
<h4><a href="https://moianesturisme.cat/fr/home/10-villages/monistrol-de-calders/">Monistrol de Calders</a></h4>
</li>
<li>
<h4><a href="https://moianesturisme.cat/fr/home/10-villages/sta-maria-dolo/">Santa Maria d’Oló</a></h4>
</li>
<li>
<h4><a href="https://moianesturisme.cat/fr/home/10-villages/som-10-pobles/st-quirze-de-safaja/">Sant Quirze de Safaja</a></h4>
</li>
</ul>
[/vc_column_text][/vc_column_inner][/vc_row_inner][vc_empty_space height= »100px »][/vc_column][/vc_row]
</div>

<p>[vc_row][vc_column][vc_custom_heading text= »Castellcir » font_container= »tag:h1|text_align:left » use_theme_fonts= »yes »][vc_empty_space height= »16px »][vc_separator][/vc_column][/vc_row][vc_row][vc_column width= »2/3&Prime;][vc_single_image image= »1811&Prime; img_size= »full »][vc_empty_space height= »16px »][vc_custom_heading text= »Les grands attraits d&rsquo;un petit village » use_theme_fonts= »yes »][vc_empty_space height= »6px »][vc_column_text]Il est situé au sud-est du Moianès. Il s&rsquo;étend sur 34,50 km2, en comptant l&rsquo;enclave de Marfà (annexée à Castellcir en l&rsquo;an 1845). Castellcir fut un village de tradition paysane, comptant un bon nombre de fermes dispersées et une [&hellip;]</p>
