{"id":6499,"date":"2013-10-27T22:32:01","date_gmt":"2013-10-27T22:32:01","guid":{"rendered":"http:\/\/moianesturisme.cat\/fr\/som-10-pobles\/calders-2\/"},"modified":"2019-04-24T15:07:49","modified_gmt":"2019-04-24T14:07:49","slug":"calders","status":"publish","type":"page","link":"https:\/\/moianesturisme.cat\/fr\/home\/10-villages\/calders\/","title":{"rendered":"Calders"},"content":{"rendered":"<div class=\"wpb-content-wrapper\">[vc_row][vc_column][vc_custom_heading text=\u00a0\u00bbCalders\u00a0\u00bb font_container=\u00a0\u00bbtag:h1|text_align:left\u00a0\u00bb use_theme_fonts=\u00a0\u00bbyes\u00a0\u00bb][vc_empty_space height=\u00a0\u00bb16px\u00a0\u00bb][vc_separator][\/vc_column][\/vc_row][vc_row][vc_column width=\u00a0\u00bb2\/3&Prime;][vc_single_image image=\u00a0\u00bb1785&Prime; img_size=\u00a0\u00bbfull\u00a0\u00bb][vc_empty_space height=\u00a0\u00bb16px\u00a0\u00bb][vc_custom_heading text=\u00a0\u00bbLa naissance d&rsquo;un village le long de la route principale\u00a0\u00bb use_theme_fonts=\u00a0\u00bbyes\u00a0\u00bb][vc_empty_space height=\u00a0\u00bb6px\u00a0\u00bb][vc_column_text]Calders, qui est n\u00e9 en se groupant le long de la voie principale de circulation, a une forme allong\u00e9e tr\u00e8s caract\u00e9ristique. Le village s&rsquo;est form\u00e9 au flanc de la cr\u00eate qui s\u00e9pare les eaux du torrent Malrub\u00ed de celles de la rivi\u00e8re Calders. La vieille ville se regroupe autour de la Pla\u00e7a Major (place principale), pr\u00e9sid\u00e9e par le Temple Paroissial de Sant Vin\u00e7ens. Cette commune \u00e9tir\u00e9e est compos\u00e9e, en plus de l&rsquo;agglom\u00e9ration du village de Calders, des agglom\u00e9rations des villages de La Gu\u00e0rdia, de l&rsquo;Oller, des Hect\u00e0rees, de la Col\u00f2nia Jorba (ancienne cit\u00e9 ouvri\u00e8re du textile) et d&rsquo;une bonne poign\u00e9e de fermes.<\/p>\n<p>La commune est travers\u00e9e, d&rsquo;est en ouest, par la rivi\u00e8re Calders, qui prend sa source \u00e0 Monistrol et d\u00e9bouche dans le Llobregat, pr\u00e8s de Navarcles. Nous pouvons \u00e9galement suivre l&rsquo;ancienne Strata Francisca qui longe la rivi\u00e8re sur une distance de 13km.<\/p>\n<p>La rivi\u00e8re a creus\u00e9 un lit dans les mat\u00e9riaux calcaires jusqu&rsquo;\u00e0 y former une s\u00e9rie de petites cha\u00eenes montagneuses comme celles du Puig, de la Gu\u00e0rdia ou du Castell, o\u00f9 l&rsquo;on peut parfaitement observer un m\u00e9andre abandonn\u00e9. Les deux-tiers de la surface de la commune sont couverts de for\u00eats de pins blancs, de ch\u00eanes verts et de ch\u00eanes.[\/vc_column_text][\/vc_column][vc_column width=\u00a0\u00bb1\/3&Prime;][vc_single_image image=\u00a0\u00bb1786&Prime; img_size=\u00a0\u00bbfull\u00a0\u00bb alignment=\u00a0\u00bbcenter\u00a0\u00bb][vc_empty_space height=\u00a0\u00bb16px\u00a0\u00bb][vc_column_text]\n<h4 style=\"text-align: center;\"><a href=\"http:\/\/www.calders.cat\/\" target=\"_blank\" rel=\"noopener noreferrer\">calders.cat<\/a><\/h4>\n<p style=\"text-align: center;\">950 habitants (2018)<br \/>\n30,10 km2<br \/>\n552 altitude<\/p>\n[\/vc_column_text][\/vc_column][\/vc_row][vc_row][vc_column][vc_empty_space][vc_custom_heading text=\u00a0\u00bbLieux d\u2019int\u00e9r\u00eat \u00e0 visiter\u00a0\u00bb font_container=\u00a0\u00bbtag:h3|text_align:left\u00a0\u00bb use_theme_fonts=\u00a0\u00bbyes\u00a0\u00bb][vc_separator][vc_empty_space height=\u00a0\u00bb16px\u00a0\u00bb][vc_basic_grid post_type=\u00a0\u00bbproject\u00a0\u00bb max_items=\u00a0\u00bb\u00a0\u00bb element_width=\u00a0\u00bb3&Prime; item=\u00a0\u00bb10741&Prime; grid_id=\u00a0\u00bbvc_gid:1556114852003-a2a2c5e0-25ea-2&Prime; taxonomies=\u00a0\u00bb514&Prime;][vc_empty_space][vc_separator][\/vc_column][\/vc_row][vc_row][vc_column][vc_custom_heading text=\u00a0\u00bbNous sommes 10!\u00a0\u00bb use_theme_fonts=\u00a0\u00bbyes\u00a0\u00bb][vc_row_inner][vc_column_inner width=\u00a0\u00bb1\/3&Prime;][vc_column_text el_class=\u00a0\u00bbno-bullet no-padding\u00a0\u00bb]\n<ul>\n<li>\n<h4><a href=\"https:\/\/moianesturisme.cat\/fr\/home\/10-villages\/calders\/\">Calders<\/a><\/h4>\n<\/li>\n<li>\n<h4><a href=\"https:\/\/moianesturisme.cat\/fr\/home\/10-villages\/castellcir\/\">Castellcir<\/a><\/h4>\n<\/li>\n<li>\n<h4><a href=\"https:\/\/moianesturisme.cat\/fr\/home\/10-villages\/castelltercol\/\">Castellter\u00e7ol<\/a><\/h4>\n<\/li>\n<li>\n<h4><a href=\"https:\/\/moianesturisme.cat\/fr\/home\/10-villages\/collsuspina\/\">Collsuspina<\/a><\/h4>\n<\/li>\n<\/ul>\n[\/vc_column_text][\/vc_column_inner][vc_column_inner width=\u00a0\u00bb1\/3&Prime;][vc_column_text el_class=\u00a0\u00bbno-bullet no-padding\u00a0\u00bb]\n<ul>\n<li>\n<h4><a href=\"https:\/\/moianesturisme.cat\/fr\/home\/10-villages\/lestany\/\">L\u2019Estany<\/a><\/h4>\n<\/li>\n<li>\n<h4><a href=\"https:\/\/moianesturisme.cat\/fr\/home\/10-villages\/granera\/\">Granera<\/a><\/h4>\n<\/li>\n<li>\n<h4><a href=\"https:\/\/moianesturisme.cat\/fr\/home\/10-villages\/moia\/\">Moi\u00e0<\/a><\/h4>\n<\/li>\n<\/ul>\n[\/vc_column_text][\/vc_column_inner][vc_column_inner width=\u00a0\u00bb1\/3&Prime;][vc_column_text el_class=\u00a0\u00bbno-bullet no-padding\u00a0\u00bb]\n<ul>\n<li>\n<h4><a href=\"https:\/\/moianesturisme.cat\/fr\/home\/10-villages\/monistrol-de-calders\/\">Monistrol de Calders<\/a><\/h4>\n<\/li>\n<li>\n<h4><a href=\"https:\/\/moianesturisme.cat\/fr\/home\/10-villages\/sta-maria-dolo\/\">Santa Maria d\u2019Ol\u00f3<\/a><\/h4>\n<\/li>\n<li>\n<h4><a href=\"https:\/\/moianesturisme.cat\/fr\/home\/10-villages\/som-10-pobles\/st-quirze-de-safaja\/\">Sant Quirze de Safaja<\/a><\/h4>\n<\/li>\n<\/ul>\n[\/vc_column_text][\/vc_column_inner][\/vc_row_inner][vc_empty_space height=\u00a0\u00bb100px\u00a0\u00bb][\/vc_column][\/vc_row]\n<\/div>","protected":false},"excerpt":{"rendered":"<p>[vc_row][vc_column][vc_custom_heading text=\u00a0\u00bbCalders\u00a0\u00bb font_container=\u00a0\u00bbtag:h1|text_align:left\u00a0\u00bb use_theme_fonts=\u00a0\u00bbyes\u00a0\u00bb][vc_empty_space height=\u00a0\u00bb16px\u00a0\u00bb][vc_separator][\/vc_column][\/vc_row][vc_row][vc_column width=\u00a0\u00bb2\/3&Prime;][vc_single_image image=\u00a0\u00bb1785&Prime; img_size=\u00a0\u00bbfull\u00a0\u00bb][vc_empty_space height=\u00a0\u00bb16px\u00a0\u00bb][vc_custom_heading text=\u00a0\u00bbLa naissance d&rsquo;un village le long de la route principale\u00a0\u00bb use_theme_fonts=\u00a0\u00bbyes\u00a0\u00bb][vc_empty_space height=\u00a0\u00bb6px\u00a0\u00bb][vc_column_text]Calders, qui est n\u00e9 en se groupant le long de la voie principale de circulation, a une forme allong\u00e9e tr\u00e8s caract\u00e9ristique. Le village s&rsquo;est form\u00e9 au flanc de la cr\u00eate qui s\u00e9pare les eaux du [&hellip;]<\/p>\n","protected":false},"author":1,"featured_media":0,"parent":6498,"menu_order":0,"comment_status":"closed","ping_status":"closed","template":"page-templates\/page-content-home.php","meta":{"_acf_changed":false,"_monsterinsights_skip_tracking":false,"_monsterinsights_sitenote_active":false,"_monsterinsights_sitenote_note":"","_monsterinsights_sitenote_category":0,"footnotes":""},"class_list":["post-6499","page","type-page","status-publish","hentry"],"acf":[],"_links":{"self":[{"href":"https:\/\/moianesturisme.cat\/fr\/wp-json\/wp\/v2\/pages\/6499","targetHints":{"allow":["GET"]}}],"collection":[{"href":"https:\/\/moianesturisme.cat\/fr\/wp-json\/wp\/v2\/pages"}],"about":[{"href":"https:\/\/moianesturisme.cat\/fr\/wp-json\/wp\/v2\/types\/page"}],"author":[{"embeddable":true,"href":"https:\/\/moianesturisme.cat\/fr\/wp-json\/wp\/v2\/users\/1"}],"replies":[{"embeddable":true,"href":"https:\/\/moianesturisme.cat\/fr\/wp-json\/wp\/v2\/comments?post=6499"}],"version-history":[{"count":9,"href":"https:\/\/moianesturisme.cat\/fr\/wp-json\/wp\/v2\/pages\/6499\/revisions"}],"predecessor-version":[{"id":11445,"href":"https:\/\/moianesturisme.cat\/fr\/wp-json\/wp\/v2\/pages\/6499\/revisions\/11445"}],"up":[{"embeddable":true,"href":"https:\/\/moianesturisme.cat\/fr\/wp-json\/wp\/v2\/pages\/6498"}],"wp:attachment":[{"href":"https:\/\/moianesturisme.cat\/fr\/wp-json\/wp\/v2\/media?parent=6499"}],"curies":[{"name":"wp","href":"https:\/\/api.w.org\/{rel}","templated":true}]}}

<div class="wpb-content-wrapper">[vc_row][vc_column][vc_custom_heading text= »Calders » font_container= »tag:h1|text_align:left » use_theme_fonts= »yes »][vc_empty_space height= »16px »][vc_separator][/vc_column][/vc_row][vc_row][vc_column width= »2/3&Prime;][vc_single_image image= »1785&Prime; img_size= »full »][vc_empty_space height= »16px »][vc_custom_heading text= »La naissance d&rsquo;un village le long de la route principale » use_theme_fonts= »yes »][vc_empty_space height= »6px »][vc_column_text]Calders, qui est né en se groupant le long de la voie principale de circulation, a une forme allongée très caractéristique. Le village s&rsquo;est formé au flanc de la crête qui sépare les eaux du torrent Malrubí de celles de la rivière Calders. La vieille ville se regroupe autour de la Plaça Major (place principale), présidée par le Temple Paroissial de Sant Vinçens. Cette commune étirée est composée, en plus de l&rsquo;agglomération du village de Calders, des agglomérations des villages de La Guàrdia, de l&rsquo;Oller, des Hectàrees, de la Colònia Jorba (ancienne cité ouvrière du textile) et d&rsquo;une bonne poignée de fermes.</p>
<p>La commune est traversée, d&rsquo;est en ouest, par la rivière Calders, qui prend sa source à Monistrol et débouche dans le Llobregat, près de Navarcles. Nous pouvons également suivre l&rsquo;ancienne Strata Francisca qui longe la rivière sur une distance de 13km.</p>
<p>La rivière a creusé un lit dans les matériaux calcaires jusqu&rsquo;à y former une série de petites chaînes montagneuses comme celles du Puig, de la Guàrdia ou du Castell, où l&rsquo;on peut parfaitement observer un méandre abandonné. Les deux-tiers de la surface de la commune sont couverts de forêts de pins blancs, de chênes verts et de chênes.[/vc_column_text][/vc_column][vc_column width= »1/3&Prime;][vc_single_image image= »1786&Prime; img_size= »full » alignment= »center »][vc_empty_space height= »16px »][vc_column_text]
<h4 style="text-align: center;"><a href="http://www.calders.cat/" target="_blank" rel="noopener noreferrer">calders.cat</a></h4>
<p style="text-align: center;">950 habitants (2018)<br />
30,10 km2<br />
552 altitude</p>
[/vc_column_text][/vc_column][/vc_row][vc_row][vc_column][vc_empty_space][vc_custom_heading text= »Lieux d’intérêt à visiter » font_container= »tag:h3|text_align:left » use_theme_fonts= »yes »][vc_separator][vc_empty_space height= »16px »][vc_basic_grid post_type= »project » max_items= » » element_width= »3&Prime; item= »10741&Prime; grid_id= »vc_gid:1556114852003-a2a2c5e0-25ea-2&Prime; taxonomies= »514&Prime;][vc_empty_space][vc_separator][/vc_column][/vc_row][vc_row][vc_column][vc_custom_heading text= »Nous sommes 10! » use_theme_fonts= »yes »][vc_row_inner][vc_column_inner width= »1/3&Prime;][vc_column_text el_class= »no-bullet no-padding »]
<ul>
<li>
<h4><a href="https://moianesturisme.cat/fr/home/10-villages/calders/">Calders</a></h4>
</li>
<li>
<h4><a href="https://moianesturisme.cat/fr/home/10-villages/castellcir/">Castellcir</a></h4>
</li>
<li>
<h4><a href="https://moianesturisme.cat/fr/home/10-villages/castelltercol/">Castellterçol</a></h4>
</li>
<li>
<h4><a href="https://moianesturisme.cat/fr/home/10-villages/collsuspina/">Collsuspina</a></h4>
</li>
</ul>
[/vc_column_text][/vc_column_inner][vc_column_inner width= »1/3&Prime;][vc_column_text el_class= »no-bullet no-padding »]
<ul>
<li>
<h4><a href="https://moianesturisme.cat/fr/home/10-villages/lestany/">L’Estany</a></h4>
</li>
<li>
<h4><a href="https://moianesturisme.cat/fr/home/10-villages/granera/">Granera</a></h4>
</li>
<li>
<h4><a href="https://moianesturisme.cat/fr/home/10-villages/moia/">Moià</a></h4>
</li>
</ul>
[/vc_column_text][/vc_column_inner][vc_column_inner width= »1/3&Prime;][vc_column_text el_class= »no-bullet no-padding »]
<ul>
<li>
<h4><a href="https://moianesturisme.cat/fr/home/10-villages/monistrol-de-calders/">Monistrol de Calders</a></h4>
</li>
<li>
<h4><a href="https://moianesturisme.cat/fr/home/10-villages/sta-maria-dolo/">Santa Maria d’Oló</a></h4>
</li>
<li>
<h4><a href="https://moianesturisme.cat/fr/home/10-villages/som-10-pobles/st-quirze-de-safaja/">Sant Quirze de Safaja</a></h4>
</li>
</ul>
[/vc_column_text][/vc_column_inner][/vc_row_inner][vc_empty_space height= »100px »][/vc_column][/vc_row]
</div>

<p>[vc_row][vc_column][vc_custom_heading text= »Calders » font_container= »tag:h1|text_align:left » use_theme_fonts= »yes »][vc_empty_space height= »16px »][vc_separator][/vc_column][/vc_row][vc_row][vc_column width= »2/3&Prime;][vc_single_image image= »1785&Prime; img_size= »full »][vc_empty_space height= »16px »][vc_custom_heading text= »La naissance d&rsquo;un village le long de la route principale » use_theme_fonts= »yes »][vc_empty_space height= »6px »][vc_column_text]Calders, qui est né en se groupant le long de la voie principale de circulation, a une forme allongée très caractéristique. Le village s&rsquo;est formé au flanc de la crête qui sépare les eaux du [&hellip;]</p>
