{"id":6496,"date":"2015-05-11T11:57:02","date_gmt":"2015-05-11T10:57:02","guid":{"rendered":"http:\/\/moianesturisme.cat\/fr\/rutes\/"},"modified":"2019-07-11T11:45:37","modified_gmt":"2019-07-11T10:45:37","slug":"itineraires-touristiques","status":"publish","type":"page","link":"https:\/\/moianesturisme.cat\/fr\/itineraires-touristiques\/","title":{"rendered":"Itin\u00e9raires touristiques"},"content":{"rendered":"<div class=\"wpb-content-wrapper\">[vc_row][vc_column][vc_column_text el_class=\u00a0\u00bbintro\u00a0\u00bb]\n<p style=\"text-align: left;\" align=\"left\">Le Moian\u00e8s, destination traditionnelle des randonneurs, dispose d&rsquo;un ample r\u00e9seau de chemins balis\u00e9s qui permet de choisir sa randonn\u00e9e selon diff\u00e9rents niveaux. Vous pouvez choisir entre une promenade d&rsquo;une demi-journ\u00e9e ou des travers\u00e9es d&rsquo;un jour ou plus. Le doux relief du Moian\u00e8s facilite les travers\u00e9es entre villages.<\/p>\n<p style=\"text-align: left;\">Que vous les fassiez \u00e0 pied, en v\u00e9lo ou \u00e0 cheval, vous trouverez un int\u00e9r\u00eat particulier aux visites des ch\u00eanaies de Collsuspina et de Santa Coloma Sasserra, de la petite h\u00eatraie de la Sauva Negre de Castellcir, des chapelles de Sant Cugat de Gavadons de Collsuspina, de Sant Llogari et de Sant Juli\u00e0 d&rsquo;Uixols de Castellter\u00e7ol, du point de vue panoramique du Pla de Trullars \u00e0 Monistrol de Calders, du Puig Rod\u00f3 de Moi\u00e0, des Gorgs Blaus de Monsitrol de Calders, de la rivi\u00e8re del Perer sur la commune de Moi\u00e0, du Mol\u00ed d&rsquo;en Sala de Monistrol de Calders, etc.<\/p>\n<p style=\"text-align: left;\">Vous trouverez ici des itin\u00e9raires assez longs comme la Ronda del Moian\u00e8s, qui passe par les dix communes, ou bien l&rsquo;itin\u00e9raire des Territoris Serens (Territoires Sereins) qui traverse le Moian\u00e8s\u00a0; vous pourrez suivre l&rsquo;ancien Cam\u00ed Ral, r\u00e9cemment restaur\u00e9. Il y a aussi des itin\u00e9raires plus courts au c\u0153ur des villages, adapt\u00e9s \u00e0 tous les niveaux et \u00e0 tous les \u00e2ges. Vous pourrez les faire \u00e0 pied, \u00e0 v\u00e9lo, \u00e0 cheval&#8230;<\/p>\n<p style=\"text-align: left;\"><strong>Venez d\u00e9couvrir le Moian\u00e8s!<\/strong><\/p>\n[\/vc_column_text][vc_empty_space][\/vc_column][\/vc_row][vc_row][vc_column][vc_custom_heading source=\u00a0\u00bbpost_title\u00a0\u00bb font_container=\u00a0\u00bbtag:h1|text_align:left\u00a0\u00bb use_theme_fonts=\u00a0\u00bbyes\u00a0\u00bb el_class=\u00a0\u00bbportfolio\u00a0\u00bb][vc_separator][vc_basic_grid post_type=\u00a0\u00bbproject\u00a0\u00bb max_items=\u00a0\u00bb\u00a0\u00bb show_filter=\u00a0\u00bbyes\u00a0\u00bb element_width=\u00a0\u00bb3&Prime; orderby=\u00a0\u00bbtitle\u00a0\u00bb order=\u00a0\u00bbASC\u00a0\u00bb filter_style=\u00a0\u00bbbordered-rounded\u00a0\u00bb item=\u00a0\u00bb10741&Prime; grid_id=\u00a0\u00bbvc_gid:1562841907711-121dc32d-82cd-2&Prime; taxonomies=\u00a0\u00bb481&Prime; filter_source=\u00a0\u00bbfilter-portfolio\u00a0\u00bb][\/vc_column][\/vc_row][vc_row][vc_column][vc_empty_space height=\u00a0\u00bb100px\u00a0\u00bb][\/vc_column][\/vc_row]\n<\/div>","protected":false},"excerpt":{"rendered":"<p>[vc_row][vc_column][vc_column_text el_class=\u00a0\u00bbintro\u00a0\u00bb] Le Moian\u00e8s, destination traditionnelle des randonneurs, dispose d&rsquo;un ample r\u00e9seau de chemins balis\u00e9s qui permet de choisir sa randonn\u00e9e selon diff\u00e9rents niveaux. Vous pouvez choisir entre une promenade d&rsquo;une demi-journ\u00e9e ou des travers\u00e9es d&rsquo;un jour ou plus. Le doux relief du Moian\u00e8s facilite les travers\u00e9es entre villages. Que vous les fassiez \u00e0 pied, [&hellip;]<\/p>\n","protected":false},"author":1,"featured_media":0,"parent":0,"menu_order":5,"comment_status":"closed","ping_status":"closed","template":"page-templates\/page-content-home.php","meta":{"_acf_changed":false,"_monsterinsights_skip_tracking":false,"_monsterinsights_sitenote_active":false,"_monsterinsights_sitenote_note":"","_monsterinsights_sitenote_category":0,"footnotes":""},"class_list":["post-6496","page","type-page","status-publish","hentry"],"acf":[],"_links":{"self":[{"href":"https:\/\/moianesturisme.cat\/fr\/wp-json\/wp\/v2\/pages\/6496","targetHints":{"allow":["GET"]}}],"collection":[{"href":"https:\/\/moianesturisme.cat\/fr\/wp-json\/wp\/v2\/pages"}],"about":[{"href":"https:\/\/moianesturisme.cat\/fr\/wp-json\/wp\/v2\/types\/page"}],"author":[{"embeddable":true,"href":"https:\/\/moianesturisme.cat\/fr\/wp-json\/wp\/v2\/users\/1"}],"replies":[{"embeddable":true,"href":"https:\/\/moianesturisme.cat\/fr\/wp-json\/wp\/v2\/comments?post=6496"}],"version-history":[{"count":8,"href":"https:\/\/moianesturisme.cat\/fr\/wp-json\/wp\/v2\/pages\/6496\/revisions"}],"predecessor-version":[{"id":11984,"href":"https:\/\/moianesturisme.cat\/fr\/wp-json\/wp\/v2\/pages\/6496\/revisions\/11984"}],"wp:attachment":[{"href":"https:\/\/moianesturisme.cat\/fr\/wp-json\/wp\/v2\/media?parent=6496"}],"curies":[{"name":"wp","href":"https:\/\/api.w.org\/{rel}","templated":true}]}}

Itinéraires touristiques

<div class="wpb-content-wrapper">[vc_row][vc_column][vc_column_text el_class= »intro »]
<p style="text-align: left;" align="left">Le Moianès, destination traditionnelle des randonneurs, dispose d&rsquo;un ample réseau de chemins balisés qui permet de choisir sa randonnée selon différents niveaux. Vous pouvez choisir entre une promenade d&rsquo;une demi-journée ou des traversées d&rsquo;un jour ou plus. Le doux relief du Moianès facilite les traversées entre villages.</p>
<p style="text-align: left;">Que vous les fassiez à pied, en vélo ou à cheval, vous trouverez un intérêt particulier aux visites des chênaies de Collsuspina et de Santa Coloma Sasserra, de la petite hêtraie de la Sauva Negre de Castellcir, des chapelles de Sant Cugat de Gavadons de Collsuspina, de Sant Llogari et de Sant Julià d&rsquo;Uixols de Castellterçol, du point de vue panoramique du Pla de Trullars à Monistrol de Calders, du Puig Rodó de Moià, des Gorgs Blaus de Monsitrol de Calders, de la rivière del Perer sur la commune de Moià, du Molí d&rsquo;en Sala de Monistrol de Calders, etc.</p>
<p style="text-align: left;">Vous trouverez ici des itinéraires assez longs comme la Ronda del Moianès, qui passe par les dix communes, ou bien l&rsquo;itinéraire des Territoris Serens (Territoires Sereins) qui traverse le Moianès ; vous pourrez suivre l&rsquo;ancien Camí Ral, récemment restauré. Il y a aussi des itinéraires plus courts au cœur des villages, adaptés à tous les niveaux et à tous les âges. Vous pourrez les faire à pied, à vélo, à cheval&#8230;</p>
<p style="text-align: left;"><strong>Venez découvrir le Moianès!</strong></p>
[/vc_column_text][vc_empty_space][/vc_column][/vc_row][vc_row][vc_column][vc_custom_heading source= »post_title » font_container= »tag:h1|text_align:left » use_theme_fonts= »yes » el_class= »portfolio »][vc_separator][vc_basic_grid post_type= »project » max_items= » » show_filter= »yes » element_width= »3&Prime; orderby= »title » order= »ASC » filter_style= »bordered-rounded » item= »10741&Prime; grid_id= »vc_gid:1562841907711-121dc32d-82cd-2&Prime; taxonomies= »481&Prime; filter_source= »filter-portfolio »][/vc_column][/vc_row][vc_row][vc_column][vc_empty_space height= »100px »][/vc_column][/vc_row]
</div>

<p>[vc_row][vc_column][vc_column_text el_class= »intro »] Le Moianès, destination traditionnelle des randonneurs, dispose d&rsquo;un ample réseau de chemins balisés qui permet de choisir sa randonnée selon différents niveaux. Vous pouvez choisir entre une promenade d&rsquo;une demi-journée ou des traversées d&rsquo;un jour ou plus. Le doux relief du Moianès facilite les traversées entre villages. Que vous les fassiez à pied, [&hellip;]</p>
