{"id":6464,"date":"2015-05-11T11:57:13","date_gmt":"2015-05-11T10:57:13","guid":{"rendered":"http:\/\/moianesturisme.cat\/fr\/fires-i-festes\/"},"modified":"2019-05-24T18:15:18","modified_gmt":"2019-05-24T17:15:18","slug":"foires-et-festivals","status":"publish","type":"page","link":"https:\/\/moianesturisme.cat\/fr\/foires-et-festivals\/","title":{"rendered":"Foires et festivals"},"content":{"rendered":"<div class=\"wpb-content-wrapper\">[vc_row][vc_column][vc_column_text el_class=\u00a0\u00bbintro\u00a0\u00bb]\n<p style=\"text-align: left;\">Le Moian\u00e8s est une r\u00e9gion \u00e0 la vie sociale et culturelle ancr\u00e9e dans son terroir. Une bonne partie de ses citoyens participe \u00e0 la vie associative. Ce sont des associations vivantes et dynamiques, qui organisent des activit\u00e9s et des f\u00eates au village.<\/p>\n<p style=\"text-align: left;\">Aux f\u00eates traditionnelles les plus typiques se sont ajout\u00e9es d&rsquo;autres f\u00eates culturelles promues par des associations locales.<\/p>\n<p style=\"text-align: left;\">Vous trouverez dans cette rubrique l&rsquo;information actualis\u00e9e concernant les foires et f\u00eates les plus importantes par saison et par commune.<\/p>\n[\/vc_column_text][vc_empty_space][\/vc_column][\/vc_row][vc_row][vc_column][vc_custom_heading source=\u00a0\u00bbpost_title\u00a0\u00bb font_container=\u00a0\u00bbtag:h1|text_align:left\u00a0\u00bb use_theme_fonts=\u00a0\u00bbyes\u00a0\u00bb el_class=\u00a0\u00bbportfolio\u00a0\u00bb][vc_separator][vc_basic_grid post_type=\u00a0\u00bbproject\u00a0\u00bb max_items=\u00a0\u00bb\u00a0\u00bb show_filter=\u00a0\u00bbyes\u00a0\u00bb element_width=\u00a0\u00bb3&Prime; orderby=\u00a0\u00bbtitle\u00a0\u00bb order=\u00a0\u00bbASC\u00a0\u00bb filter_style=\u00a0\u00bbbordered-rounded\u00a0\u00bb item=\u00a0\u00bb10741&Prime; grid_id=\u00a0\u00bbvc_gid:1558718064312-58053892-20ec-0&Prime; taxonomies=\u00a0\u00bb28&Prime; filter_source=\u00a0\u00bbfilter-portfolio\u00a0\u00bb][\/vc_column][\/vc_row][vc_row][vc_column][vc_empty_space height=\u00a0\u00bb100px\u00a0\u00bb][\/vc_column][\/vc_row]\n<\/div>","protected":false},"excerpt":{"rendered":"<p>[vc_row][vc_column][vc_column_text el_class=\u00a0\u00bbintro\u00a0\u00bb] Le Moian\u00e8s est une r\u00e9gion \u00e0 la vie sociale et culturelle ancr\u00e9e dans son terroir. Une bonne partie de ses citoyens participe \u00e0 la vie associative. Ce sont des associations vivantes et dynamiques, qui organisent des activit\u00e9s et des f\u00eates au village. Aux f\u00eates traditionnelles les plus typiques se sont ajout\u00e9es d&rsquo;autres f\u00eates [&hellip;]<\/p>\n","protected":false},"author":1,"featured_media":0,"parent":0,"menu_order":7,"comment_status":"closed","ping_status":"closed","template":"page-templates\/page-content-home.php","meta":{"_acf_changed":false,"_monsterinsights_skip_tracking":false,"_monsterinsights_sitenote_active":false,"_monsterinsights_sitenote_note":"","_monsterinsights_sitenote_category":0,"footnotes":""},"class_list":["post-6464","page","type-page","status-publish","hentry"],"acf":[],"_links":{"self":[{"href":"https:\/\/moianesturisme.cat\/fr\/wp-json\/wp\/v2\/pages\/6464","targetHints":{"allow":["GET"]}}],"collection":[{"href":"https:\/\/moianesturisme.cat\/fr\/wp-json\/wp\/v2\/pages"}],"about":[{"href":"https:\/\/moianesturisme.cat\/fr\/wp-json\/wp\/v2\/types\/page"}],"author":[{"embeddable":true,"href":"https:\/\/moianesturisme.cat\/fr\/wp-json\/wp\/v2\/users\/1"}],"replies":[{"embeddable":true,"href":"https:\/\/moianesturisme.cat\/fr\/wp-json\/wp\/v2\/comments?post=6464"}],"version-history":[{"count":7,"href":"https:\/\/moianesturisme.cat\/fr\/wp-json\/wp\/v2\/pages\/6464\/revisions"}],"predecessor-version":[{"id":11661,"href":"https:\/\/moianesturisme.cat\/fr\/wp-json\/wp\/v2\/pages\/6464\/revisions\/11661"}],"wp:attachment":[{"href":"https:\/\/moianesturisme.cat\/fr\/wp-json\/wp\/v2\/media?parent=6464"}],"curies":[{"name":"wp","href":"https:\/\/api.w.org\/{rel}","templated":true}]}}

<div class="wpb-content-wrapper">[vc_row][vc_column][vc_column_text el_class= »intro »]
<p style="text-align: left;">Le Moianès est une région à la vie sociale et culturelle ancrée dans son terroir. Une bonne partie de ses citoyens participe à la vie associative. Ce sont des associations vivantes et dynamiques, qui organisent des activités et des fêtes au village.</p>
<p style="text-align: left;">Aux fêtes traditionnelles les plus typiques se sont ajoutées d&rsquo;autres fêtes culturelles promues par des associations locales.</p>
<p style="text-align: left;">Vous trouverez dans cette rubrique l&rsquo;information actualisée concernant les foires et fêtes les plus importantes par saison et par commune.</p>
[/vc_column_text][vc_empty_space][/vc_column][/vc_row][vc_row][vc_column][vc_custom_heading source= »post_title » font_container= »tag:h1|text_align:left » use_theme_fonts= »yes » el_class= »portfolio »][vc_separator][vc_basic_grid post_type= »project » max_items= » » show_filter= »yes » element_width= »3&Prime; orderby= »title » order= »ASC » filter_style= »bordered-rounded » item= »10741&Prime; grid_id= »vc_gid:1558718064312-58053892-20ec-0&Prime; taxonomies= »28&Prime; filter_source= »filter-portfolio »][/vc_column][/vc_row][vc_row][vc_column][vc_empty_space height= »100px »][/vc_column][/vc_row]
</div>

<p>[vc_row][vc_column][vc_column_text el_class= »intro »] Le Moianès est une région à la vie sociale et culturelle ancrée dans son terroir. Une bonne partie de ses citoyens participe à la vie associative. Ce sont des associations vivantes et dynamiques, qui organisent des activités et des fêtes au village. Aux fêtes traditionnelles les plus typiques se sont ajoutées d&rsquo;autres fêtes [&hellip;]</p>
