{"id":12977,"date":"2020-03-31T08:04:11","date_gmt":"2020-03-31T07:04:11","guid":{"rendered":"http:\/\/moianesturisme.cat\/?page_id=12977"},"modified":"2020-03-31T08:04:11","modified_gmt":"2020-03-31T07:04:11","slug":"itineraires-vtt","status":"publish","type":"page","link":"https:\/\/moianesturisme.cat\/fr\/itineraires-touristiques\/itineraires-vtt\/","title":{"rendered":"Itin\u00e9raires VTT"},"content":{"rendered":"<div class=\"wpb-content-wrapper\">[vc_row][vc_column][vc_column_text el_class=\u00a0\u00bbintro\u00a0\u00bb]\n<p style=\"text-align: left;\">Nous faisons une s\u00e9lection des itin\u00e9raires les plus longs, avec des sentiers adapt\u00e9s et des itin\u00e9raires pour le v\u00e9lo. Prenez votre v\u00e9lo et pr\u00e9parez-vous \u00e0 visiter le Moian\u00e8s, une destination touristique avec un paysage doux et vallonn\u00e9 id\u00e9al pour le v\u00e9lo.<\/p>\n[\/vc_column_text][vc_empty_space][\/vc_column][\/vc_row][vc_row][vc_column][vc_custom_heading source=\u00a0\u00bbpost_title\u00a0\u00bb font_container=\u00a0\u00bbtag:h1|text_align:left\u00a0\u00bb use_theme_fonts=\u00a0\u00bbyes\u00a0\u00bb el_class=\u00a0\u00bbportfolio\u00a0\u00bb][vc_separator][vc_basic_grid post_type=\u00a0\u00bbproject\u00a0\u00bb max_items=\u00a0\u00bb\u00a0\u00bb show_filter=\u00a0\u00bbyes\u00a0\u00bb element_width=\u00a0\u00bb3&Prime; orderby=\u00a0\u00bbtitle\u00a0\u00bb order=\u00a0\u00bbASC\u00a0\u00bb filter_style=\u00a0\u00bbbordered-rounded\u00a0\u00bb item=\u00a0\u00bb10741&Prime; grid_id=\u00a0\u00bbvc_gid:1585638210986-b849703a-15e0-7&Prime; taxonomies=\u00a0\u00bb760&Prime; filter_source=\u00a0\u00bbfilter-portfolio\u00a0\u00bb][\/vc_column][\/vc_row][vc_row][vc_column][vc_empty_space height=\u00a0\u00bb100px\u00a0\u00bb][\/vc_column][\/vc_row]\n<\/div>","protected":false},"excerpt":{"rendered":"<p>[vc_row][vc_column][vc_column_text el_class=\u00a0\u00bbintro\u00a0\u00bb] Nous faisons une s\u00e9lection des itin\u00e9raires les plus longs, avec des sentiers adapt\u00e9s et des itin\u00e9raires pour le v\u00e9lo. Prenez votre v\u00e9lo et pr\u00e9parez-vous \u00e0 visiter le Moian\u00e8s, une destination touristique avec un paysage doux et vallonn\u00e9 id\u00e9al pour le v\u00e9lo. [\/vc_column_text][vc_empty_space][\/vc_column][\/vc_row][vc_row][vc_column][vc_custom_heading source=\u00a0\u00bbpost_title\u00a0\u00bb font_container=\u00a0\u00bbtag:h1|text_align:left\u00a0\u00bb use_theme_fonts=\u00a0\u00bbyes\u00a0\u00bb el_class=\u00a0\u00bbportfolio\u00a0\u00bb][vc_separator][vc_basic_grid post_type=\u00a0\u00bbproject\u00a0\u00bb max_items=\u00a0\u00bb\u00a0\u00bb show_filter=\u00a0\u00bbyes\u00a0\u00bb element_width=\u00a0\u00bb3&Prime; orderby=\u00a0\u00bbtitle\u00a0\u00bb order=\u00a0\u00bbASC\u00a0\u00bb filter_style=\u00a0\u00bbbordered-rounded\u00a0\u00bb [&hellip;]<\/p>\n","protected":false},"author":7,"featured_media":0,"parent":6496,"menu_order":3,"comment_status":"closed","ping_status":"closed","template":"page-templates\/page-content-home.php","meta":{"_acf_changed":false,"_monsterinsights_skip_tracking":false,"_monsterinsights_sitenote_active":false,"_monsterinsights_sitenote_note":"","_monsterinsights_sitenote_category":0,"footnotes":""},"class_list":["post-12977","page","type-page","status-publish","hentry"],"acf":[],"_links":{"self":[{"href":"https:\/\/moianesturisme.cat\/fr\/wp-json\/wp\/v2\/pages\/12977","targetHints":{"allow":["GET"]}}],"collection":[{"href":"https:\/\/moianesturisme.cat\/fr\/wp-json\/wp\/v2\/pages"}],"about":[{"href":"https:\/\/moianesturisme.cat\/fr\/wp-json\/wp\/v2\/types\/page"}],"author":[{"embeddable":true,"href":"https:\/\/moianesturisme.cat\/fr\/wp-json\/wp\/v2\/users\/7"}],"replies":[{"embeddable":true,"href":"https:\/\/moianesturisme.cat\/fr\/wp-json\/wp\/v2\/comments?post=12977"}],"version-history":[{"count":1,"href":"https:\/\/moianesturisme.cat\/fr\/wp-json\/wp\/v2\/pages\/12977\/revisions"}],"predecessor-version":[{"id":13012,"href":"https:\/\/moianesturisme.cat\/fr\/wp-json\/wp\/v2\/pages\/12977\/revisions\/13012"}],"up":[{"embeddable":true,"href":"https:\/\/moianesturisme.cat\/fr\/wp-json\/wp\/v2\/pages\/6496"}],"wp:attachment":[{"href":"https:\/\/moianesturisme.cat\/fr\/wp-json\/wp\/v2\/media?parent=12977"}],"curies":[{"name":"wp","href":"https:\/\/api.w.org\/{rel}","templated":true}]}}

Itinéraires VTT

<div class="wpb-content-wrapper">[vc_row][vc_column][vc_column_text el_class= »intro »]
<p style="text-align: left;">Nous faisons une sélection des itinéraires les plus longs, avec des sentiers adaptés et des itinéraires pour le vélo. Prenez votre vélo et préparez-vous à visiter le Moianès, une destination touristique avec un paysage doux et vallonné idéal pour le vélo.</p>
[/vc_column_text][vc_empty_space][/vc_column][/vc_row][vc_row][vc_column][vc_custom_heading source= »post_title » font_container= »tag:h1|text_align:left » use_theme_fonts= »yes » el_class= »portfolio »][vc_separator][vc_basic_grid post_type= »project » max_items= » » show_filter= »yes » element_width= »3&Prime; orderby= »title » order= »ASC » filter_style= »bordered-rounded » item= »10741&Prime; grid_id= »vc_gid:1585638210986-b849703a-15e0-7&Prime; taxonomies= »760&Prime; filter_source= »filter-portfolio »][/vc_column][/vc_row][vc_row][vc_column][vc_empty_space height= »100px »][/vc_column][/vc_row]
</div>

<p>[vc_row][vc_column][vc_column_text el_class= »intro »] Nous faisons une sélection des itinéraires les plus longs, avec des sentiers adaptés et des itinéraires pour le vélo. Prenez votre vélo et préparez-vous à visiter le Moianès, une destination touristique avec un paysage doux et vallonné idéal pour le vélo. [/vc_column_text][vc_empty_space][/vc_column][/vc_row][vc_row][vc_column][vc_custom_heading source= »post_title » font_container= »tag:h1|text_align:left » use_theme_fonts= »yes » el_class= »portfolio »][vc_separator][vc_basic_grid post_type= »project » max_items= » » show_filter= »yes » element_width= »3&Prime; orderby= »title » order= »ASC » filter_style= »bordered-rounded » [&hellip;]</p>
