{"id":6454,"date":"2013-10-10T07:59:08","date_gmt":"2013-10-10T07:59:08","guid":{"rendered":"http:\/\/moianesturisme.cat\/es\/elmoianes\/"},"modified":"2020-06-01T13:59:15","modified_gmt":"2020-06-01T12:59:15","slug":"elmoianes","status":"publish","type":"page","link":"https:\/\/moianesturisme.cat\/es\/home\/elmoianes\/","title":{"rendered":"El Moian\u00e8s"},"content":{"rendered":"<div class=\"wpb-content-wrapper\">[vc_row][vc_column][vc_column_text]\n<h1 style=\"text-align: left;\">Benvinguts al <strong>Moian\u00e8s<\/strong>!<\/h1>\n[\/vc_column_text][vc_column_text el_class=\u00bbintro\u00bb]\n<p style=\"text-align: left;\">La comarca del Moian\u00e8s presenta una geografia pr\u00f2pia ben precisa, una climatologia diferenciada, una vegetaci\u00f3 i uns ecosistemes particulars, una economia distintiva i diversificada, un patrimoni cultural original i desconegut a la vegada, una hist\u00f2ria rica i intensa i una poblaci\u00f3 amb personalitat pr\u00f2pia que li ha donat, des de fa anys, un inter\u00e8s tur\u00edstic i cultural prou interessant.<\/p>\n<p style=\"text-align: left;\">La seva situaci\u00f3 privilegiada, a prop de les ciutats, per\u00f2 lluny al mateix temps, fa que el visitant pugui evadir-se entre els boscos i la natura o b\u00e9 entre pobles, botigues i carrers.<\/p>\n[\/vc_column_text][vc_column_text]\n<h2 style=\"text-align: left;\">VINE I DESCOBREIX-LO!!!<\/h2>\n[\/vc_column_text][vc_empty_space][vc_separator][\/vc_column][\/vc_row][vc_row][vc_column width=\u00bb1\/3&#8243;][vc_column_text el_class=\u00bbno-padding\u00bb]\n<h3>Som 10!<\/h3>\n<p>La comarca del Moian\u00e8s la formen 10 pobles:<\/p>\n<ul>\n<li><a href=\"http:\/\/moianesturisme.cat\/home\/som-10-pobles\/calders\/\">Calders<\/a><\/li>\n<li><a href=\"\/?page_id=1809\">Castellcir<\/a><\/li>\n<li><a href=\"\/?page_id=1749\">Castellter\u00e7ol<\/a><\/li>\n<li><a href=\"\/?page_id=1767\">Collsuspina<\/a><\/li>\n<li><a href=\"\/?page_id=1764\">L\u2019Estany<\/a><\/li>\n<li><a href=\"\/?page_id=1799\">Granera<\/a><\/li>\n<li><a href=\"\/?page_id=1755\">Moi\u00e0<\/a><\/li>\n<li><a href=\"\/?page_id=1791\">Monistrol de Calders<\/a><\/li>\n<li><a href=\"\/?page_id=1803\">Santa Maria d\u2019Ol\u00f3<\/a><\/li>\n<li><a href=\"\/?page_id=1795\">Sant Quirze de Safaja<\/a><\/li>\n<\/ul>\n[\/vc_column_text][\/vc_column][vc_column width=\u00bb1\/3&#8243;][vc_column_text]Camins de pedra. Camins vell i savis, han vist traginar la pedra amunt i avall. L\u2019han treta dels camps per fer-ne marjades i barraques de vinya, basses de molins i poues de gel. <a href=\"http:\/\/moianesturisme.cat\/elmoianes\/ecomuseu\/\"><em>Seguir llegint\u2026<\/em><\/a>[\/vc_column_text][vc_empty_space height=\u00bb20px\u00bb][vc_single_image image=\u00bb1739&#8243; img_size=\u00bbfull\u00bb onclick=\u00bbcustom_link\u00bb link=\u00bbhttp:\/\/moianesturisme.cat\/ecomuseu\/\u00bb][\/vc_column][vc_column width=\u00bb1\/3&#8243;][vc_column_text]L\u2019objectiu principal del Consorci \u00e9s la promoci\u00f3 econ\u00f2mica dels municipis del Moian\u00e8s planificant i executant accions destinades a dinamitzar econ\u00f2micament el territori.[\/vc_column_text][vc_empty_space height=\u00bb20px\u00bb][vc_single_image image=\u00bb11106&#8243; img_size=\u00bb110&#215;95&#8243; onclick=\u00bbcustom_link\u00bb img_link_target=\u00bb_blank\u00bb link=\u00bbhttp:\/\/www.consorcidelmoianes.cat\u00bb][vc_single_image image=\u00bb11098&#8243; img_size=\u00bb170&#215;51&#8243; onclick=\u00bbcustom_link\u00bb img_link_target=\u00bb_blank\u00bb link=\u00bbhttp:\/\/www.ccmoianes.cat\u00bb][\/vc_column][\/vc_row][vc_row][vc_column][vc_separator][\/vc_column][\/vc_row][vc_row][vc_column][vc_gmaps link=\u00bb#E-8_JTNDaWZyYW1lJTIwc3JjJTNEJTIyaHR0cHMlM0ElMkYlMkZ3d3cuZ29vZ2xlLmNvbSUyRm1hcHMlMkZlbWJlZCUzRnBiJTNEJTIxMW0xOCUyMTFtMTIlMjExbTMlMjExZDk1MTQwLjQ1NjYzODYzMTU3JTIxMmQyLjAxNTczOTY2MTE5NzgwMSUyMTNkNDEuODI1Mjk5MTIyNDQ3NzQ2JTIxMm0zJTIxMWYwJTIxMmYwJTIxM2YwJTIxM20yJTIxMWkxMDI0JTIxMmk3NjglMjE0ZjEzLjElMjEzbTMlMjExbTIlMjExczB4MTJhNGU0MTIwMGU4ZjFmMSUyNTNBMHhjNjJjZGFiN2QxNGE3MDQlMjEyelJXd2dUVzlwWVc3RHFITXNJRTF2ZWNPaExDQkNZWEpqWld4dmJtRSUyMTVlMCUyMTNtMiUyMTFzZXMlMjEyc2VzJTIxNHYxNTUwMjIzMDQ3NDcyJTIyJTIwd2lkdGglM0QlMjI2MDAlMjIlMjBoZWlnaHQlM0QlMjI0NTAlMjIlMjBmcmFtZWJvcmRlciUzRCUyMjAlMjIlMjBzdHlsZSUzRCUyMmJvcmRlciUzQTAlMjIlMjBhbGxvd2Z1bGxzY3JlZW4lM0UlM0MlMkZpZnJhbWUlM0U=\u00bb][\/vc_column][\/vc_row]\n<\/div>","protected":false},"excerpt":{"rendered":"<p>[vc_row][vc_column][vc_column_text] Benvinguts al Moian\u00e8s! [\/vc_column_text][vc_column_text el_class=\u00bbintro\u00bb] La comarca del Moian\u00e8s presenta una geografia pr\u00f2pia ben precisa, una climatologia diferenciada, una vegetaci\u00f3 i uns ecosistemes particulars, una economia distintiva i diversificada, un patrimoni cultural original i desconegut a la vegada, una hist\u00f2ria rica i intensa i una poblaci\u00f3 amb personalitat pr\u00f2pia que li ha donat, des [&hellip;]<\/p>\n","protected":false},"author":1,"featured_media":0,"parent":13276,"menu_order":1,"comment_status":"open","ping_status":"open","template":"page-templates\/page-content-home.php","meta":{"_acf_changed":false,"_monsterinsights_skip_tracking":false,"_monsterinsights_sitenote_active":false,"_monsterinsights_sitenote_note":"","_monsterinsights_sitenote_category":0,"footnotes":""},"class_list":["post-6454","page","type-page","status-publish","hentry"],"acf":[],"_links":{"self":[{"href":"https:\/\/moianesturisme.cat\/es\/wp-json\/wp\/v2\/pages\/6454","targetHints":{"allow":["GET"]}}],"collection":[{"href":"https:\/\/moianesturisme.cat\/es\/wp-json\/wp\/v2\/pages"}],"about":[{"href":"https:\/\/moianesturisme.cat\/es\/wp-json\/wp\/v2\/types\/page"}],"author":[{"embeddable":true,"href":"https:\/\/moianesturisme.cat\/es\/wp-json\/wp\/v2\/users\/1"}],"replies":[{"embeddable":true,"href":"https:\/\/moianesturisme.cat\/es\/wp-json\/wp\/v2\/comments?post=6454"}],"version-history":[{"count":22,"href":"https:\/\/moianesturisme.cat\/es\/wp-json\/wp\/v2\/pages\/6454\/revisions"}],"predecessor-version":[{"id":13775,"href":"https:\/\/moianesturisme.cat\/es\/wp-json\/wp\/v2\/pages\/6454\/revisions\/13775"}],"up":[{"embeddable":true,"href":"https:\/\/moianesturisme.cat\/es\/wp-json\/wp\/v2\/pages\/13276"}],"wp:attachment":[{"href":"https:\/\/moianesturisme.cat\/es\/wp-json\/wp\/v2\/media?parent=6454"}],"curies":[{"name":"wp","href":"https:\/\/api.w.org\/{rel}","templated":true}]}}

El Moianès

<div class="wpb-content-wrapper">[vc_row][vc_column][vc_column_text]
<h1 style="text-align: left;">Benvinguts al <strong>Moianès</strong>!</h1>
[/vc_column_text][vc_column_text el_class=»intro»]
<p style="text-align: left;">La comarca del Moianès presenta una geografia pròpia ben precisa, una climatologia diferenciada, una vegetació i uns ecosistemes particulars, una economia distintiva i diversificada, un patrimoni cultural original i desconegut a la vegada, una història rica i intensa i una població amb personalitat pròpia que li ha donat, des de fa anys, un interès turístic i cultural prou interessant.</p>
<p style="text-align: left;">La seva situació privilegiada, a prop de les ciutats, però lluny al mateix temps, fa que el visitant pugui evadir-se entre els boscos i la natura o bé entre pobles, botigues i carrers.</p>
[/vc_column_text][vc_column_text]
<h2 style="text-align: left;">VINE I DESCOBREIX-LO!!!</h2>
[/vc_column_text][vc_empty_space][vc_separator][/vc_column][/vc_row][vc_row][vc_column width=»1/3&#8243;][vc_column_text el_class=»no-padding»]
<h3>Som 10!</h3>
<p>La comarca del Moianès la formen 10 pobles:</p>
<ul>
<li><a href="http://moianesturisme.cat/home/som-10-pobles/calders/">Calders</a></li>
<li><a href="/?page_id=1809">Castellcir</a></li>
<li><a href="/?page_id=1749">Castellterçol</a></li>
<li><a href="/?page_id=1767">Collsuspina</a></li>
<li><a href="/?page_id=1764">L’Estany</a></li>
<li><a href="/?page_id=1799">Granera</a></li>
<li><a href="/?page_id=1755">Moià</a></li>
<li><a href="/?page_id=1791">Monistrol de Calders</a></li>
<li><a href="/?page_id=1803">Santa Maria d’Oló</a></li>
<li><a href="/?page_id=1795">Sant Quirze de Safaja</a></li>
</ul>
[/vc_column_text][/vc_column][vc_column width=»1/3&#8243;][vc_column_text]Camins de pedra. Camins vell i savis, han vist traginar la pedra amunt i avall. L’han treta dels camps per fer-ne marjades i barraques de vinya, basses de molins i poues de gel. <a href="http://moianesturisme.cat/elmoianes/ecomuseu/"><em>Seguir llegint…</em></a>[/vc_column_text][vc_empty_space height=»20px»][vc_single_image image=»1739&#8243; img_size=»full» onclick=»custom_link» link=»http://moianesturisme.cat/ecomuseu/»][/vc_column][vc_column width=»1/3&#8243;][vc_column_text]L’objectiu principal del Consorci és la promoció econòmica dels municipis del Moianès planificant i executant accions destinades a dinamitzar econòmicament el territori.[/vc_column_text][vc_empty_space height=»20px»][vc_single_image image=»11106&#8243; img_size=»110&#215;95&#8243; onclick=»custom_link» img_link_target=»_blank» link=»http://www.consorcidelmoianes.cat»][vc_single_image image=»11098&#8243; img_size=»170&#215;51&#8243; onclick=»custom_link» img_link_target=»_blank» link=»http://www.ccmoianes.cat»][/vc_column][/vc_row][vc_row][vc_column][vc_separator][/vc_column][/vc_row][vc_row][vc_column][vc_gmaps link=»#E-8_JTNDaWZyYW1lJTIwc3JjJTNEJTIyaHR0cHMlM0ElMkYlMkZ3d3cuZ29vZ2xlLmNvbSUyRm1hcHMlMkZlbWJlZCUzRnBiJTNEJTIxMW0xOCUyMTFtMTIlMjExbTMlMjExZDk1MTQwLjQ1NjYzODYzMTU3JTIxMmQyLjAxNTczOTY2MTE5NzgwMSUyMTNkNDEuODI1Mjk5MTIyNDQ3NzQ2JTIxMm0zJTIxMWYwJTIxMmYwJTIxM2YwJTIxM20yJTIxMWkxMDI0JTIxMmk3NjglMjE0ZjEzLjElMjEzbTMlMjExbTIlMjExczB4MTJhNGU0MTIwMGU4ZjFmMSUyNTNBMHhjNjJjZGFiN2QxNGE3MDQlMjEyelJXd2dUVzlwWVc3RHFITXNJRTF2ZWNPaExDQkNZWEpqWld4dmJtRSUyMTVlMCUyMTNtMiUyMTFzZXMlMjEyc2VzJTIxNHYxNTUwMjIzMDQ3NDcyJTIyJTIwd2lkdGglM0QlMjI2MDAlMjIlMjBoZWlnaHQlM0QlMjI0NTAlMjIlMjBmcmFtZWJvcmRlciUzRCUyMjAlMjIlMjBzdHlsZSUzRCUyMmJvcmRlciUzQTAlMjIlMjBhbGxvd2Z1bGxzY3JlZW4lM0UlM0MlMkZpZnJhbWUlM0U=»][/vc_column][/vc_row]
</div>

<p>[vc_row][vc_column][vc_column_text] Benvinguts al Moianès! [/vc_column_text][vc_column_text el_class=»intro»] La comarca del Moianès presenta una geografia pròpia ben precisa, una climatologia diferenciada, una vegetació i uns ecosistemes particulars, una economia distintiva i diversificada, un patrimoni cultural original i desconegut a la vegada, una història rica i intensa i una població amb personalitat pròpia que li ha donat, des [&hellip;]</p>
