{"id":13316,"date":"2013-10-27T22:47:30","date_gmt":"2013-10-27T22:47:30","guid":{"rendered":"http:\/\/moianesturisme.cat\/home\/somos-10-pueblos\/st-quirze-de-safaja\/"},"modified":"2020-06-01T10:13:36","modified_gmt":"2020-06-01T09:13:36","slug":"st-quirze-de-safaja","status":"publish","type":"page","link":"https:\/\/moianesturisme.cat\/es\/home\/somos-10-pueblos\/st-quirze-de-safaja\/","title":{"rendered":"Sant Quirze Safaja"},"content":{"rendered":"<div class=\"wpb-content-wrapper\">[vc_row][vc_column][vc_custom_heading text=\u00bbSant Quirze Safaja\u00bb font_container=\u00bbtag:h1|text_align:left\u00bb use_theme_fonts=\u00bbyes\u00bb][vc_empty_space height=\u00bb16px\u00bb][vc_separator][\/vc_column][\/vc_row][vc_row][vc_column width=\u00bb2\/3&#8243;][vc_single_image image=\u00bb1798&#8243; img_size=\u00bbfull\u00bb][vc_empty_space height=\u00bb16px\u00bb][vc_custom_heading text=\u00bbUn passeig per la poesia i la natura\u00bb use_theme_fonts=\u00bbyes\u00bb][vc_empty_space height=\u00bb6px\u00bb][vc_column_text]Sant Quirze Safaja \u00e9s el poble situat m\u00e9s al sud del Moian\u00e8s. \u00c9s un poble at\u00edpic, en el sentit que no t\u00e9 un nucli urb\u00e0, a excepci\u00f3 de l\u2019esgl\u00e9sia parroquial, situada damunt d\u2019un espadat anomenat \u201cLa Mola\u201d i el Carrer Major, que agrupa un conjunt de cases.<\/p>\n<p>Sembla que el nom \u201cSafaja\u201d prov\u00e9 del mot \u201cfai\u201d, que vol dir \u201cfalla\u201d, segurament en al\u00b7lusi\u00f3 a aquesta formaci\u00f3 geogr\u00e0fica.<\/p>\n<p>L\u2019entorn nautral \u00e9s tant delicat i s\u00fabtil que el poble no va cr\u00e8ixer m\u00e9s enll\u00e0 d\u2019un sol carrer. La resta d\u2019habitatges estan repartits pel terme i en diferents urbanitzacions. Aquesta disposici\u00f3 fa que el bosc sigui present arreu. Travessen el terme diversos torrents i rierols i tamb\u00e9 el riu Tenes.<\/p>\n<p>La natura \u00e9s doncs, el principal patrimoni del poble: una natura exhuberant que ha provocat comparacions: \u00e9s com una \u201cpetita Su\u00efssa\u201d, han escrit alguns.<\/p>\n<p>Els quatre elements de la naturas s\u2019uneixen a Sant Quirze per crear un espectacular paisatge: l\u2019aigua que esculpeix formes capricioses a les roques; la terra que d\u00f3na vida a una vegetaci\u00f3 salvatge, l\u2019aire fresc que talla l\u2019al\u00e8 i el foc, que va donar calor als nostres avant passats prehist\u00f2rics.[\/vc_column_text][\/vc_column][vc_column width=\u00bb1\/3&#8243;][vc_single_image image=\u00bb1797&#8243; img_size=\u00bbfull\u00bb alignment=\u00bbcenter\u00bb][vc_empty_space height=\u00bb16px\u00bb][vc_column_text]\n<h4 style=\"text-align: center;\"><a href=\"http:\/\/www.olo.cat\" target=\"_blank\" rel=\"noopener noreferrer\">olo.cat<\/a><\/h4>\n<p style=\"text-align: center;\">1043 habitants (2018)<br \/>\n66,18 km2<br \/>\n542 metres sobre el nivell del mar<\/p>\n[\/vc_column_text][\/vc_column][\/vc_row][vc_row][vc_column][vc_empty_space][vc_custom_heading text=\u00bbPunts d&#8217;inter\u00e8s\u00bb font_container=\u00bbtag:h3|text_align:left\u00bb use_theme_fonts=\u00bbyes\u00bb][vc_separator][vc_empty_space height=\u00bb16px\u00bb][vc_basic_grid post_type=\u00bbproject\u00bb max_items=\u00bb\u00bb element_width=\u00bb3&#8243; item=\u00bb10741&#8243; grid_id=\u00bbvc_gid:1553519566372-d7c2ef21-c626-5&#8243; taxonomies=\u00bb524&#8243;][vc_empty_space][vc_separator][\/vc_column][\/vc_row][vc_row][vc_column][vc_custom_heading text=\u00bbSom 10 pobles\u00bb use_theme_fonts=\u00bbyes\u00bb][vc_row_inner][vc_column_inner width=\u00bb1\/3&#8243;][vc_column_text el_class=\u00bbno-bullet no-padding\u00bb]\n<ul>\n<li>\n<h4><a href=\"https:\/\/moianesturisme.cat\/es\/home\/somos-10-pueblos\/calders\/\">Calders<\/a><\/h4>\n<\/li>\n<li>\n<h4><a href=\"https:\/\/moianesturisme.cat\/es\/home\/somos-10-pueblos\/castellcir\/\">Castellcir<\/a><\/h4>\n<\/li>\n<li>\n<h4><a href=\"https:\/\/moianesturisme.cat\/es\/home\/somos-10-pueblos\/castelltercol\/\">Castellter\u00e7ol<\/a><\/h4>\n<\/li>\n<li>\n<h4><a href=\"https:\/\/moianesturisme.cat\/es\/home\/somos-10-pueblos\/collsuspina\/\">Collsuspina<\/a><\/h4>\n<\/li>\n<\/ul>\n[\/vc_column_text][\/vc_column_inner][vc_column_inner width=\u00bb1\/3&#8243;][vc_column_text el_class=\u00bbno-bullet no-padding\u00bb]\n<ul>\n<li>\n<h4><a href=\"https:\/\/moianesturisme.cat\/es\/home\/somos-10-pueblos\/lestany\/\">L\u2019Estany<\/a><\/h4>\n<\/li>\n<li>\n<h4><a href=\"https:\/\/moianesturisme.cat\/es\/home\/somos-10-pueblos\/granera\/\">Granera<\/a><\/h4>\n<\/li>\n<li>\n<h4><a href=\"https:\/\/moianesturisme.cat\/es\/home\/somos-10-pueblos\/moia\/\">Moi\u00e0<\/a><\/h4>\n<\/li>\n<\/ul>\n[\/vc_column_text][\/vc_column_inner][vc_column_inner width=\u00bb1\/3&#8243;][vc_column_text el_class=\u00bbno-bullet no-padding\u00bb]\n<ul>\n<li>\n<h4><a href=\"https:\/\/moianesturisme.cat\/es\/home\/somos-10-pueblos\/monistrol-de-calders\/\">Monistrol de Calders<\/a><\/h4>\n<\/li>\n<li>\n<h4><a href=\"\/?page_id=5882\">Santa Maria d\u2019Ol\u00f3<\/a><\/h4>\n<\/li>\n<li>\n<h4><a href=\"\/?page_id=5880\">Sant Quirze de Safaja<\/a><\/h4>\n<\/li>\n<\/ul>\n[\/vc_column_text][\/vc_column_inner][\/vc_row_inner][vc_empty_space height=\u00bb100px\u00bb][\/vc_column][\/vc_row]\n<\/div>","protected":false},"excerpt":{"rendered":"<p>[vc_row][vc_column][vc_custom_heading text=\u00bbSant Quirze Safaja\u00bb font_container=\u00bbtag:h1|text_align:left\u00bb use_theme_fonts=\u00bbyes\u00bb][vc_empty_space height=\u00bb16px\u00bb][vc_separator][\/vc_column][\/vc_row][vc_row][vc_column width=\u00bb2\/3&#8243;][vc_single_image image=\u00bb1798&#8243; img_size=\u00bbfull\u00bb][vc_empty_space height=\u00bb16px\u00bb][vc_custom_heading text=\u00bbUn passeig per la poesia i la natura\u00bb use_theme_fonts=\u00bbyes\u00bb][vc_empty_space height=\u00bb6px\u00bb][vc_column_text]Sant Quirze Safaja \u00e9s el poble situat m\u00e9s al sud del Moian\u00e8s. \u00c9s un poble at\u00edpic, en el sentit que no t\u00e9 un nucli urb\u00e0, a excepci\u00f3 de l\u2019esgl\u00e9sia parroquial, situada damunt d\u2019un espadat anomenat [&hellip;]<\/p>\n","protected":false},"author":1,"featured_media":0,"parent":13282,"menu_order":0,"comment_status":"closed","ping_status":"closed","template":"page-templates\/page-content-home.php","meta":{"_acf_changed":false,"_monsterinsights_skip_tracking":false,"_monsterinsights_sitenote_active":false,"_monsterinsights_sitenote_note":"","_monsterinsights_sitenote_category":0,"footnotes":""},"class_list":["post-13316","page","type-page","status-publish","hentry"],"acf":[],"_links":{"self":[{"href":"https:\/\/moianesturisme.cat\/es\/wp-json\/wp\/v2\/pages\/13316","targetHints":{"allow":["GET"]}}],"collection":[{"href":"https:\/\/moianesturisme.cat\/es\/wp-json\/wp\/v2\/pages"}],"about":[{"href":"https:\/\/moianesturisme.cat\/es\/wp-json\/wp\/v2\/types\/page"}],"author":[{"embeddable":true,"href":"https:\/\/moianesturisme.cat\/es\/wp-json\/wp\/v2\/users\/1"}],"replies":[{"embeddable":true,"href":"https:\/\/moianesturisme.cat\/es\/wp-json\/wp\/v2\/comments?post=13316"}],"version-history":[{"count":1,"href":"https:\/\/moianesturisme.cat\/es\/wp-json\/wp\/v2\/pages\/13316\/revisions"}],"predecessor-version":[{"id":13320,"href":"https:\/\/moianesturisme.cat\/es\/wp-json\/wp\/v2\/pages\/13316\/revisions\/13320"}],"up":[{"embeddable":true,"href":"https:\/\/moianesturisme.cat\/es\/wp-json\/wp\/v2\/pages\/13282"}],"wp:attachment":[{"href":"https:\/\/moianesturisme.cat\/es\/wp-json\/wp\/v2\/media?parent=13316"}],"curies":[{"name":"wp","href":"https:\/\/api.w.org\/{rel}","templated":true}]}}

<div class="wpb-content-wrapper">[vc_row][vc_column][vc_custom_heading text=»Sant Quirze Safaja» font_container=»tag:h1|text_align:left» use_theme_fonts=»yes»][vc_empty_space height=»16px»][vc_separator][/vc_column][/vc_row][vc_row][vc_column width=»2/3&#8243;][vc_single_image image=»1798&#8243; img_size=»full»][vc_empty_space height=»16px»][vc_custom_heading text=»Un passeig per la poesia i la natura» use_theme_fonts=»yes»][vc_empty_space height=»6px»][vc_column_text]Sant Quirze Safaja és el poble situat més al sud del Moianès. És un poble atípic, en el sentit que no té un nucli urbà, a excepció de l’església parroquial, situada damunt d’un espadat anomenat “La Mola” i el Carrer Major, que agrupa un conjunt de cases.</p>
<p>Sembla que el nom “Safaja” prové del mot “fai”, que vol dir “falla”, segurament en al·lusió a aquesta formació geogràfica.</p>
<p>L’entorn nautral és tant delicat i súbtil que el poble no va crèixer més enllà d’un sol carrer. La resta d’habitatges estan repartits pel terme i en diferents urbanitzacions. Aquesta disposició fa que el bosc sigui present arreu. Travessen el terme diversos torrents i rierols i també el riu Tenes.</p>
<p>La natura és doncs, el principal patrimoni del poble: una natura exhuberant que ha provocat comparacions: és com una “petita Suïssa”, han escrit alguns.</p>
<p>Els quatre elements de la naturas s’uneixen a Sant Quirze per crear un espectacular paisatge: l’aigua que esculpeix formes capricioses a les roques; la terra que dóna vida a una vegetació salvatge, l’aire fresc que talla l’alè i el foc, que va donar calor als nostres avant passats prehistòrics.[/vc_column_text][/vc_column][vc_column width=»1/3&#8243;][vc_single_image image=»1797&#8243; img_size=»full» alignment=»center»][vc_empty_space height=»16px»][vc_column_text]
<h4 style="text-align: center;"><a href="http://www.olo.cat" target="_blank" rel="noopener noreferrer">olo.cat</a></h4>
<p style="text-align: center;">1043 habitants (2018)<br />
66,18 km2<br />
542 metres sobre el nivell del mar</p>
[/vc_column_text][/vc_column][/vc_row][vc_row][vc_column][vc_empty_space][vc_custom_heading text=»Punts d&#8217;interès» font_container=»tag:h3|text_align:left» use_theme_fonts=»yes»][vc_separator][vc_empty_space height=»16px»][vc_basic_grid post_type=»project» max_items=»» element_width=»3&#8243; item=»10741&#8243; grid_id=»vc_gid:1553519566372-d7c2ef21-c626-5&#8243; taxonomies=»524&#8243;][vc_empty_space][vc_separator][/vc_column][/vc_row][vc_row][vc_column][vc_custom_heading text=»Som 10 pobles» use_theme_fonts=»yes»][vc_row_inner][vc_column_inner width=»1/3&#8243;][vc_column_text el_class=»no-bullet no-padding»]
<ul>
<li>
<h4><a href="https://moianesturisme.cat/es/home/somos-10-pueblos/calders/">Calders</a></h4>
</li>
<li>
<h4><a href="https://moianesturisme.cat/es/home/somos-10-pueblos/castellcir/">Castellcir</a></h4>
</li>
<li>
<h4><a href="https://moianesturisme.cat/es/home/somos-10-pueblos/castelltercol/">Castellterçol</a></h4>
</li>
<li>
<h4><a href="https://moianesturisme.cat/es/home/somos-10-pueblos/collsuspina/">Collsuspina</a></h4>
</li>
</ul>
[/vc_column_text][/vc_column_inner][vc_column_inner width=»1/3&#8243;][vc_column_text el_class=»no-bullet no-padding»]
<ul>
<li>
<h4><a href="https://moianesturisme.cat/es/home/somos-10-pueblos/lestany/">L’Estany</a></h4>
</li>
<li>
<h4><a href="https://moianesturisme.cat/es/home/somos-10-pueblos/granera/">Granera</a></h4>
</li>
<li>
<h4><a href="https://moianesturisme.cat/es/home/somos-10-pueblos/moia/">Moià</a></h4>
</li>
</ul>
[/vc_column_text][/vc_column_inner][vc_column_inner width=»1/3&#8243;][vc_column_text el_class=»no-bullet no-padding»]
<ul>
<li>
<h4><a href="https://moianesturisme.cat/es/home/somos-10-pueblos/monistrol-de-calders/">Monistrol de Calders</a></h4>
</li>
<li>
<h4><a href="/?page_id=5882">Santa Maria d’Oló</a></h4>
</li>
<li>
<h4><a href="/?page_id=5880">Sant Quirze de Safaja</a></h4>
</li>
</ul>
[/vc_column_text][/vc_column_inner][/vc_row_inner][vc_empty_space height=»100px»][/vc_column][/vc_row]
</div>

<p>[vc_row][vc_column][vc_custom_heading text=»Sant Quirze Safaja» font_container=»tag:h1|text_align:left» use_theme_fonts=»yes»][vc_empty_space height=»16px»][vc_separator][/vc_column][/vc_row][vc_row][vc_column width=»2/3&#8243;][vc_single_image image=»1798&#8243; img_size=»full»][vc_empty_space height=»16px»][vc_custom_heading text=»Un passeig per la poesia i la natura» use_theme_fonts=»yes»][vc_empty_space height=»6px»][vc_column_text]Sant Quirze Safaja és el poble situat més al sud del Moianès. És un poble atípic, en el sentit que no té un nucli urbà, a excepció de l’església parroquial, situada damunt d’un espadat anomenat [&hellip;]</p>
