{"id":13315,"date":"2013-10-27T22:38:44","date_gmt":"2013-10-27T22:38:44","guid":{"rendered":"http:\/\/moianesturisme.cat\/home\/somos-10-pueblos\/monistrol-de-calders\/"},"modified":"2020-06-01T10:13:29","modified_gmt":"2020-06-01T09:13:29","slug":"monistrol-de-calders","status":"publish","type":"page","link":"https:\/\/moianesturisme.cat\/es\/home\/somos-10-pueblos\/monistrol-de-calders\/","title":{"rendered":"Monistrol de Calders"},"content":{"rendered":"<div class=\"wpb-content-wrapper\">[vc_row][vc_column][vc_custom_heading text=\u00bbMonistrol de Calders\u00bb font_container=\u00bbtag:h1|text_align:left\u00bb use_theme_fonts=\u00bbyes\u00bb][vc_empty_space height=\u00bb16px\u00bb][vc_separator][\/vc_column][\/vc_row][vc_row][vc_column width=\u00bb2\/3&#8243;][vc_single_image image=\u00bb1794&#8243; img_size=\u00bbfull\u00bb][vc_empty_space height=\u00bb16px\u00bb][vc_custom_heading text=\u00bbEl patrimoni d\u2019una gent amb encant\u00bb use_theme_fonts=\u00bbyes\u00bb][vc_empty_space height=\u00bb6px\u00bb][vc_column_text]Monistrol \u00e9s el municipi m\u00e9s jove del Moian\u00e8s. Va formar part del municipi de Calders fins l\u2019any 1934. Es troba situat en un rac\u00f3 amagat entre el Pla de Bages, la serra de Sant Lloren\u00e7 del Munt i l\u2019altipl\u00e0 del Moian\u00e8s.<\/p>\n<p>Monistrol de Calders es caracteritza per ocupar un territori muntany\u00f3s, amb alternan\u00e7a de rieres i serrats; tres quartes parts del territori estan cobertes de pinedes, alzinars i matolls. Envoltat de boscos i rieres \u00e9s un indret idoni per practicar senderisme, btt\u2026, i gaudir dels encants del paisatge i la natura. Tamb\u00e9 hi podem trobar restes arqueol\u00f2giques: al Pla de Trullars hi ha un dolmen en molt bon estat.<\/p>\n<p>Monistrol sorpr\u00e8n per l\u2019abund\u00e0ncia de l\u2019aigua; s\u00f3n m\u00e9s de 30 les fonts que brollen per diversos indrets i \u00e9s creuat per tres rieres que s\u2019uneixen al capdavall del poble per formar el riu Calders.<\/p>\n<p>L\u2019efecte de l\u2019erosi\u00f3 al llarg dels anys ha creat un paisatge \u00fanic i amb personalitat, dominat per grans baumes i pels anomenats popularment codros: grans pedres que han adquirit formes molt singulars i atractives.<\/p>\n<p>La gastronomia \u00e9s un altre dels trets caracter\u00edstics d\u2019aquest municipi, amb diversos establiments de renom on es pot degustar la bona i aut\u00e8ntica cuina catalana i adquirir diversos productes de la terra elaborats de forma artesanal,[\/vc_column_text][\/vc_column][vc_column width=\u00bb1\/3&#8243;][vc_single_image image=\u00bb1793&#8243; img_size=\u00bbfull\u00bb alignment=\u00bbcenter\u00bb][vc_empty_space height=\u00bb16px\u00bb][vc_column_text]\n<h4 style=\"text-align: center;\"><a href=\"http:\/\/www.monistroldecalders.cat\" target=\"_blank\" rel=\"noopener noreferrer\">monistroldecalders.cat<\/a><\/h4>\n<p style=\"text-align: center;\">685 habitants (2018)<br \/>\n21,96 km2<br \/>\n447 metres sobre el nivell del mar<\/p>\n[\/vc_column_text][\/vc_column][\/vc_row][vc_row][vc_column][vc_empty_space][vc_custom_heading text=\u00bbPunts d&#8217;inter\u00e8s\u00bb font_container=\u00bbtag:h3|text_align:left\u00bb use_theme_fonts=\u00bbyes\u00bb][vc_separator][vc_empty_space height=\u00bb16px\u00bb][vc_basic_grid post_type=\u00bbproject\u00bb max_items=\u00bb\u00bb element_width=\u00bb3&#8243; item=\u00bb10741&#8243; grid_id=\u00bbvc_gid:1553519583673-1c5dad6f-5d1a-6&#8243; taxonomies=\u00bb523&#8243;][vc_empty_space][vc_separator][\/vc_column][\/vc_row][vc_row][vc_column][vc_custom_heading text=\u00bbSom 10 pobles\u00bb use_theme_fonts=\u00bbyes\u00bb][vc_row_inner][vc_column_inner width=\u00bb1\/3&#8243;][vc_column_text el_class=\u00bbno-bullet no-padding\u00bb]\n<ul>\n<li>\n<h4><a href=\"https:\/\/moianesturisme.cat\/es\/home\/somos-10-pueblos\/calders\/\">Calders<\/a><\/h4>\n<\/li>\n<li>\n<h4><a href=\"https:\/\/moianesturisme.cat\/es\/home\/somos-10-pueblos\/castellcir\/\">Castellcir<\/a><\/h4>\n<\/li>\n<li>\n<h4><a href=\"https:\/\/moianesturisme.cat\/es\/home\/somos-10-pueblos\/castelltercol\/\">Castellter\u00e7ol<\/a><\/h4>\n<\/li>\n<li>\n<h4><a href=\"https:\/\/moianesturisme.cat\/es\/home\/somos-10-pueblos\/collsuspina\/\">Collsuspina<\/a><\/h4>\n<\/li>\n<\/ul>\n[\/vc_column_text][\/vc_column_inner][vc_column_inner width=\u00bb1\/3&#8243;][vc_column_text el_class=\u00bbno-bullet no-padding\u00bb]\n<ul>\n<li>\n<h4><a href=\"https:\/\/moianesturisme.cat\/es\/home\/somos-10-pueblos\/lestany\/\">L\u2019Estany<\/a><\/h4>\n<\/li>\n<li>\n<h4><a href=\"https:\/\/moianesturisme.cat\/es\/home\/somos-10-pueblos\/granera\/\">Granera<\/a><\/h4>\n<\/li>\n<li>\n<h4><a href=\"https:\/\/moianesturisme.cat\/es\/home\/somos-10-pueblos\/moia\/\">Moi\u00e0<\/a><\/h4>\n<\/li>\n<\/ul>\n[\/vc_column_text][\/vc_column_inner][vc_column_inner width=\u00bb1\/3&#8243;][vc_column_text el_class=\u00bbno-bullet no-padding\u00bb]\n<ul>\n<li>\n<h4><a href=\"\/?page_id=1791\">Monistrol de Calders<\/a><\/h4>\n<\/li>\n<li>\n<h4><a href=\"\/?page_id=1803\">Santa Maria d\u2019Ol\u00f3<\/a><\/h4>\n<\/li>\n<li>\n<h4><a href=\"\/?page_id=1795\">Sant Quirze de Safaja<\/a><\/h4>\n<\/li>\n<\/ul>\n[\/vc_column_text][\/vc_column_inner][\/vc_row_inner][vc_empty_space height=\u00bb100px\u00bb][\/vc_column][\/vc_row]\n<\/div>","protected":false},"excerpt":{"rendered":"<p>[vc_row][vc_column][vc_custom_heading text=\u00bbMonistrol de Calders\u00bb font_container=\u00bbtag:h1|text_align:left\u00bb use_theme_fonts=\u00bbyes\u00bb][vc_empty_space height=\u00bb16px\u00bb][vc_separator][\/vc_column][\/vc_row][vc_row][vc_column width=\u00bb2\/3&#8243;][vc_single_image image=\u00bb1794&#8243; img_size=\u00bbfull\u00bb][vc_empty_space height=\u00bb16px\u00bb][vc_custom_heading text=\u00bbEl patrimoni d\u2019una gent amb encant\u00bb use_theme_fonts=\u00bbyes\u00bb][vc_empty_space height=\u00bb6px\u00bb][vc_column_text]Monistrol \u00e9s el municipi m\u00e9s jove del Moian\u00e8s. Va formar part del municipi de Calders fins l\u2019any 1934. Es troba situat en un rac\u00f3 amagat entre el Pla de Bages, la serra de Sant Lloren\u00e7 del Munt [&hellip;]<\/p>\n","protected":false},"author":1,"featured_media":0,"parent":13282,"menu_order":0,"comment_status":"closed","ping_status":"closed","template":"page-templates\/page-content-home.php","meta":{"_acf_changed":false,"_monsterinsights_skip_tracking":false,"_monsterinsights_sitenote_active":false,"_monsterinsights_sitenote_note":"","_monsterinsights_sitenote_category":0,"footnotes":""},"class_list":["post-13315","page","type-page","status-publish","hentry"],"acf":[],"_links":{"self":[{"href":"https:\/\/moianesturisme.cat\/es\/wp-json\/wp\/v2\/pages\/13315","targetHints":{"allow":["GET"]}}],"collection":[{"href":"https:\/\/moianesturisme.cat\/es\/wp-json\/wp\/v2\/pages"}],"about":[{"href":"https:\/\/moianesturisme.cat\/es\/wp-json\/wp\/v2\/types\/page"}],"author":[{"embeddable":true,"href":"https:\/\/moianesturisme.cat\/es\/wp-json\/wp\/v2\/users\/1"}],"replies":[{"embeddable":true,"href":"https:\/\/moianesturisme.cat\/es\/wp-json\/wp\/v2\/comments?post=13315"}],"version-history":[{"count":1,"href":"https:\/\/moianesturisme.cat\/es\/wp-json\/wp\/v2\/pages\/13315\/revisions"}],"predecessor-version":[{"id":13319,"href":"https:\/\/moianesturisme.cat\/es\/wp-json\/wp\/v2\/pages\/13315\/revisions\/13319"}],"up":[{"embeddable":true,"href":"https:\/\/moianesturisme.cat\/es\/wp-json\/wp\/v2\/pages\/13282"}],"wp:attachment":[{"href":"https:\/\/moianesturisme.cat\/es\/wp-json\/wp\/v2\/media?parent=13315"}],"curies":[{"name":"wp","href":"https:\/\/api.w.org\/{rel}","templated":true}]}}

<div class="wpb-content-wrapper">[vc_row][vc_column][vc_custom_heading text=»Monistrol de Calders» font_container=»tag:h1|text_align:left» use_theme_fonts=»yes»][vc_empty_space height=»16px»][vc_separator][/vc_column][/vc_row][vc_row][vc_column width=»2/3&#8243;][vc_single_image image=»1794&#8243; img_size=»full»][vc_empty_space height=»16px»][vc_custom_heading text=»El patrimoni d’una gent amb encant» use_theme_fonts=»yes»][vc_empty_space height=»6px»][vc_column_text]Monistrol és el municipi més jove del Moianès. Va formar part del municipi de Calders fins l’any 1934. Es troba situat en un racó amagat entre el Pla de Bages, la serra de Sant Llorenç del Munt i l’altiplà del Moianès.</p>
<p>Monistrol de Calders es caracteritza per ocupar un territori muntanyós, amb alternança de rieres i serrats; tres quartes parts del territori estan cobertes de pinedes, alzinars i matolls. Envoltat de boscos i rieres és un indret idoni per practicar senderisme, btt…, i gaudir dels encants del paisatge i la natura. També hi podem trobar restes arqueològiques: al Pla de Trullars hi ha un dolmen en molt bon estat.</p>
<p>Monistrol sorprèn per l’abundància de l’aigua; són més de 30 les fonts que brollen per diversos indrets i és creuat per tres rieres que s’uneixen al capdavall del poble per formar el riu Calders.</p>
<p>L’efecte de l’erosió al llarg dels anys ha creat un paisatge únic i amb personalitat, dominat per grans baumes i pels anomenats popularment codros: grans pedres que han adquirit formes molt singulars i atractives.</p>
<p>La gastronomia és un altre dels trets característics d’aquest municipi, amb diversos establiments de renom on es pot degustar la bona i autèntica cuina catalana i adquirir diversos productes de la terra elaborats de forma artesanal,[/vc_column_text][/vc_column][vc_column width=»1/3&#8243;][vc_single_image image=»1793&#8243; img_size=»full» alignment=»center»][vc_empty_space height=»16px»][vc_column_text]
<h4 style="text-align: center;"><a href="http://www.monistroldecalders.cat" target="_blank" rel="noopener noreferrer">monistroldecalders.cat</a></h4>
<p style="text-align: center;">685 habitants (2018)<br />
21,96 km2<br />
447 metres sobre el nivell del mar</p>
[/vc_column_text][/vc_column][/vc_row][vc_row][vc_column][vc_empty_space][vc_custom_heading text=»Punts d&#8217;interès» font_container=»tag:h3|text_align:left» use_theme_fonts=»yes»][vc_separator][vc_empty_space height=»16px»][vc_basic_grid post_type=»project» max_items=»» element_width=»3&#8243; item=»10741&#8243; grid_id=»vc_gid:1553519583673-1c5dad6f-5d1a-6&#8243; taxonomies=»523&#8243;][vc_empty_space][vc_separator][/vc_column][/vc_row][vc_row][vc_column][vc_custom_heading text=»Som 10 pobles» use_theme_fonts=»yes»][vc_row_inner][vc_column_inner width=»1/3&#8243;][vc_column_text el_class=»no-bullet no-padding»]
<ul>
<li>
<h4><a href="https://moianesturisme.cat/es/home/somos-10-pueblos/calders/">Calders</a></h4>
</li>
<li>
<h4><a href="https://moianesturisme.cat/es/home/somos-10-pueblos/castellcir/">Castellcir</a></h4>
</li>
<li>
<h4><a href="https://moianesturisme.cat/es/home/somos-10-pueblos/castelltercol/">Castellterçol</a></h4>
</li>
<li>
<h4><a href="https://moianesturisme.cat/es/home/somos-10-pueblos/collsuspina/">Collsuspina</a></h4>
</li>
</ul>
[/vc_column_text][/vc_column_inner][vc_column_inner width=»1/3&#8243;][vc_column_text el_class=»no-bullet no-padding»]
<ul>
<li>
<h4><a href="https://moianesturisme.cat/es/home/somos-10-pueblos/lestany/">L’Estany</a></h4>
</li>
<li>
<h4><a href="https://moianesturisme.cat/es/home/somos-10-pueblos/granera/">Granera</a></h4>
</li>
<li>
<h4><a href="https://moianesturisme.cat/es/home/somos-10-pueblos/moia/">Moià</a></h4>
</li>
</ul>
[/vc_column_text][/vc_column_inner][vc_column_inner width=»1/3&#8243;][vc_column_text el_class=»no-bullet no-padding»]
<ul>
<li>
<h4><a href="/?page_id=1791">Monistrol de Calders</a></h4>
</li>
<li>
<h4><a href="/?page_id=1803">Santa Maria d’Oló</a></h4>
</li>
<li>
<h4><a href="/?page_id=1795">Sant Quirze de Safaja</a></h4>
</li>
</ul>
[/vc_column_text][/vc_column_inner][/vc_row_inner][vc_empty_space height=»100px»][/vc_column][/vc_row]
</div>

<p>[vc_row][vc_column][vc_custom_heading text=»Monistrol de Calders» font_container=»tag:h1|text_align:left» use_theme_fonts=»yes»][vc_empty_space height=»16px»][vc_separator][/vc_column][/vc_row][vc_row][vc_column width=»2/3&#8243;][vc_single_image image=»1794&#8243; img_size=»full»][vc_empty_space height=»16px»][vc_custom_heading text=»El patrimoni d’una gent amb encant» use_theme_fonts=»yes»][vc_empty_space height=»6px»][vc_column_text]Monistrol és el municipi més jove del Moianès. Va formar part del municipi de Calders fins l’any 1934. Es troba situat en un racó amagat entre el Pla de Bages, la serra de Sant Llorenç del Munt [&hellip;]</p>
