{"id":13314,"date":"2013-10-26T21:36:25","date_gmt":"2013-10-26T21:36:25","guid":{"rendered":"http:\/\/moianesturisme.cat\/home\/somos-10-pueblos\/moia\/"},"modified":"2020-06-01T10:13:27","modified_gmt":"2020-06-01T09:13:27","slug":"moia","status":"publish","type":"page","link":"https:\/\/moianesturisme.cat\/es\/home\/somos-10-pueblos\/moia\/","title":{"rendered":"Moi\u00e0"},"content":{"rendered":"<div class=\"wpb-content-wrapper\">[vc_row][vc_column][vc_custom_heading text=\u00bbMoi\u00e0\u00bb font_container=\u00bbtag:h1|text_align:left\u00bb use_theme_fonts=\u00bbyes\u00bb][vc_empty_space height=\u00bb16px\u00bb][vc_separator][\/vc_column][\/vc_row][vc_row][vc_column width=\u00bb2\/3&#8243;][vc_single_image image=\u00bb1756&#8243; img_size=\u00bbfull\u00bb][vc_empty_space height=\u00bb16px\u00bb][vc_custom_heading text=\u00bbCapital hist\u00f2rica, cultural i comercial\u00bb use_theme_fonts=\u00bbyes\u00bb][vc_empty_space height=\u00bb6px\u00bb][vc_column_text]El nom de la vila, molt probablement t\u00e9 el seu origen en el gentilici llat\u00ed Modilius, adjectivat en \u201canum\u201d d\u2019on sobt\u00e9 el nom antic de Modilianum.<\/p>\n<p>Les primeres evid\u00e8ncies de poblament les trobem ja a la prehist\u00f2ria, en el jaciment de les Coves del Toll.<\/p>\n<p>A l\u2019edat mitjana la vila de Moi\u00e0 va alliberar-se del poder feudal i obtingu\u00e9 el privilegi de ser considerada \u201ccarrer i membre de la ciutat de Barcelona\u201d (1384) i durant els segles XVI \u2013 XVIII, es convert\u00ed en un dels m\u00e9s importants centres de producci\u00f3 llanera del principat.<\/p>\n<p>Ja a les primeries del segle XX Moi\u00e0 esdevingu\u00e9, merc\u00e8s a la bonan\u00e7a del seu clima, en un centre d\u2019estiueig i segona resid\u00e8ncia. Tots aquests factors han deixat una forta empremta en el poble i en els seus habitants.<\/p>\n<p>La vila de Moi\u00e0, capital hist\u00f2rica de la comarca del Moian\u00e8s, ofereix al visitant una barreja d\u2019hist\u00f2ria, tradici\u00f3, comer\u00e7, tranquil\u00b7litat i caliu, conjuntament amb un entorn i un paisatge privilegiats.[\/vc_column_text][\/vc_column][vc_column width=\u00bb1\/3&#8243;][vc_single_image image=\u00bb1757&#8243; img_size=\u00bbfull\u00bb alignment=\u00bbcenter\u00bb][vc_empty_space height=\u00bb16px\u00bb][vc_column_text]\n<h4 style=\"text-align: center;\"><a href=\"http:\/\/www.moia.cat\/\" target=\"_blank\" rel=\"noopener noreferrer\">moia.cat<\/a><\/h4>\n<p style=\"text-align: center;\">6.201 habitants (2018)<br \/>\n75,29 km2<br \/>\n717 metres sobre el nivell del mar<\/p>\n[\/vc_column_text][\/vc_column][\/vc_row][vc_row][vc_column][vc_empty_space][vc_custom_heading text=\u00bbPunts d&#8217;inter\u00e8s\u00bb font_container=\u00bbtag:h3|text_align:left\u00bb use_theme_fonts=\u00bbyes\u00bb][vc_separator][vc_empty_space height=\u00bb16px\u00bb][vc_basic_grid post_type=\u00bbproject\u00bb max_items=\u00bb\u00bb element_width=\u00bb3&#8243; item=\u00bb10741&#8243; grid_id=\u00bbvc_gid:1553519314977-bf8ff5fc-8cfd-1&#8243; taxonomies=\u00bb522&#8243;][vc_empty_space][vc_separator][\/vc_column][\/vc_row][vc_row][vc_column][vc_custom_heading text=\u00bbSom 10 pobles\u00bb use_theme_fonts=\u00bbyes\u00bb][vc_row_inner][vc_column_inner width=\u00bb1\/3&#8243;][vc_column_text el_class=\u00bbno-bullet no-padding\u00bb]\n<ul>\n<li>\n<h4><a href=\"https:\/\/moianesturisme.cat\/es\/home\/somos-10-pueblos\/calders\/\">Calders<\/a><\/h4>\n<\/li>\n<li>\n<h4><a href=\"https:\/\/moianesturisme.cat\/es\/home\/somos-10-pueblos\/castellcir\/\">Castellcir<\/a><\/h4>\n<\/li>\n<li>\n<h4><a href=\"https:\/\/moianesturisme.cat\/es\/home\/somos-10-pueblos\/castelltercol\/\">Castellter\u00e7ol<\/a><\/h4>\n<\/li>\n<li>\n<h4><a href=\"https:\/\/moianesturisme.cat\/es\/home\/somos-10-pueblos\/collsuspina\/\">Collsuspina<\/a><\/h4>\n<\/li>\n<\/ul>\n[\/vc_column_text][\/vc_column_inner][vc_column_inner width=\u00bb1\/3&#8243;][vc_column_text el_class=\u00bbno-bullet no-padding\u00bb]\n<ul>\n<li>\n<h4><a href=\"https:\/\/moianesturisme.cat\/es\/home\/somos-10-pueblos\/lestany\/\">L\u2019Estany<\/a><\/h4>\n<\/li>\n<li>\n<h4><a href=\"https:\/\/moianesturisme.cat\/es\/home\/somos-10-pueblos\/granera\/\">Granera<\/a><\/h4>\n<\/li>\n<li>\n<h4><a href=\"\/?page_id=1755\">Moi\u00e0<\/a><\/h4>\n<\/li>\n<\/ul>\n[\/vc_column_text][\/vc_column_inner][vc_column_inner width=\u00bb1\/3&#8243;][vc_column_text el_class=\u00bbno-bullet no-padding\u00bb]\n<ul>\n<li>\n<h4><a href=\"\/?page_id=1791\">Monistrol de Calders<\/a><\/h4>\n<\/li>\n<li>\n<h4><a href=\"\/?page_id=1803\">Santa Maria d\u2019Ol\u00f3<\/a><\/h4>\n<\/li>\n<li>\n<h4><a href=\"\/?page_id=1795\">Sant Quirze de Safaja<\/a><\/h4>\n<\/li>\n<\/ul>\n[\/vc_column_text][\/vc_column_inner][\/vc_row_inner][vc_empty_space height=\u00bb100px\u00bb][\/vc_column][\/vc_row]\n<\/div>","protected":false},"excerpt":{"rendered":"<p>[vc_row][vc_column][vc_custom_heading text=\u00bbMoi\u00e0\u00bb font_container=\u00bbtag:h1|text_align:left\u00bb use_theme_fonts=\u00bbyes\u00bb][vc_empty_space height=\u00bb16px\u00bb][vc_separator][\/vc_column][\/vc_row][vc_row][vc_column width=\u00bb2\/3&#8243;][vc_single_image image=\u00bb1756&#8243; img_size=\u00bbfull\u00bb][vc_empty_space height=\u00bb16px\u00bb][vc_custom_heading text=\u00bbCapital hist\u00f2rica, cultural i comercial\u00bb use_theme_fonts=\u00bbyes\u00bb][vc_empty_space height=\u00bb6px\u00bb][vc_column_text]El nom de la vila, molt probablement t\u00e9 el seu origen en el gentilici llat\u00ed Modilius, adjectivat en \u201canum\u201d d\u2019on sobt\u00e9 el nom antic de Modilianum. Les primeres evid\u00e8ncies de poblament les trobem ja a la prehist\u00f2ria, en el jaciment [&hellip;]<\/p>\n","protected":false},"author":1,"featured_media":0,"parent":13282,"menu_order":0,"comment_status":"closed","ping_status":"closed","template":"page-templates\/page-content-home.php","meta":{"_acf_changed":false,"_monsterinsights_skip_tracking":false,"_monsterinsights_sitenote_active":false,"_monsterinsights_sitenote_note":"","_monsterinsights_sitenote_category":0,"footnotes":""},"class_list":["post-13314","page","type-page","status-publish","hentry"],"acf":[],"_links":{"self":[{"href":"https:\/\/moianesturisme.cat\/es\/wp-json\/wp\/v2\/pages\/13314","targetHints":{"allow":["GET"]}}],"collection":[{"href":"https:\/\/moianesturisme.cat\/es\/wp-json\/wp\/v2\/pages"}],"about":[{"href":"https:\/\/moianesturisme.cat\/es\/wp-json\/wp\/v2\/types\/page"}],"author":[{"embeddable":true,"href":"https:\/\/moianesturisme.cat\/es\/wp-json\/wp\/v2\/users\/1"}],"replies":[{"embeddable":true,"href":"https:\/\/moianesturisme.cat\/es\/wp-json\/wp\/v2\/comments?post=13314"}],"version-history":[{"count":1,"href":"https:\/\/moianesturisme.cat\/es\/wp-json\/wp\/v2\/pages\/13314\/revisions"}],"predecessor-version":[{"id":13318,"href":"https:\/\/moianesturisme.cat\/es\/wp-json\/wp\/v2\/pages\/13314\/revisions\/13318"}],"up":[{"embeddable":true,"href":"https:\/\/moianesturisme.cat\/es\/wp-json\/wp\/v2\/pages\/13282"}],"wp:attachment":[{"href":"https:\/\/moianesturisme.cat\/es\/wp-json\/wp\/v2\/media?parent=13314"}],"curies":[{"name":"wp","href":"https:\/\/api.w.org\/{rel}","templated":true}]}}

Moià

<div class="wpb-content-wrapper">[vc_row][vc_column][vc_custom_heading text=»Moià» font_container=»tag:h1|text_align:left» use_theme_fonts=»yes»][vc_empty_space height=»16px»][vc_separator][/vc_column][/vc_row][vc_row][vc_column width=»2/3&#8243;][vc_single_image image=»1756&#8243; img_size=»full»][vc_empty_space height=»16px»][vc_custom_heading text=»Capital històrica, cultural i comercial» use_theme_fonts=»yes»][vc_empty_space height=»6px»][vc_column_text]El nom de la vila, molt probablement té el seu origen en el gentilici llatí Modilius, adjectivat en “anum” d’on sobté el nom antic de Modilianum.</p>
<p>Les primeres evidències de poblament les trobem ja a la prehistòria, en el jaciment de les Coves del Toll.</p>
<p>A l’edat mitjana la vila de Moià va alliberar-se del poder feudal i obtingué el privilegi de ser considerada “carrer i membre de la ciutat de Barcelona” (1384) i durant els segles XVI – XVIII, es convertí en un dels més importants centres de producció llanera del principat.</p>
<p>Ja a les primeries del segle XX Moià esdevingué, mercès a la bonança del seu clima, en un centre d’estiueig i segona residència. Tots aquests factors han deixat una forta empremta en el poble i en els seus habitants.</p>
<p>La vila de Moià, capital històrica de la comarca del Moianès, ofereix al visitant una barreja d’història, tradició, comerç, tranquil·litat i caliu, conjuntament amb un entorn i un paisatge privilegiats.[/vc_column_text][/vc_column][vc_column width=»1/3&#8243;][vc_single_image image=»1757&#8243; img_size=»full» alignment=»center»][vc_empty_space height=»16px»][vc_column_text]
<h4 style="text-align: center;"><a href="http://www.moia.cat/" target="_blank" rel="noopener noreferrer">moia.cat</a></h4>
<p style="text-align: center;">6.201 habitants (2018)<br />
75,29 km2<br />
717 metres sobre el nivell del mar</p>
[/vc_column_text][/vc_column][/vc_row][vc_row][vc_column][vc_empty_space][vc_custom_heading text=»Punts d&#8217;interès» font_container=»tag:h3|text_align:left» use_theme_fonts=»yes»][vc_separator][vc_empty_space height=»16px»][vc_basic_grid post_type=»project» max_items=»» element_width=»3&#8243; item=»10741&#8243; grid_id=»vc_gid:1553519314977-bf8ff5fc-8cfd-1&#8243; taxonomies=»522&#8243;][vc_empty_space][vc_separator][/vc_column][/vc_row][vc_row][vc_column][vc_custom_heading text=»Som 10 pobles» use_theme_fonts=»yes»][vc_row_inner][vc_column_inner width=»1/3&#8243;][vc_column_text el_class=»no-bullet no-padding»]
<ul>
<li>
<h4><a href="https://moianesturisme.cat/es/home/somos-10-pueblos/calders/">Calders</a></h4>
</li>
<li>
<h4><a href="https://moianesturisme.cat/es/home/somos-10-pueblos/castellcir/">Castellcir</a></h4>
</li>
<li>
<h4><a href="https://moianesturisme.cat/es/home/somos-10-pueblos/castelltercol/">Castellterçol</a></h4>
</li>
<li>
<h4><a href="https://moianesturisme.cat/es/home/somos-10-pueblos/collsuspina/">Collsuspina</a></h4>
</li>
</ul>
[/vc_column_text][/vc_column_inner][vc_column_inner width=»1/3&#8243;][vc_column_text el_class=»no-bullet no-padding»]
<ul>
<li>
<h4><a href="https://moianesturisme.cat/es/home/somos-10-pueblos/lestany/">L’Estany</a></h4>
</li>
<li>
<h4><a href="https://moianesturisme.cat/es/home/somos-10-pueblos/granera/">Granera</a></h4>
</li>
<li>
<h4><a href="/?page_id=1755">Moià</a></h4>
</li>
</ul>
[/vc_column_text][/vc_column_inner][vc_column_inner width=»1/3&#8243;][vc_column_text el_class=»no-bullet no-padding»]
<ul>
<li>
<h4><a href="/?page_id=1791">Monistrol de Calders</a></h4>
</li>
<li>
<h4><a href="/?page_id=1803">Santa Maria d’Oló</a></h4>
</li>
<li>
<h4><a href="/?page_id=1795">Sant Quirze de Safaja</a></h4>
</li>
</ul>
[/vc_column_text][/vc_column_inner][/vc_row_inner][vc_empty_space height=»100px»][/vc_column][/vc_row]
</div>

<p>[vc_row][vc_column][vc_custom_heading text=»Moià» font_container=»tag:h1|text_align:left» use_theme_fonts=»yes»][vc_empty_space height=»16px»][vc_separator][/vc_column][/vc_row][vc_row][vc_column width=»2/3&#8243;][vc_single_image image=»1756&#8243; img_size=»full»][vc_empty_space height=»16px»][vc_custom_heading text=»Capital històrica, cultural i comercial» use_theme_fonts=»yes»][vc_empty_space height=»6px»][vc_column_text]El nom de la vila, molt probablement té el seu origen en el gentilici llatí Modilius, adjectivat en “anum” d’on sobté el nom antic de Modilianum. Les primeres evidències de poblament les trobem ja a la prehistòria, en el jaciment [&hellip;]</p>
