{"id":13302,"date":"2013-10-27T11:11:56","date_gmt":"2013-10-27T11:11:56","guid":{"rendered":"http:\/\/moianesturisme.cat\/home\/somos-10-pueblos\/lestany\/"},"modified":"2020-06-01T10:12:12","modified_gmt":"2020-06-01T09:12:12","slug":"lestany","status":"publish","type":"page","link":"https:\/\/moianesturisme.cat\/es\/home\/somos-10-pueblos\/lestany\/","title":{"rendered":"L&#8217;Estany"},"content":{"rendered":"<div class=\"wpb-content-wrapper\">[vc_row][vc_column][vc_custom_heading text=\u00bbL&#8217;Estany\u00bb font_container=\u00bbtag:h1|text_align:left\u00bb use_theme_fonts=\u00bbyes\u00bb][vc_empty_space height=\u00bb16px\u00bb][vc_separator][\/vc_column][\/vc_row][vc_row][vc_column width=\u00bb2\/3&#8243;][vc_single_image image=\u00bb1765&#8243; img_size=\u00bbfull\u00bb][vc_empty_space height=\u00bb16px\u00bb][vc_custom_heading text=\u00bbLa for\u00e7a de l\u2019aigua i de la terra \/ El rom\u00e0nic que perdura al pas del temps\u00bb use_theme_fonts=\u00bbyes\u00bb][vc_empty_space height=\u00bb6px\u00bb][vc_column_text]L\u2019Estany \u00e9s el municipi m\u00e9s elevat del Moian\u00e8s. Est\u00e0 situat al nord del Moian\u00e8s, a 870 metres d\u2019al\u00e7ada i envoltat de muntanyes que oscil\u00b7len entre els 900 i els 1020 metres.<\/p>\n<p>Els terrenys argilosos i una pluviositat alta convertiren la vall en una conca de recepci\u00f3 d\u2019aig\u00fces que provoc\u00e0 que s\u2019entollessin i que posteriorment s\u2019hi form\u00e9s un estany d\u2019uns 300.000 metres quadrats de superf\u00edcie. D\u2019aqu\u00ed ve el nom del poble de L\u2019Estany.<\/p>\n<p>Carles de Cardona, l\u2019\u00faltim abat del monestir, va emprendre la dessecaci\u00f3 de l\u2019estany, tant per acabar amb un focus de mosquits i de paludisme, com per crear nous espais de conreu. Per aix\u00f2, el 1554, va contractar la construcci\u00f3 d\u2019una s\u00e8quia, que va ser allargada i millorada l\u2019any 1735 donant com a resultat la Mina de l\u2019Estany.<\/p>\n<p>La petita poblaci\u00f3 de L\u2019Estany tamb\u00e9 guarda un dels monuments m\u00e9s insignes del rom\u00e0nic catal\u00e0, el Monestir de Santa Maria de L\u2019Estany.[\/vc_column_text][\/vc_column][vc_column width=\u00bb1\/3&#8243;][vc_single_image image=\u00bb1773&#8243; img_size=\u00bbfull\u00bb alignment=\u00bbcenter\u00bb][vc_empty_space height=\u00bb16px\u00bb][vc_column_text]\n<h4 style=\"text-align: center;\"><a href=\"http:\/\/www.estany.cat\" target=\"_blank\" rel=\"noopener noreferrer\">estany.cat<\/a><\/h4>\n<p style=\"text-align: center;\">394 habitants (2018)<br \/>\n10,25 km2<br \/>\n870 metres sobre el nivell del mar<\/p>\n[\/vc_column_text][\/vc_column][\/vc_row][vc_row][vc_column][vc_empty_space][vc_custom_heading text=\u00bbPunts d&#8217;inter\u00e8s\u00bb font_container=\u00bbtag:h3|text_align:left\u00bb use_theme_fonts=\u00bbyes\u00bb][vc_separator][vc_empty_space height=\u00bb16px\u00bb][vc_basic_grid post_type=\u00bbproject\u00bb max_items=\u00bb\u00bb element_width=\u00bb3&#8243; item=\u00bb10741&#8243; grid_id=\u00bbvc_gid:1553519287562-2693aece-adbf-10&#8243; taxonomies=\u00bb521&#8243;][vc_empty_space][vc_separator][\/vc_column][\/vc_row][vc_row][vc_column][vc_custom_heading text=\u00bbSom 10 pobles\u00bb use_theme_fonts=\u00bbyes\u00bb][vc_row_inner][vc_column_inner width=\u00bb1\/3&#8243;][vc_column_text el_class=\u00bbno-bullet no-padding\u00bb]\n<ul>\n<li>\n<h4><a href=\"https:\/\/moianesturisme.cat\/es\/home\/somos-10-pueblos\/calders\/\">Calders<\/a><\/h4>\n<\/li>\n<li>\n<h4><a href=\"https:\/\/moianesturisme.cat\/es\/home\/somos-10-pueblos\/castellcir\/\">Castellcir<\/a><\/h4>\n<\/li>\n<li>\n<h4><a href=\"https:\/\/moianesturisme.cat\/es\/home\/somos-10-pueblos\/castelltercol\/\">Castellter\u00e7ol<\/a><\/h4>\n<\/li>\n<li>\n<h4><a href=\"https:\/\/moianesturisme.cat\/es\/home\/somos-10-pueblos\/collsuspina\/\">Collsuspina<\/a><\/h4>\n<\/li>\n<\/ul>\n[\/vc_column_text][\/vc_column_inner][vc_column_inner width=\u00bb1\/3&#8243;][vc_column_text el_class=\u00bbno-bullet no-padding\u00bb]\n<ul>\n<li>\n<h4><a href=\"\/?page_id=1764\">L\u2019Estany<\/a><\/h4>\n<\/li>\n<li>\n<h4><a href=\"https:\/\/moianesturisme.cat\/es\/home\/somos-10-pueblos\/granera\/\">Granera<\/a><\/h4>\n<\/li>\n<li>\n<h4><a href=\"\/?page_id=1755\">Moi\u00e0<\/a><\/h4>\n<\/li>\n<\/ul>\n[\/vc_column_text][\/vc_column_inner][vc_column_inner width=\u00bb1\/3&#8243;][vc_column_text el_class=\u00bbno-bullet no-padding\u00bb]\n<ul>\n<li>\n<h4><a href=\"\/?page_id=1791\">Monistrol de Calders<\/a><\/h4>\n<\/li>\n<li>\n<h4><a href=\"\/?page_id=1803\">Santa Maria d\u2019Ol\u00f3<\/a><\/h4>\n<\/li>\n<li>\n<h4><a href=\"\/?page_id=1795\">Sant Quirze de Safaja<\/a><\/h4>\n<\/li>\n<\/ul>\n[\/vc_column_text][\/vc_column_inner][\/vc_row_inner][vc_empty_space height=\u00bb100px\u00bb][\/vc_column][\/vc_row]\n<\/div>","protected":false},"excerpt":{"rendered":"<p>[vc_row][vc_column][vc_custom_heading text=\u00bbL&#8217;Estany\u00bb font_container=\u00bbtag:h1|text_align:left\u00bb use_theme_fonts=\u00bbyes\u00bb][vc_empty_space height=\u00bb16px\u00bb][vc_separator][\/vc_column][\/vc_row][vc_row][vc_column width=\u00bb2\/3&#8243;][vc_single_image image=\u00bb1765&#8243; img_size=\u00bbfull\u00bb][vc_empty_space height=\u00bb16px\u00bb][vc_custom_heading text=\u00bbLa for\u00e7a de l\u2019aigua i de la terra \/ El rom\u00e0nic que perdura al pas del temps\u00bb use_theme_fonts=\u00bbyes\u00bb][vc_empty_space height=\u00bb6px\u00bb][vc_column_text]L\u2019Estany \u00e9s el municipi m\u00e9s elevat del Moian\u00e8s. Est\u00e0 situat al nord del Moian\u00e8s, a 870 metres d\u2019al\u00e7ada i envoltat de muntanyes que oscil\u00b7len entre els 900 i [&hellip;]<\/p>\n","protected":false},"author":1,"featured_media":0,"parent":13282,"menu_order":0,"comment_status":"closed","ping_status":"closed","template":"page-templates\/page-content-home.php","meta":{"_acf_changed":false,"_monsterinsights_skip_tracking":false,"_monsterinsights_sitenote_active":false,"_monsterinsights_sitenote_note":"","_monsterinsights_sitenote_category":0,"footnotes":""},"class_list":["post-13302","page","type-page","status-publish","hentry"],"acf":[],"_links":{"self":[{"href":"https:\/\/moianesturisme.cat\/es\/wp-json\/wp\/v2\/pages\/13302","targetHints":{"allow":["GET"]}}],"collection":[{"href":"https:\/\/moianesturisme.cat\/es\/wp-json\/wp\/v2\/pages"}],"about":[{"href":"https:\/\/moianesturisme.cat\/es\/wp-json\/wp\/v2\/types\/page"}],"author":[{"embeddable":true,"href":"https:\/\/moianesturisme.cat\/es\/wp-json\/wp\/v2\/users\/1"}],"replies":[{"embeddable":true,"href":"https:\/\/moianesturisme.cat\/es\/wp-json\/wp\/v2\/comments?post=13302"}],"version-history":[{"count":1,"href":"https:\/\/moianesturisme.cat\/es\/wp-json\/wp\/v2\/pages\/13302\/revisions"}],"predecessor-version":[{"id":13309,"href":"https:\/\/moianesturisme.cat\/es\/wp-json\/wp\/v2\/pages\/13302\/revisions\/13309"}],"up":[{"embeddable":true,"href":"https:\/\/moianesturisme.cat\/es\/wp-json\/wp\/v2\/pages\/13282"}],"wp:attachment":[{"href":"https:\/\/moianesturisme.cat\/es\/wp-json\/wp\/v2\/media?parent=13302"}],"curies":[{"name":"wp","href":"https:\/\/api.w.org\/{rel}","templated":true}]}}

<div class="wpb-content-wrapper">[vc_row][vc_column][vc_custom_heading text=»L&#8217;Estany» font_container=»tag:h1|text_align:left» use_theme_fonts=»yes»][vc_empty_space height=»16px»][vc_separator][/vc_column][/vc_row][vc_row][vc_column width=»2/3&#8243;][vc_single_image image=»1765&#8243; img_size=»full»][vc_empty_space height=»16px»][vc_custom_heading text=»La força de l’aigua i de la terra / El romànic que perdura al pas del temps» use_theme_fonts=»yes»][vc_empty_space height=»6px»][vc_column_text]L’Estany és el municipi més elevat del Moianès. Està situat al nord del Moianès, a 870 metres d’alçada i envoltat de muntanyes que oscil·len entre els 900 i els 1020 metres.</p>
<p>Els terrenys argilosos i una pluviositat alta convertiren la vall en una conca de recepció d’aigües que provocà que s’entollessin i que posteriorment s’hi formés un estany d’uns 300.000 metres quadrats de superfície. D’aquí ve el nom del poble de L’Estany.</p>
<p>Carles de Cardona, l’últim abat del monestir, va emprendre la dessecació de l’estany, tant per acabar amb un focus de mosquits i de paludisme, com per crear nous espais de conreu. Per això, el 1554, va contractar la construcció d’una sèquia, que va ser allargada i millorada l’any 1735 donant com a resultat la Mina de l’Estany.</p>
<p>La petita població de L’Estany també guarda un dels monuments més insignes del romànic català, el Monestir de Santa Maria de L’Estany.[/vc_column_text][/vc_column][vc_column width=»1/3&#8243;][vc_single_image image=»1773&#8243; img_size=»full» alignment=»center»][vc_empty_space height=»16px»][vc_column_text]
<h4 style="text-align: center;"><a href="http://www.estany.cat" target="_blank" rel="noopener noreferrer">estany.cat</a></h4>
<p style="text-align: center;">394 habitants (2018)<br />
10,25 km2<br />
870 metres sobre el nivell del mar</p>
[/vc_column_text][/vc_column][/vc_row][vc_row][vc_column][vc_empty_space][vc_custom_heading text=»Punts d&#8217;interès» font_container=»tag:h3|text_align:left» use_theme_fonts=»yes»][vc_separator][vc_empty_space height=»16px»][vc_basic_grid post_type=»project» max_items=»» element_width=»3&#8243; item=»10741&#8243; grid_id=»vc_gid:1553519287562-2693aece-adbf-10&#8243; taxonomies=»521&#8243;][vc_empty_space][vc_separator][/vc_column][/vc_row][vc_row][vc_column][vc_custom_heading text=»Som 10 pobles» use_theme_fonts=»yes»][vc_row_inner][vc_column_inner width=»1/3&#8243;][vc_column_text el_class=»no-bullet no-padding»]
<ul>
<li>
<h4><a href="https://moianesturisme.cat/es/home/somos-10-pueblos/calders/">Calders</a></h4>
</li>
<li>
<h4><a href="https://moianesturisme.cat/es/home/somos-10-pueblos/castellcir/">Castellcir</a></h4>
</li>
<li>
<h4><a href="https://moianesturisme.cat/es/home/somos-10-pueblos/castelltercol/">Castellterçol</a></h4>
</li>
<li>
<h4><a href="https://moianesturisme.cat/es/home/somos-10-pueblos/collsuspina/">Collsuspina</a></h4>
</li>
</ul>
[/vc_column_text][/vc_column_inner][vc_column_inner width=»1/3&#8243;][vc_column_text el_class=»no-bullet no-padding»]
<ul>
<li>
<h4><a href="/?page_id=1764">L’Estany</a></h4>
</li>
<li>
<h4><a href="https://moianesturisme.cat/es/home/somos-10-pueblos/granera/">Granera</a></h4>
</li>
<li>
<h4><a href="/?page_id=1755">Moià</a></h4>
</li>
</ul>
[/vc_column_text][/vc_column_inner][vc_column_inner width=»1/3&#8243;][vc_column_text el_class=»no-bullet no-padding»]
<ul>
<li>
<h4><a href="/?page_id=1791">Monistrol de Calders</a></h4>
</li>
<li>
<h4><a href="/?page_id=1803">Santa Maria d’Oló</a></h4>
</li>
<li>
<h4><a href="/?page_id=1795">Sant Quirze de Safaja</a></h4>
</li>
</ul>
[/vc_column_text][/vc_column_inner][/vc_row_inner][vc_empty_space height=»100px»][/vc_column][/vc_row]
</div>

<p>[vc_row][vc_column][vc_custom_heading text=»L&#8217;Estany» font_container=»tag:h1|text_align:left» use_theme_fonts=»yes»][vc_empty_space height=»16px»][vc_separator][/vc_column][/vc_row][vc_row][vc_column width=»2/3&#8243;][vc_single_image image=»1765&#8243; img_size=»full»][vc_empty_space height=»16px»][vc_custom_heading text=»La força de l’aigua i de la terra / El romànic que perdura al pas del temps» use_theme_fonts=»yes»][vc_empty_space height=»6px»][vc_column_text]L’Estany és el municipi més elevat del Moianès. Està situat al nord del Moianès, a 870 metres d’alçada i envoltat de muntanyes que oscil·len entre els 900 i [&hellip;]</p>
