{"id":13301,"date":"2013-10-27T23:05:03","date_gmt":"2013-10-27T23:05:03","guid":{"rendered":"http:\/\/moianesturisme.cat\/home\/somos-10-pueblos\/granera\/"},"modified":"2020-06-01T10:12:06","modified_gmt":"2020-06-01T09:12:06","slug":"granera","status":"publish","type":"page","link":"https:\/\/moianesturisme.cat\/es\/home\/somos-10-pueblos\/granera\/","title":{"rendered":"Granera"},"content":{"rendered":"<div class=\"wpb-content-wrapper\">[vc_row][vc_column][vc_custom_heading text=\u00bbGranera\u00bb font_container=\u00bbtag:h1|text_align:left\u00bb use_theme_fonts=\u00bbyes\u00bb][vc_empty_space height=\u00bb16px\u00bb][vc_separator][\/vc_column][\/vc_row][vc_row][vc_column width=\u00bb2\/3&#8243;][vc_single_image image=\u00bb1802&#8243; img_size=\u00bbfull\u00bb][vc_empty_space height=\u00bb16px\u00bb][vc_custom_heading text=\u00bbEl m\u00e9s petit i encantador del Moian\u00e8s\u00bb use_theme_fonts=\u00bbyes\u00bb][vc_empty_space height=\u00bb6px\u00bb][vc_column_text]El poble de Granera, amb una extensi\u00f3 de 23,95 Km2, \u00e9s el municipi m\u00e9s petit i menys poblat del Moian\u00e8s, per\u00f2 la situaci\u00f3 dominant del seu castell sobre la carena que marca el l\u00edmit de l\u2019altipl\u00e0 del Moian\u00e8s el fa visible des de molt lluny, per la banda ponentina.<\/p>\n<p>Granera est\u00e0 dividit en dos \u201cbarris\u201d, el del castell i el de l\u2019esgl\u00e9sia. \u00c9s un municipi trencat i bosc\u00f3s, amb poques planes per als conreus i per tot el terme hi trobem antiqu\u00edssimes masies.<\/p>\n<p>Un passeig per Granera permet descobrir uns paratges naturals de gran bellesa, unes masies rehabilitades i un ampli patrimoni arquitect\u00f2nic digne de con\u00e8ixer en aquesta visita.[\/vc_column_text][\/vc_column][vc_column width=\u00bb1\/3&#8243;][vc_single_image image=\u00bb1801&#8243; img_size=\u00bbfull\u00bb alignment=\u00bbcenter\u00bb][vc_empty_space height=\u00bb16px\u00bb][vc_column_text]\n<p style=\"text-align: center;\">80 habitants (2018)<br \/>\n23,7 km2<br \/>\n768 metres sobre el nivell del mar<\/p>\n[\/vc_column_text][\/vc_column][\/vc_row][vc_row][vc_column][vc_empty_space][vc_custom_heading text=\u00bbPunts d&#8217;inter\u00e8s\u00bb font_container=\u00bbtag:h3|text_align:left\u00bb use_theme_fonts=\u00bbyes\u00bb][vc_separator][vc_empty_space height=\u00bb16px\u00bb][vc_basic_grid post_type=\u00bbproject\u00bb max_items=\u00bb\u00bb element_width=\u00bb3&#8243; item=\u00bb10741&#8243; grid_id=\u00bbvc_gid:1553519302133-55f42bcb-6064-3&#8243; taxonomies=\u00bb520&#8243;][vc_empty_space][vc_separator][\/vc_column][\/vc_row][vc_row][vc_column][vc_custom_heading text=\u00bbSom 10 pobles\u00bb use_theme_fonts=\u00bbyes\u00bb][vc_row_inner][vc_column_inner width=\u00bb1\/3&#8243;][vc_column_text el_class=\u00bbno-bullet no-padding\u00bb]\n<ul>\n<li>\n<h4><a href=\"https:\/\/moianesturisme.cat\/es\/home\/somos-10-pueblos\/calders\/\">Calders<\/a><\/h4>\n<\/li>\n<li>\n<h4><a href=\"https:\/\/moianesturisme.cat\/es\/home\/somos-10-pueblos\/castellcir\/\">Castellcir<\/a><\/h4>\n<\/li>\n<li>\n<h4><a href=\"https:\/\/moianesturisme.cat\/es\/home\/somos-10-pueblos\/castelltercol\/\">Castellter\u00e7ol<\/a><\/h4>\n<\/li>\n<li>\n<h4><a href=\"https:\/\/moianesturisme.cat\/es\/home\/somos-10-pueblos\/collsuspina\/\">Collsuspina<\/a><\/h4>\n<\/li>\n<\/ul>\n[\/vc_column_text][\/vc_column_inner][vc_column_inner width=\u00bb1\/3&#8243;][vc_column_text el_class=\u00bbno-bullet no-padding\u00bb]\n<ul>\n<li>\n<h4><a href=\"\/?page_id=1764\">L\u2019Estany<\/a><\/h4>\n<\/li>\n<li>\n<h4><a href=\"\/?page_id=1799\">Granera<\/a><\/h4>\n<\/li>\n<li>\n<h4><a href=\"\/?page_id=1755\">Moi\u00e0<\/a><\/h4>\n<\/li>\n<\/ul>\n[\/vc_column_text][\/vc_column_inner][vc_column_inner width=\u00bb1\/3&#8243;][vc_column_text el_class=\u00bbno-bullet no-padding\u00bb]\n<ul>\n<li>\n<h4><a href=\"\/?page_id=1791\">Monistrol de Calders<\/a><\/h4>\n<\/li>\n<li>\n<h4><a href=\"\/?page_id=1803\">Santa Maria d\u2019Ol\u00f3<\/a><\/h4>\n<\/li>\n<li>\n<h4><a href=\"\/?page_id=1795\">Sant Quirze de Safaja<\/a><\/h4>\n<\/li>\n<\/ul>\n[\/vc_column_text][\/vc_column_inner][\/vc_row_inner][vc_empty_space height=\u00bb100px\u00bb][\/vc_column][\/vc_row]\n<\/div>","protected":false},"excerpt":{"rendered":"<p>[vc_row][vc_column][vc_custom_heading text=\u00bbGranera\u00bb font_container=\u00bbtag:h1|text_align:left\u00bb use_theme_fonts=\u00bbyes\u00bb][vc_empty_space height=\u00bb16px\u00bb][vc_separator][\/vc_column][\/vc_row][vc_row][vc_column width=\u00bb2\/3&#8243;][vc_single_image image=\u00bb1802&#8243; img_size=\u00bbfull\u00bb][vc_empty_space height=\u00bb16px\u00bb][vc_custom_heading text=\u00bbEl m\u00e9s petit i encantador del Moian\u00e8s\u00bb use_theme_fonts=\u00bbyes\u00bb][vc_empty_space height=\u00bb6px\u00bb][vc_column_text]El poble de Granera, amb una extensi\u00f3 de 23,95 Km2, \u00e9s el municipi m\u00e9s petit i menys poblat del Moian\u00e8s, per\u00f2 la situaci\u00f3 dominant del seu castell sobre la carena que marca el l\u00edmit de l\u2019altipl\u00e0 del Moian\u00e8s [&hellip;]<\/p>\n","protected":false},"author":1,"featured_media":0,"parent":13282,"menu_order":0,"comment_status":"closed","ping_status":"closed","template":"page-templates\/page-content-home.php","meta":{"_acf_changed":false,"_monsterinsights_skip_tracking":false,"_monsterinsights_sitenote_active":false,"_monsterinsights_sitenote_note":"","_monsterinsights_sitenote_category":0,"footnotes":""},"class_list":["post-13301","page","type-page","status-publish","hentry"],"acf":[],"_links":{"self":[{"href":"https:\/\/moianesturisme.cat\/es\/wp-json\/wp\/v2\/pages\/13301","targetHints":{"allow":["GET"]}}],"collection":[{"href":"https:\/\/moianesturisme.cat\/es\/wp-json\/wp\/v2\/pages"}],"about":[{"href":"https:\/\/moianesturisme.cat\/es\/wp-json\/wp\/v2\/types\/page"}],"author":[{"embeddable":true,"href":"https:\/\/moianesturisme.cat\/es\/wp-json\/wp\/v2\/users\/1"}],"replies":[{"embeddable":true,"href":"https:\/\/moianesturisme.cat\/es\/wp-json\/wp\/v2\/comments?post=13301"}],"version-history":[{"count":1,"href":"https:\/\/moianesturisme.cat\/es\/wp-json\/wp\/v2\/pages\/13301\/revisions"}],"predecessor-version":[{"id":13308,"href":"https:\/\/moianesturisme.cat\/es\/wp-json\/wp\/v2\/pages\/13301\/revisions\/13308"}],"up":[{"embeddable":true,"href":"https:\/\/moianesturisme.cat\/es\/wp-json\/wp\/v2\/pages\/13282"}],"wp:attachment":[{"href":"https:\/\/moianesturisme.cat\/es\/wp-json\/wp\/v2\/media?parent=13301"}],"curies":[{"name":"wp","href":"https:\/\/api.w.org\/{rel}","templated":true}]}}

<div class="wpb-content-wrapper">[vc_row][vc_column][vc_custom_heading text=»Granera» font_container=»tag:h1|text_align:left» use_theme_fonts=»yes»][vc_empty_space height=»16px»][vc_separator][/vc_column][/vc_row][vc_row][vc_column width=»2/3&#8243;][vc_single_image image=»1802&#8243; img_size=»full»][vc_empty_space height=»16px»][vc_custom_heading text=»El més petit i encantador del Moianès» use_theme_fonts=»yes»][vc_empty_space height=»6px»][vc_column_text]El poble de Granera, amb una extensió de 23,95 Km2, és el municipi més petit i menys poblat del Moianès, però la situació dominant del seu castell sobre la carena que marca el límit de l’altiplà del Moianès el fa visible des de molt lluny, per la banda ponentina.</p>
<p>Granera està dividit en dos “barris”, el del castell i el de l’església. És un municipi trencat i boscós, amb poques planes per als conreus i per tot el terme hi trobem antiquíssimes masies.</p>
<p>Un passeig per Granera permet descobrir uns paratges naturals de gran bellesa, unes masies rehabilitades i un ampli patrimoni arquitectònic digne de conèixer en aquesta visita.[/vc_column_text][/vc_column][vc_column width=»1/3&#8243;][vc_single_image image=»1801&#8243; img_size=»full» alignment=»center»][vc_empty_space height=»16px»][vc_column_text]
<p style="text-align: center;">80 habitants (2018)<br />
23,7 km2<br />
768 metres sobre el nivell del mar</p>
[/vc_column_text][/vc_column][/vc_row][vc_row][vc_column][vc_empty_space][vc_custom_heading text=»Punts d&#8217;interès» font_container=»tag:h3|text_align:left» use_theme_fonts=»yes»][vc_separator][vc_empty_space height=»16px»][vc_basic_grid post_type=»project» max_items=»» element_width=»3&#8243; item=»10741&#8243; grid_id=»vc_gid:1553519302133-55f42bcb-6064-3&#8243; taxonomies=»520&#8243;][vc_empty_space][vc_separator][/vc_column][/vc_row][vc_row][vc_column][vc_custom_heading text=»Som 10 pobles» use_theme_fonts=»yes»][vc_row_inner][vc_column_inner width=»1/3&#8243;][vc_column_text el_class=»no-bullet no-padding»]
<ul>
<li>
<h4><a href="https://moianesturisme.cat/es/home/somos-10-pueblos/calders/">Calders</a></h4>
</li>
<li>
<h4><a href="https://moianesturisme.cat/es/home/somos-10-pueblos/castellcir/">Castellcir</a></h4>
</li>
<li>
<h4><a href="https://moianesturisme.cat/es/home/somos-10-pueblos/castelltercol/">Castellterçol</a></h4>
</li>
<li>
<h4><a href="https://moianesturisme.cat/es/home/somos-10-pueblos/collsuspina/">Collsuspina</a></h4>
</li>
</ul>
[/vc_column_text][/vc_column_inner][vc_column_inner width=»1/3&#8243;][vc_column_text el_class=»no-bullet no-padding»]
<ul>
<li>
<h4><a href="/?page_id=1764">L’Estany</a></h4>
</li>
<li>
<h4><a href="/?page_id=1799">Granera</a></h4>
</li>
<li>
<h4><a href="/?page_id=1755">Moià</a></h4>
</li>
</ul>
[/vc_column_text][/vc_column_inner][vc_column_inner width=»1/3&#8243;][vc_column_text el_class=»no-bullet no-padding»]
<ul>
<li>
<h4><a href="/?page_id=1791">Monistrol de Calders</a></h4>
</li>
<li>
<h4><a href="/?page_id=1803">Santa Maria d’Oló</a></h4>
</li>
<li>
<h4><a href="/?page_id=1795">Sant Quirze de Safaja</a></h4>
</li>
</ul>
[/vc_column_text][/vc_column_inner][/vc_row_inner][vc_empty_space height=»100px»][/vc_column][/vc_row]
</div>

<p>[vc_row][vc_column][vc_custom_heading text=»Granera» font_container=»tag:h1|text_align:left» use_theme_fonts=»yes»][vc_empty_space height=»16px»][vc_separator][/vc_column][/vc_row][vc_row][vc_column width=»2/3&#8243;][vc_single_image image=»1802&#8243; img_size=»full»][vc_empty_space height=»16px»][vc_custom_heading text=»El més petit i encantador del Moianès» use_theme_fonts=»yes»][vc_empty_space height=»6px»][vc_column_text]El poble de Granera, amb una extensió de 23,95 Km2, és el municipi més petit i menys poblat del Moianès, però la situació dominant del seu castell sobre la carena que marca el límit de l’altiplà del Moianès [&hellip;]</p>
