{"id":13300,"date":"2013-10-27T11:25:43","date_gmt":"2013-10-27T11:25:43","guid":{"rendered":"http:\/\/moianesturisme.cat\/home\/somos-10-pueblos\/collsuspina\/"},"modified":"2020-06-01T10:11:59","modified_gmt":"2020-06-01T09:11:59","slug":"collsuspina","status":"publish","type":"page","link":"https:\/\/moianesturisme.cat\/es\/home\/somos-10-pueblos\/collsuspina\/","title":{"rendered":"Collsuspina"},"content":{"rendered":"<div class=\"wpb-content-wrapper\">[vc_row][vc_column][vc_custom_heading text=\u00bbCollsuspina\u00bb font_container=\u00bbtag:h1|text_align:left\u00bb use_theme_fonts=\u00bbyes\u00bb][vc_empty_space height=\u00bb16px\u00bb][vc_separator][\/vc_column][\/vc_row][vc_row][vc_column width=\u00bb2\/3&#8243;][vc_single_image image=\u00bb1769&#8243; img_size=\u00bbfull\u00bb][vc_empty_space height=\u00bb16px\u00bb][vc_custom_heading text=\u00bbUn casc antic de gran bellesa envoltat d\u2019una roureda impressionant\u00bb use_theme_fonts=\u00bbyes\u00bb][vc_empty_space height=\u00bb6px\u00bb][vc_column_text]Collsuspina i el coll de la Pollosa de 918 m d\u2019altitud, s\u00f3n pas normal entre el Moian\u00e8s i Osona. El terme de Collsuspina \u00e9s un terme essencialment muntany\u00f3s que sobrepassa els mil metres a Sant Cugat de Gavadons i la poblaci\u00f3 es troba sobre els 900 metres d\u2019altitud.<\/p>\n<p>El nom li ve del mas de l\u2019Espina, antics propietaris de bona part de la contrada. El poblet va formar-se al peu del collet de la Pollosa en un indret planer i suau. Collsuspina est\u00e0 format pel nucli antic i dos ravals, els barris del Picanyol i les casetes, aix\u00ed com una vintena de masos.<\/p>\n<p>Dintre del terme de Collsuspina, abans d\u2019arribar a Sant Cugat de Gavadons, una desviaci\u00f3 a la dreta ens porta al naixement del riu Congost.<\/p>\n<p>Tamb\u00e9 hi trobem, gr\u00e0cies al seu clima fresc i pluj\u00f3s, una de les vegetacions aut\u00f2ctones de roures m\u00e9s boniques del pa\u00eds, el Bosc de Casanoves, i l\u2019exist\u00e8ncia de prats sempre verds.[\/vc_column_text][\/vc_column][vc_column width=\u00bb1\/3&#8243;][vc_single_image image=\u00bb1772&#8243; img_size=\u00bbfull\u00bb alignment=\u00bbcenter\u00bb][vc_empty_space height=\u00bb16px\u00bb][vc_column_text]\n<h4 style=\"text-align: center;\"><a href=\"http:\/\/collsuspina.cat\">collsuspina.cat<\/a><\/h4>\n<p style=\"text-align: center;\">341 habitants (2018)<br \/>\n15,01 km2<br \/>\n901 metres sobre el nivell del mar<\/p>\n[\/vc_column_text][\/vc_column][\/vc_row][vc_row][vc_column][vc_empty_space][vc_custom_heading text=\u00bbPunts d&#8217;inter\u00e8s\u00bb font_container=\u00bbtag:h3|text_align:left\u00bb use_theme_fonts=\u00bbyes\u00bb][vc_separator][vc_empty_space height=\u00bb16px\u00bb][vc_basic_grid post_type=\u00bbproject\u00bb max_items=\u00bb\u00bb element_width=\u00bb3&#8243; item=\u00bb10741&#8243; grid_id=\u00bbvc_gid:1553519296098-0d74508c-65d9-2&#8243; taxonomies=\u00bb519&#8243;][vc_empty_space][vc_separator][\/vc_column][\/vc_row][vc_row][vc_column][vc_custom_heading text=\u00bbSom 10 pobles\u00bb use_theme_fonts=\u00bbyes\u00bb][vc_row_inner][vc_column_inner width=\u00bb1\/3&#8243;][vc_column_text el_class=\u00bbno-bullet no-padding\u00bb]\n<ul>\n<li>\n<h4><a href=\"https:\/\/moianesturisme.cat\/es\/home\/somos-10-pueblos\/calders\/\">Calders<\/a><\/h4>\n<\/li>\n<li>\n<h4><a href=\"https:\/\/moianesturisme.cat\/es\/home\/somos-10-pueblos\/castellcir\/\">Castellcir<\/a><\/h4>\n<\/li>\n<li>\n<h4><a href=\"https:\/\/moianesturisme.cat\/es\/home\/somos-10-pueblos\/castelltercol\/\">Castellter\u00e7ol<\/a><\/h4>\n<\/li>\n<li>\n<h4><a href=\"\/?page_id=1767\">Collsuspina<\/a><\/h4>\n<\/li>\n<\/ul>\n[\/vc_column_text][\/vc_column_inner][vc_column_inner width=\u00bb1\/3&#8243;][vc_column_text el_class=\u00bbno-bullet no-padding\u00bb]\n<ul>\n<li>\n<h4><a href=\"\/?page_id=1764\">L\u2019Estany<\/a><\/h4>\n<\/li>\n<li>\n<h4><a href=\"\/?page_id=1799\">Granera<\/a><\/h4>\n<\/li>\n<li>\n<h4><a href=\"\/?page_id=1755\">Moi\u00e0<\/a><\/h4>\n<\/li>\n<\/ul>\n[\/vc_column_text][\/vc_column_inner][vc_column_inner width=\u00bb1\/3&#8243;][vc_column_text el_class=\u00bbno-bullet no-padding\u00bb]\n<ul>\n<li>\n<h4><a href=\"\/?page_id=1791\">Monistrol de Calders<\/a><\/h4>\n<\/li>\n<li>\n<h4><a href=\"\/?page_id=1803\">Santa Maria d\u2019Ol\u00f3<\/a><\/h4>\n<\/li>\n<li>\n<h4><a href=\"\/?page_id=1795\">Sant Quirze de Safaja<\/a><\/h4>\n<\/li>\n<\/ul>\n[\/vc_column_text][\/vc_column_inner][\/vc_row_inner][vc_empty_space height=\u00bb100px\u00bb][\/vc_column][\/vc_row]\n<\/div>","protected":false},"excerpt":{"rendered":"<p>[vc_row][vc_column][vc_custom_heading text=\u00bbCollsuspina\u00bb font_container=\u00bbtag:h1|text_align:left\u00bb use_theme_fonts=\u00bbyes\u00bb][vc_empty_space height=\u00bb16px\u00bb][vc_separator][\/vc_column][\/vc_row][vc_row][vc_column width=\u00bb2\/3&#8243;][vc_single_image image=\u00bb1769&#8243; img_size=\u00bbfull\u00bb][vc_empty_space height=\u00bb16px\u00bb][vc_custom_heading text=\u00bbUn casc antic de gran bellesa envoltat d\u2019una roureda impressionant\u00bb use_theme_fonts=\u00bbyes\u00bb][vc_empty_space height=\u00bb6px\u00bb][vc_column_text]Collsuspina i el coll de la Pollosa de 918 m d\u2019altitud, s\u00f3n pas normal entre el Moian\u00e8s i Osona. El terme de Collsuspina \u00e9s un terme essencialment muntany\u00f3s que sobrepassa els mil metres a Sant [&hellip;]<\/p>\n","protected":false},"author":1,"featured_media":0,"parent":13282,"menu_order":0,"comment_status":"closed","ping_status":"closed","template":"page-templates\/page-content-home.php","meta":{"_acf_changed":false,"_monsterinsights_skip_tracking":false,"_monsterinsights_sitenote_active":false,"_monsterinsights_sitenote_note":"","_monsterinsights_sitenote_category":0,"footnotes":""},"class_list":["post-13300","page","type-page","status-publish","hentry"],"acf":[],"_links":{"self":[{"href":"https:\/\/moianesturisme.cat\/es\/wp-json\/wp\/v2\/pages\/13300","targetHints":{"allow":["GET"]}}],"collection":[{"href":"https:\/\/moianesturisme.cat\/es\/wp-json\/wp\/v2\/pages"}],"about":[{"href":"https:\/\/moianesturisme.cat\/es\/wp-json\/wp\/v2\/types\/page"}],"author":[{"embeddable":true,"href":"https:\/\/moianesturisme.cat\/es\/wp-json\/wp\/v2\/users\/1"}],"replies":[{"embeddable":true,"href":"https:\/\/moianesturisme.cat\/es\/wp-json\/wp\/v2\/comments?post=13300"}],"version-history":[{"count":1,"href":"https:\/\/moianesturisme.cat\/es\/wp-json\/wp\/v2\/pages\/13300\/revisions"}],"predecessor-version":[{"id":13305,"href":"https:\/\/moianesturisme.cat\/es\/wp-json\/wp\/v2\/pages\/13300\/revisions\/13305"}],"up":[{"embeddable":true,"href":"https:\/\/moianesturisme.cat\/es\/wp-json\/wp\/v2\/pages\/13282"}],"wp:attachment":[{"href":"https:\/\/moianesturisme.cat\/es\/wp-json\/wp\/v2\/media?parent=13300"}],"curies":[{"name":"wp","href":"https:\/\/api.w.org\/{rel}","templated":true}]}}

<div class="wpb-content-wrapper">[vc_row][vc_column][vc_custom_heading text=»Collsuspina» font_container=»tag:h1|text_align:left» use_theme_fonts=»yes»][vc_empty_space height=»16px»][vc_separator][/vc_column][/vc_row][vc_row][vc_column width=»2/3&#8243;][vc_single_image image=»1769&#8243; img_size=»full»][vc_empty_space height=»16px»][vc_custom_heading text=»Un casc antic de gran bellesa envoltat d’una roureda impressionant» use_theme_fonts=»yes»][vc_empty_space height=»6px»][vc_column_text]Collsuspina i el coll de la Pollosa de 918 m d’altitud, són pas normal entre el Moianès i Osona. El terme de Collsuspina és un terme essencialment muntanyós que sobrepassa els mil metres a Sant Cugat de Gavadons i la població es troba sobre els 900 metres d’altitud.</p>
<p>El nom li ve del mas de l’Espina, antics propietaris de bona part de la contrada. El poblet va formar-se al peu del collet de la Pollosa en un indret planer i suau. Collsuspina està format pel nucli antic i dos ravals, els barris del Picanyol i les casetes, així com una vintena de masos.</p>
<p>Dintre del terme de Collsuspina, abans d’arribar a Sant Cugat de Gavadons, una desviació a la dreta ens porta al naixement del riu Congost.</p>
<p>També hi trobem, gràcies al seu clima fresc i plujós, una de les vegetacions autòctones de roures més boniques del país, el Bosc de Casanoves, i l’existència de prats sempre verds.[/vc_column_text][/vc_column][vc_column width=»1/3&#8243;][vc_single_image image=»1772&#8243; img_size=»full» alignment=»center»][vc_empty_space height=»16px»][vc_column_text]
<h4 style="text-align: center;"><a href="http://collsuspina.cat">collsuspina.cat</a></h4>
<p style="text-align: center;">341 habitants (2018)<br />
15,01 km2<br />
901 metres sobre el nivell del mar</p>
[/vc_column_text][/vc_column][/vc_row][vc_row][vc_column][vc_empty_space][vc_custom_heading text=»Punts d&#8217;interès» font_container=»tag:h3|text_align:left» use_theme_fonts=»yes»][vc_separator][vc_empty_space height=»16px»][vc_basic_grid post_type=»project» max_items=»» element_width=»3&#8243; item=»10741&#8243; grid_id=»vc_gid:1553519296098-0d74508c-65d9-2&#8243; taxonomies=»519&#8243;][vc_empty_space][vc_separator][/vc_column][/vc_row][vc_row][vc_column][vc_custom_heading text=»Som 10 pobles» use_theme_fonts=»yes»][vc_row_inner][vc_column_inner width=»1/3&#8243;][vc_column_text el_class=»no-bullet no-padding»]
<ul>
<li>
<h4><a href="https://moianesturisme.cat/es/home/somos-10-pueblos/calders/">Calders</a></h4>
</li>
<li>
<h4><a href="https://moianesturisme.cat/es/home/somos-10-pueblos/castellcir/">Castellcir</a></h4>
</li>
<li>
<h4><a href="https://moianesturisme.cat/es/home/somos-10-pueblos/castelltercol/">Castellterçol</a></h4>
</li>
<li>
<h4><a href="/?page_id=1767">Collsuspina</a></h4>
</li>
</ul>
[/vc_column_text][/vc_column_inner][vc_column_inner width=»1/3&#8243;][vc_column_text el_class=»no-bullet no-padding»]
<ul>
<li>
<h4><a href="/?page_id=1764">L’Estany</a></h4>
</li>
<li>
<h4><a href="/?page_id=1799">Granera</a></h4>
</li>
<li>
<h4><a href="/?page_id=1755">Moià</a></h4>
</li>
</ul>
[/vc_column_text][/vc_column_inner][vc_column_inner width=»1/3&#8243;][vc_column_text el_class=»no-bullet no-padding»]
<ul>
<li>
<h4><a href="/?page_id=1791">Monistrol de Calders</a></h4>
</li>
<li>
<h4><a href="/?page_id=1803">Santa Maria d’Oló</a></h4>
</li>
<li>
<h4><a href="/?page_id=1795">Sant Quirze de Safaja</a></h4>
</li>
</ul>
[/vc_column_text][/vc_column_inner][/vc_row_inner][vc_empty_space height=»100px»][/vc_column][/vc_row]
</div>

<p>[vc_row][vc_column][vc_custom_heading text=»Collsuspina» font_container=»tag:h1|text_align:left» use_theme_fonts=»yes»][vc_empty_space height=»16px»][vc_separator][/vc_column][/vc_row][vc_row][vc_column width=»2/3&#8243;][vc_single_image image=»1769&#8243; img_size=»full»][vc_empty_space height=»16px»][vc_custom_heading text=»Un casc antic de gran bellesa envoltat d’una roureda impressionant» use_theme_fonts=»yes»][vc_empty_space height=»6px»][vc_column_text]Collsuspina i el coll de la Pollosa de 918 m d’altitud, són pas normal entre el Moianès i Osona. El terme de Collsuspina és un terme essencialment muntanyós que sobrepassa els mil metres a Sant [&hellip;]</p>
