{"id":13298,"date":"2013-10-28T06:22:14","date_gmt":"2013-10-28T06:22:14","guid":{"rendered":"http:\/\/moianesturisme.cat\/home\/somos-10-pueblos\/castellcir\/"},"modified":"2020-06-01T10:11:52","modified_gmt":"2020-06-01T09:11:52","slug":"castellcir","status":"publish","type":"page","link":"https:\/\/moianesturisme.cat\/es\/home\/somos-10-pueblos\/castellcir\/","title":{"rendered":"Castellcir"},"content":{"rendered":"<div class=\"wpb-content-wrapper\">[vc_row][vc_column][vc_custom_heading text=\u00bbCastellcir\u00bb font_container=\u00bbtag:h1|text_align:left\u00bb use_theme_fonts=\u00bbyes\u00bb][vc_empty_space height=\u00bb16px\u00bb][vc_separator][\/vc_column][\/vc_row][vc_row][vc_column width=\u00bb2\/3&#8243;][vc_single_image image=\u00bb1811&#8243; img_size=\u00bbfull\u00bb][vc_empty_space height=\u00bb16px\u00bb][vc_custom_heading text=\u00bbEls grans atractius d\u2019un poble petit\u00bb use_theme_fonts=\u00bbyes\u00bb][vc_empty_space height=\u00bb6px\u00bb][vc_column_text]Situat al sud est del Moian\u00e8s. T\u00e9 una extensi\u00f3 de 34.50 km2, incloent l\u2019enclavament de Marf\u00e0 (annexionat a Castellcir l\u2019any 1845).<\/p>\n<p>Castellcir fou un poble tradicionalment pag\u00e8s, amb tot un seguit de masos dispersos i un nucli de cases habitades per menestrals i petits pagesos, formant un carrer, anomenat de l\u2019Amargura.<\/p>\n<p>Castellcir ha crescut al voltant d\u2019aquest carrer, i actualment \u00e9s un poble on conviuen els sectors agr\u00edcola i ramader, la ind\u00fastria ecol\u00f2gica i agroaliment\u00e0ria i els serveis.<\/p>\n<p>A Castellcir, hi t\u00e9 la cap\u00e7alera el riu Tenes, que se\u2019n va cap al Bes\u00f2s, i la riera de Fontscalents, que aboca les seves aig\u00fces al Llobregat<\/p>\n<p>Carenes, turons, torrents, boscos i camps de conreu configuren el paisatge de tot el municipi.[\/vc_column_text][\/vc_column][vc_column width=\u00bb1\/3&#8243;][vc_single_image image=\u00bb1812&#8243; img_size=\u00bbfull\u00bb alignment=\u00bbcenter\u00bb][vc_empty_space height=\u00bb16px\u00bb][vc_column_text]\n<h4 style=\"text-align: center;\"><a href=\"http:\/\/castellcir.cat\" target=\"_blank\" rel=\"noopener noreferrer\">castellcir.cat<\/a><\/h4>\n<p style=\"text-align: center;\">737 habitants (2018)<br \/>\n34,2 km2<br \/>\n693 metres sobre el nivell del mar<\/p>\n[\/vc_column_text][\/vc_column][\/vc_row][vc_row][vc_column][vc_empty_space][vc_custom_heading text=\u00bbPunts d&#8217;inter\u00e8s\u00bb font_container=\u00bbtag:h3|text_align:left\u00bb use_theme_fonts=\u00bbyes\u00bb][vc_separator][vc_empty_space height=\u00bb16px\u00bb][vc_basic_grid post_type=\u00bbproject\u00bb max_items=\u00bb\u00bb element_width=\u00bb3&#8243; item=\u00bb10741&#8243; grid_id=\u00bbvc_gid:1553519277500-1d48d311-511e-7&#8243; taxonomies=\u00bb517&#8243;][vc_empty_space][vc_separator][\/vc_column][\/vc_row][vc_row][vc_column][vc_custom_heading text=\u00bbSom 10 pobles\u00bb use_theme_fonts=\u00bbyes\u00bb][vc_row_inner][vc_column_inner width=\u00bb1\/3&#8243;][vc_column_text el_class=\u00bbno-bullet no-padding\u00bb]\n<ul>\n<li>\n<h4><a href=\"https:\/\/moianesturisme.cat\/es\/home\/somos-10-pueblos\/calders\/\">Calders<\/a><\/h4>\n<\/li>\n<li>\n<h4><a href=\"\/?page_id=1809\">Castellcir<\/a><\/h4>\n<\/li>\n<li>\n<h4><a href=\"\/?page_id=1749\">Castellter\u00e7ol<\/a><\/h4>\n<\/li>\n<li>\n<h4><a href=\"\/?page_id=1767\">Collsuspina<\/a><\/h4>\n<\/li>\n<\/ul>\n[\/vc_column_text][\/vc_column_inner][vc_column_inner width=\u00bb1\/3&#8243;][vc_column_text el_class=\u00bbno-bullet no-padding\u00bb]\n<ul>\n<li>\n<h4><a href=\"\/?page_id=1764\">L\u2019Estany<\/a><\/h4>\n<\/li>\n<li>\n<h4><a href=\"\/?page_id=1799\">Granera<\/a><\/h4>\n<\/li>\n<li>\n<h4><a href=\"\/?page_id=1755\">Moi\u00e0<\/a><\/h4>\n<\/li>\n<\/ul>\n[\/vc_column_text][\/vc_column_inner][vc_column_inner width=\u00bb1\/3&#8243;][vc_column_text el_class=\u00bbno-bullet no-padding\u00bb]\n<ul>\n<li>\n<h4><a href=\"\/?page_id=1791\">Monistrol de Calders<\/a><\/h4>\n<\/li>\n<li>\n<h4><a href=\"\/?page_id=1803\">Santa Maria d\u2019Ol\u00f3<\/a><\/h4>\n<\/li>\n<li>\n<h4><a href=\"\/?page_id=1795\">Sant Quirze de Safaja<\/a><\/h4>\n<\/li>\n<\/ul>\n[\/vc_column_text][\/vc_column_inner][\/vc_row_inner][vc_empty_space height=\u00bb100px\u00bb][\/vc_column][\/vc_row]\n<\/div>","protected":false},"excerpt":{"rendered":"<p>[vc_row][vc_column][vc_custom_heading text=\u00bbCastellcir\u00bb font_container=\u00bbtag:h1|text_align:left\u00bb use_theme_fonts=\u00bbyes\u00bb][vc_empty_space height=\u00bb16px\u00bb][vc_separator][\/vc_column][\/vc_row][vc_row][vc_column width=\u00bb2\/3&#8243;][vc_single_image image=\u00bb1811&#8243; img_size=\u00bbfull\u00bb][vc_empty_space height=\u00bb16px\u00bb][vc_custom_heading text=\u00bbEls grans atractius d\u2019un poble petit\u00bb use_theme_fonts=\u00bbyes\u00bb][vc_empty_space height=\u00bb6px\u00bb][vc_column_text]Situat al sud est del Moian\u00e8s. T\u00e9 una extensi\u00f3 de 34.50 km2, incloent l\u2019enclavament de Marf\u00e0 (annexionat a Castellcir l\u2019any 1845). Castellcir fou un poble tradicionalment pag\u00e8s, amb tot un seguit de masos dispersos i un nucli de cases [&hellip;]<\/p>\n","protected":false},"author":1,"featured_media":0,"parent":13282,"menu_order":0,"comment_status":"closed","ping_status":"closed","template":"page-templates\/page-content-home.php","meta":{"_acf_changed":false,"_monsterinsights_skip_tracking":false,"_monsterinsights_sitenote_active":false,"_monsterinsights_sitenote_note":"","_monsterinsights_sitenote_category":0,"footnotes":""},"class_list":["post-13298","page","type-page","status-publish","hentry"],"acf":[],"_links":{"self":[{"href":"https:\/\/moianesturisme.cat\/es\/wp-json\/wp\/v2\/pages\/13298","targetHints":{"allow":["GET"]}}],"collection":[{"href":"https:\/\/moianesturisme.cat\/es\/wp-json\/wp\/v2\/pages"}],"about":[{"href":"https:\/\/moianesturisme.cat\/es\/wp-json\/wp\/v2\/types\/page"}],"author":[{"embeddable":true,"href":"https:\/\/moianesturisme.cat\/es\/wp-json\/wp\/v2\/users\/1"}],"replies":[{"embeddable":true,"href":"https:\/\/moianesturisme.cat\/es\/wp-json\/wp\/v2\/comments?post=13298"}],"version-history":[{"count":1,"href":"https:\/\/moianesturisme.cat\/es\/wp-json\/wp\/v2\/pages\/13298\/revisions"}],"predecessor-version":[{"id":13303,"href":"https:\/\/moianesturisme.cat\/es\/wp-json\/wp\/v2\/pages\/13298\/revisions\/13303"}],"up":[{"embeddable":true,"href":"https:\/\/moianesturisme.cat\/es\/wp-json\/wp\/v2\/pages\/13282"}],"wp:attachment":[{"href":"https:\/\/moianesturisme.cat\/es\/wp-json\/wp\/v2\/media?parent=13298"}],"curies":[{"name":"wp","href":"https:\/\/api.w.org\/{rel}","templated":true}]}}

<div class="wpb-content-wrapper">[vc_row][vc_column][vc_custom_heading text=»Castellcir» font_container=»tag:h1|text_align:left» use_theme_fonts=»yes»][vc_empty_space height=»16px»][vc_separator][/vc_column][/vc_row][vc_row][vc_column width=»2/3&#8243;][vc_single_image image=»1811&#8243; img_size=»full»][vc_empty_space height=»16px»][vc_custom_heading text=»Els grans atractius d’un poble petit» use_theme_fonts=»yes»][vc_empty_space height=»6px»][vc_column_text]Situat al sud est del Moianès. Té una extensió de 34.50 km2, incloent l’enclavament de Marfà (annexionat a Castellcir l’any 1845).</p>
<p>Castellcir fou un poble tradicionalment pagès, amb tot un seguit de masos dispersos i un nucli de cases habitades per menestrals i petits pagesos, formant un carrer, anomenat de l’Amargura.</p>
<p>Castellcir ha crescut al voltant d’aquest carrer, i actualment és un poble on conviuen els sectors agrícola i ramader, la indústria ecològica i agroalimentària i els serveis.</p>
<p>A Castellcir, hi té la capçalera el riu Tenes, que se’n va cap al Besòs, i la riera de Fontscalents, que aboca les seves aigües al Llobregat</p>
<p>Carenes, turons, torrents, boscos i camps de conreu configuren el paisatge de tot el municipi.[/vc_column_text][/vc_column][vc_column width=»1/3&#8243;][vc_single_image image=»1812&#8243; img_size=»full» alignment=»center»][vc_empty_space height=»16px»][vc_column_text]
<h4 style="text-align: center;"><a href="http://castellcir.cat" target="_blank" rel="noopener noreferrer">castellcir.cat</a></h4>
<p style="text-align: center;">737 habitants (2018)<br />
34,2 km2<br />
693 metres sobre el nivell del mar</p>
[/vc_column_text][/vc_column][/vc_row][vc_row][vc_column][vc_empty_space][vc_custom_heading text=»Punts d&#8217;interès» font_container=»tag:h3|text_align:left» use_theme_fonts=»yes»][vc_separator][vc_empty_space height=»16px»][vc_basic_grid post_type=»project» max_items=»» element_width=»3&#8243; item=»10741&#8243; grid_id=»vc_gid:1553519277500-1d48d311-511e-7&#8243; taxonomies=»517&#8243;][vc_empty_space][vc_separator][/vc_column][/vc_row][vc_row][vc_column][vc_custom_heading text=»Som 10 pobles» use_theme_fonts=»yes»][vc_row_inner][vc_column_inner width=»1/3&#8243;][vc_column_text el_class=»no-bullet no-padding»]
<ul>
<li>
<h4><a href="https://moianesturisme.cat/es/home/somos-10-pueblos/calders/">Calders</a></h4>
</li>
<li>
<h4><a href="/?page_id=1809">Castellcir</a></h4>
</li>
<li>
<h4><a href="/?page_id=1749">Castellterçol</a></h4>
</li>
<li>
<h4><a href="/?page_id=1767">Collsuspina</a></h4>
</li>
</ul>
[/vc_column_text][/vc_column_inner][vc_column_inner width=»1/3&#8243;][vc_column_text el_class=»no-bullet no-padding»]
<ul>
<li>
<h4><a href="/?page_id=1764">L’Estany</a></h4>
</li>
<li>
<h4><a href="/?page_id=1799">Granera</a></h4>
</li>
<li>
<h4><a href="/?page_id=1755">Moià</a></h4>
</li>
</ul>
[/vc_column_text][/vc_column_inner][vc_column_inner width=»1/3&#8243;][vc_column_text el_class=»no-bullet no-padding»]
<ul>
<li>
<h4><a href="/?page_id=1791">Monistrol de Calders</a></h4>
</li>
<li>
<h4><a href="/?page_id=1803">Santa Maria d’Oló</a></h4>
</li>
<li>
<h4><a href="/?page_id=1795">Sant Quirze de Safaja</a></h4>
</li>
</ul>
[/vc_column_text][/vc_column_inner][/vc_row_inner][vc_empty_space height=»100px»][/vc_column][/vc_row]
</div>

<p>[vc_row][vc_column][vc_custom_heading text=»Castellcir» font_container=»tag:h1|text_align:left» use_theme_fonts=»yes»][vc_empty_space height=»16px»][vc_separator][/vc_column][/vc_row][vc_row][vc_column width=»2/3&#8243;][vc_single_image image=»1811&#8243; img_size=»full»][vc_empty_space height=»16px»][vc_custom_heading text=»Els grans atractius d’un poble petit» use_theme_fonts=»yes»][vc_empty_space height=»6px»][vc_column_text]Situat al sud est del Moianès. Té una extensió de 34.50 km2, incloent l’enclavament de Marfà (annexionat a Castellcir l’any 1845). Castellcir fou un poble tradicionalment pagès, amb tot un seguit de masos dispersos i un nucli de cases [&hellip;]</p>
