{"id":13286,"date":"2013-10-27T22:32:01","date_gmt":"2013-10-27T22:32:01","guid":{"rendered":"http:\/\/moianesturisme.cat\/home\/somos-10-pueblos\/calders\/"},"modified":"2020-06-01T10:04:24","modified_gmt":"2020-06-01T09:04:24","slug":"calders","status":"publish","type":"page","link":"https:\/\/moianesturisme.cat\/es\/home\/somos-10-pueblos\/calders\/","title":{"rendered":"Calders"},"content":{"rendered":"<div class=\"wpb-content-wrapper\">[vc_row][vc_column][vc_custom_heading text=\u00bbCalders\u00bb font_container=\u00bbtag:h1|text_align:left\u00bb use_theme_fonts=\u00bbyes\u00bb][vc_empty_space height=\u00bb16px\u00bb][vc_separator][\/vc_column][\/vc_row][vc_row][vc_column width=\u00bb2\/3&#8243;][vc_single_image image=\u00bb1785&#8243; img_size=\u00bbfull\u00bb][vc_empty_space height=\u00bb16px\u00bb][vc_custom_heading text=\u00bbEl naixement d\u2019un poble al llarg del cam\u00ed ral\u00bb use_theme_fonts=\u00bbyes\u00bb][vc_empty_space height=\u00bb6px\u00bb][vc_column_text]Calders, que va n\u00e9ixer agrupant-se vora el cam\u00ed ral, t\u00e9 una forma allargassada molt caracter\u00edstica. Es va formar al llom de la carena que separa les aig\u00fces de la riera de Malrub\u00ed de les del Calders. El nucli antic es form\u00e0 agrupant-se a la Pla\u00e7a Major, presidida pel Temple Parroquial de Sant Vicen\u00e7. Formen el seu allargassat terme municipial, a m\u00e9s a m\u00e9s del nucli del poble de Calders, els nuclis de la poblaci\u00f3 de La Gu\u00e0rdia, L\u2019Oller, Les Hect\u00e0rees, La Col\u00f2nia Jorba i un bon grapat de masies.<\/p>\n<p>El terme \u00e9s travessat, de llevant a ponent, pel riu Calders, que es forma a Monistrol i desemboca al Llobregat, prop de Navarcles. Tamb\u00e9 de punta a punta (13 km) i en paral\u00b7lel al riu, podem resseguir l\u2019antiga Strata Francisca.<\/p>\n<p>El riu s\u2019ha anat encaixonant sobre els materials calcaris i ha format una s\u00e8rie de serrats com el del Puig, la Gu\u00e0rdia o el Castell, on es pot apreciar perfectament un meandre abandonat.<\/p>\n<p>Dues terceres parts de la superf\u00edcie municipal s\u00f3n cobertes de boscos de pi blanc, alzinars i rouredes.[\/vc_column_text][\/vc_column][vc_column width=\u00bb1\/3&#8243;][vc_single_image image=\u00bb1786&#8243; img_size=\u00bbfull\u00bb alignment=\u00bbcenter\u00bb][vc_empty_space height=\u00bb16px\u00bb][vc_column_text]\n<h4 style=\"text-align: center;\"><a href=\"http:\/\/www.calders.cat\/\" target=\"_blank\" rel=\"noopener noreferrer\">calders.cat<\/a><\/h4>\n<p style=\"text-align: center;\">950 habitants (2018)<br \/>\n30,10 km2<br \/>\n552 metres sobre el nivell del mar<\/p>\n[\/vc_column_text][\/vc_column][\/vc_row][vc_row][vc_column][vc_empty_space][vc_custom_heading text=\u00bbPunts d&#8217;inter\u00e8s\u00bb font_container=\u00bbtag:h3|text_align:left\u00bb use_theme_fonts=\u00bbyes\u00bb][vc_separator][vc_empty_space height=\u00bb16px\u00bb][vc_basic_grid post_type=\u00bbproject\u00bb max_items=\u00bb\u00bb element_width=\u00bb3&#8243; item=\u00bb10741&#8243; grid_id=\u00bbvc_gid:1553519271511-53f52f6e-22c8-6&#8243; taxonomies=\u00bb514&#8243;][vc_empty_space][vc_separator][\/vc_column][\/vc_row][vc_row][vc_column][vc_custom_heading text=\u00bbSom 10 pobles\u00bb use_theme_fonts=\u00bbyes\u00bb][vc_row_inner][vc_column_inner width=\u00bb1\/3&#8243;][vc_column_text el_class=\u00bbno-bullet no-padding\u00bb]\n<ul>\n<li>\n<h4><a href=\"\/?page_id=1784\">Calders<\/a><\/h4>\n<\/li>\n<li>\n<h4><a href=\"\/?page_id=1809\">Castellcir<\/a><\/h4>\n<\/li>\n<li>\n<h4><a href=\"\/?page_id=1749\">Castellter\u00e7ol<\/a><\/h4>\n<\/li>\n<li>\n<h4><a href=\"\/?page_id=1767\">Collsuspina<\/a><\/h4>\n<\/li>\n<\/ul>\n[\/vc_column_text][\/vc_column_inner][vc_column_inner width=\u00bb1\/3&#8243;][vc_column_text el_class=\u00bbno-bullet no-padding\u00bb]\n<ul>\n<li>\n<h4><a href=\"\/?page_id=1764\">L\u2019Estany<\/a><\/h4>\n<\/li>\n<li>\n<h4><a href=\"\/?page_id=1799\">Granera<\/a><\/h4>\n<\/li>\n<li>\n<h4><a href=\"\/?page_id=1755\">Moi\u00e0<\/a><\/h4>\n<\/li>\n<\/ul>\n[\/vc_column_text][\/vc_column_inner][vc_column_inner width=\u00bb1\/3&#8243;][vc_column_text el_class=\u00bbno-bullet no-padding\u00bb]\n<ul>\n<li>\n<h4><a href=\"\/?page_id=1791\">Monistrol de Calders<\/a><\/h4>\n<\/li>\n<li>\n<h4><a href=\"\/?page_id=1803\">Santa Maria d\u2019Ol\u00f3<\/a><\/h4>\n<\/li>\n<li>\n<h4><a href=\"\/?page_id=1795\">Sant Quirze de Safaja<\/a><\/h4>\n<\/li>\n<\/ul>\n[\/vc_column_text][\/vc_column_inner][\/vc_row_inner][vc_empty_space height=\u00bb100px\u00bb][\/vc_column][\/vc_row]\n<\/div>","protected":false},"excerpt":{"rendered":"<p>[vc_row][vc_column][vc_custom_heading text=\u00bbCalders\u00bb font_container=\u00bbtag:h1|text_align:left\u00bb use_theme_fonts=\u00bbyes\u00bb][vc_empty_space height=\u00bb16px\u00bb][vc_separator][\/vc_column][\/vc_row][vc_row][vc_column width=\u00bb2\/3&#8243;][vc_single_image image=\u00bb1785&#8243; img_size=\u00bbfull\u00bb][vc_empty_space height=\u00bb16px\u00bb][vc_custom_heading text=\u00bbEl naixement d\u2019un poble al llarg del cam\u00ed ral\u00bb use_theme_fonts=\u00bbyes\u00bb][vc_empty_space height=\u00bb6px\u00bb][vc_column_text]Calders, que va n\u00e9ixer agrupant-se vora el cam\u00ed ral, t\u00e9 una forma allargassada molt caracter\u00edstica. Es va formar al llom de la carena que separa les aig\u00fces de la riera de Malrub\u00ed de les del Calders. [&hellip;]<\/p>\n","protected":false},"author":1,"featured_media":0,"parent":13282,"menu_order":0,"comment_status":"closed","ping_status":"closed","template":"page-templates\/page-content-home.php","meta":{"_acf_changed":false,"_monsterinsights_skip_tracking":false,"_monsterinsights_sitenote_active":false,"_monsterinsights_sitenote_note":"","_monsterinsights_sitenote_category":0,"footnotes":""},"class_list":["post-13286","page","type-page","status-publish","hentry"],"acf":[],"_links":{"self":[{"href":"https:\/\/moianesturisme.cat\/es\/wp-json\/wp\/v2\/pages\/13286","targetHints":{"allow":["GET"]}}],"collection":[{"href":"https:\/\/moianesturisme.cat\/es\/wp-json\/wp\/v2\/pages"}],"about":[{"href":"https:\/\/moianesturisme.cat\/es\/wp-json\/wp\/v2\/types\/page"}],"author":[{"embeddable":true,"href":"https:\/\/moianesturisme.cat\/es\/wp-json\/wp\/v2\/users\/1"}],"replies":[{"embeddable":true,"href":"https:\/\/moianesturisme.cat\/es\/wp-json\/wp\/v2\/comments?post=13286"}],"version-history":[{"count":1,"href":"https:\/\/moianesturisme.cat\/es\/wp-json\/wp\/v2\/pages\/13286\/revisions"}],"predecessor-version":[{"id":13287,"href":"https:\/\/moianesturisme.cat\/es\/wp-json\/wp\/v2\/pages\/13286\/revisions\/13287"}],"up":[{"embeddable":true,"href":"https:\/\/moianesturisme.cat\/es\/wp-json\/wp\/v2\/pages\/13282"}],"wp:attachment":[{"href":"https:\/\/moianesturisme.cat\/es\/wp-json\/wp\/v2\/media?parent=13286"}],"curies":[{"name":"wp","href":"https:\/\/api.w.org\/{rel}","templated":true}]}}

<div class="wpb-content-wrapper">[vc_row][vc_column][vc_custom_heading text=»Calders» font_container=»tag:h1|text_align:left» use_theme_fonts=»yes»][vc_empty_space height=»16px»][vc_separator][/vc_column][/vc_row][vc_row][vc_column width=»2/3&#8243;][vc_single_image image=»1785&#8243; img_size=»full»][vc_empty_space height=»16px»][vc_custom_heading text=»El naixement d’un poble al llarg del camí ral» use_theme_fonts=»yes»][vc_empty_space height=»6px»][vc_column_text]Calders, que va néixer agrupant-se vora el camí ral, té una forma allargassada molt característica. Es va formar al llom de la carena que separa les aigües de la riera de Malrubí de les del Calders. El nucli antic es formà agrupant-se a la Plaça Major, presidida pel Temple Parroquial de Sant Vicenç. Formen el seu allargassat terme municipial, a més a més del nucli del poble de Calders, els nuclis de la població de La Guàrdia, L’Oller, Les Hectàrees, La Colònia Jorba i un bon grapat de masies.</p>
<p>El terme és travessat, de llevant a ponent, pel riu Calders, que es forma a Monistrol i desemboca al Llobregat, prop de Navarcles. També de punta a punta (13 km) i en paral·lel al riu, podem resseguir l’antiga Strata Francisca.</p>
<p>El riu s’ha anat encaixonant sobre els materials calcaris i ha format una sèrie de serrats com el del Puig, la Guàrdia o el Castell, on es pot apreciar perfectament un meandre abandonat.</p>
<p>Dues terceres parts de la superfície municipal són cobertes de boscos de pi blanc, alzinars i rouredes.[/vc_column_text][/vc_column][vc_column width=»1/3&#8243;][vc_single_image image=»1786&#8243; img_size=»full» alignment=»center»][vc_empty_space height=»16px»][vc_column_text]
<h4 style="text-align: center;"><a href="http://www.calders.cat/" target="_blank" rel="noopener noreferrer">calders.cat</a></h4>
<p style="text-align: center;">950 habitants (2018)<br />
30,10 km2<br />
552 metres sobre el nivell del mar</p>
[/vc_column_text][/vc_column][/vc_row][vc_row][vc_column][vc_empty_space][vc_custom_heading text=»Punts d&#8217;interès» font_container=»tag:h3|text_align:left» use_theme_fonts=»yes»][vc_separator][vc_empty_space height=»16px»][vc_basic_grid post_type=»project» max_items=»» element_width=»3&#8243; item=»10741&#8243; grid_id=»vc_gid:1553519271511-53f52f6e-22c8-6&#8243; taxonomies=»514&#8243;][vc_empty_space][vc_separator][/vc_column][/vc_row][vc_row][vc_column][vc_custom_heading text=»Som 10 pobles» use_theme_fonts=»yes»][vc_row_inner][vc_column_inner width=»1/3&#8243;][vc_column_text el_class=»no-bullet no-padding»]
<ul>
<li>
<h4><a href="/?page_id=1784">Calders</a></h4>
</li>
<li>
<h4><a href="/?page_id=1809">Castellcir</a></h4>
</li>
<li>
<h4><a href="/?page_id=1749">Castellterçol</a></h4>
</li>
<li>
<h4><a href="/?page_id=1767">Collsuspina</a></h4>
</li>
</ul>
[/vc_column_text][/vc_column_inner][vc_column_inner width=»1/3&#8243;][vc_column_text el_class=»no-bullet no-padding»]
<ul>
<li>
<h4><a href="/?page_id=1764">L’Estany</a></h4>
</li>
<li>
<h4><a href="/?page_id=1799">Granera</a></h4>
</li>
<li>
<h4><a href="/?page_id=1755">Moià</a></h4>
</li>
</ul>
[/vc_column_text][/vc_column_inner][vc_column_inner width=»1/3&#8243;][vc_column_text el_class=»no-bullet no-padding»]
<ul>
<li>
<h4><a href="/?page_id=1791">Monistrol de Calders</a></h4>
</li>
<li>
<h4><a href="/?page_id=1803">Santa Maria d’Oló</a></h4>
</li>
<li>
<h4><a href="/?page_id=1795">Sant Quirze de Safaja</a></h4>
</li>
</ul>
[/vc_column_text][/vc_column_inner][/vc_row_inner][vc_empty_space height=»100px»][/vc_column][/vc_row]
</div>

<p>[vc_row][vc_column][vc_custom_heading text=»Calders» font_container=»tag:h1|text_align:left» use_theme_fonts=»yes»][vc_empty_space height=»16px»][vc_separator][/vc_column][/vc_row][vc_row][vc_column width=»2/3&#8243;][vc_single_image image=»1785&#8243; img_size=»full»][vc_empty_space height=»16px»][vc_custom_heading text=»El naixement d’un poble al llarg del camí ral» use_theme_fonts=»yes»][vc_empty_space height=»6px»][vc_column_text]Calders, que va néixer agrupant-se vora el camí ral, té una forma allargassada molt característica. Es va formar al llom de la carena que separa les aigües de la riera de Malrubí de les del Calders. [&hellip;]</p>
