{"id":9569,"date":"2023-11-27T20:35:28","date_gmt":"2023-11-27T18:35:28","guid":{"rendered":"https:\/\/moianesturisme.cat\/agendacultural\/?post_type=tribe_events&#038;p=9569"},"modified":"2023-11-27T20:35:28","modified_gmt":"2023-11-27T18:35:28","slug":"vic-moliner-en-concert","status":"publish","type":"tribe_events","link":"https:\/\/moianesturisme.cat\/agendacultural\/activitat\/vic-moliner-en-concert\/","title":{"rendered":"Vic Moliner en concert"},"content":{"rendered":"<p>Vic Moliner ens ofereix un concert\/recital que es mou amb total flu\u00efdesa entre la poesia i l\u2019activisme, entre la visceralitat i l\u2019exquisidesa.<br \/>\nPresentant les seves dues \u00faltimes publicacions, el disc Foc i endreces i el poemari Tu i les pres(s)es, ens proposa un viatge musical i po\u00e8tic desde la reivindiaci\u00f3 de caire m\u00e9s social-pol\u00edtic, expressada metaf\u00f2ricament a trav\u00e9s del foc i la crema de les coses que ens fan mal, fins a la introspecci\u00f3, l\u2019autoconeixement, el pensar-se i l\u2019enriure\u2019s d\u2019una mateixa, representades a trav\u00e9s de l\u2019endre\u00e7a.<br \/>\nLa seva veu delicada i honesta \u00e9s una descoberta, i a trav\u00e9s del baix el\u00e8ctric com a principal instrument acompanyant, aconsegueix un so innovador, cru i intens, que porta una mica m\u00e9s enll\u00e0 la seva originalitat i marca pr\u00f2pia com a reconegut baixista.<br \/>\nUn torrent d\u2019aigua, de paraules, podr\u00edem dir, que malgrat que resta retingut per moltes preses constru\u00efdes sempre amb pressa, troba les esquerdes per seguir el seu curs.<\/p>\n<p>divendres 15 de desembre de 2023<br \/>\nTaquilla inversa (cal inscripci\u00f3)<br \/>\nSopar: 20\u20ac (cal reservar)<br \/>\nM\u00e9s informaci\u00f3, reserves i inscripcions a: info@fundaciolaplana.org<\/p>\n","protected":false},"excerpt":{"rendered":"<p>Vic Moliner ens ofereix un concert\/recital que es mou amb total flu\u00efdesa entre la poesia i l\u2019activisme, entre la visceralitat i l\u2019exquisidesa. Presentant les seves dues \u00faltimes publicacions, el disc Foc i endreces i el poemari Tu i les pres(s)es, ens proposa un viatge musical i po\u00e8tic desde la reivindiaci\u00f3 de caire m\u00e9s social-pol\u00edtic, expressada<\/p>\n","protected":false},"author":40,"featured_media":0,"template":"","meta":{"_acf_changed":false,"_tribe_events_status":"","_tribe_events_status_reason":"","_tribe_events_is_hybrid":"","_tribe_events_is_virtual":"","_tribe_events_virtual_video_source":"","_tribe_events_virtual_embed_video":"","_tribe_events_virtual_linked_button_text":"","_tribe_events_virtual_linked_button":"","_tribe_events_virtual_show_embed_at":"","_tribe_events_virtual_show_embed_to":[],"_tribe_events_virtual_show_on_event":"","_tribe_events_virtual_show_on_views":"","_tribe_events_virtual_url":"","footnotes":""},"tags":[],"tribe_events_cat":[71,76],"class_list":["post-9569","tribe_events","type-tribe_events","status-publish","hentry","tribe_events_cat-espectacles","tribe_events_cat-musica","cat_espectacles","cat_musica"],"acf":[],"_links":{"self":[{"href":"https:\/\/moianesturisme.cat\/agendacultural\/wp-json\/wp\/v2\/tribe_events\/9569","targetHints":{"allow":["GET"]}}],"collection":[{"href":"https:\/\/moianesturisme.cat\/agendacultural\/wp-json\/wp\/v2\/tribe_events"}],"about":[{"href":"https:\/\/moianesturisme.cat\/agendacultural\/wp-json\/wp\/v2\/types\/tribe_events"}],"author":[{"embeddable":true,"href":"https:\/\/moianesturisme.cat\/agendacultural\/wp-json\/wp\/v2\/users\/40"}],"version-history":[{"count":1,"href":"https:\/\/moianesturisme.cat\/agendacultural\/wp-json\/wp\/v2\/tribe_events\/9569\/revisions"}],"predecessor-version":[{"id":9570,"href":"https:\/\/moianesturisme.cat\/agendacultural\/wp-json\/wp\/v2\/tribe_events\/9569\/revisions\/9570"}],"wp:attachment":[{"href":"https:\/\/moianesturisme.cat\/agendacultural\/wp-json\/wp\/v2\/media?parent=9569"}],"wp:term":[{"taxonomy":"post_tag","embeddable":true,"href":"https:\/\/moianesturisme.cat\/agendacultural\/wp-json\/wp\/v2\/tags?post=9569"},{"taxonomy":"tribe_events_cat","embeddable":true,"href":"https:\/\/moianesturisme.cat\/agendacultural\/wp-json\/wp\/v2\/tribe_events_cat?post=9569"}],"curies":[{"name":"wp","href":"https:\/\/api.w.org\/{rel}","templated":true}]}}

<p>Vic Moliner ens ofereix un concert/recital que es mou amb total fluïdesa entre la poesia i l’activisme, entre la visceralitat i l’exquisidesa.<br />
Presentant les seves dues últimes publicacions, el disc Foc i endreces i el poemari Tu i les pres(s)es, ens proposa un viatge musical i poètic desde la reivindiació de caire més social-polític, expressada metafòricament a través del foc i la crema de les coses que ens fan mal, fins a la introspecció, l’autoconeixement, el pensar-se i l’enriure’s d’una mateixa, representades a través de l’endreça.<br />
La seva veu delicada i honesta és una descoberta, i a través del baix elèctric com a principal instrument acompanyant, aconsegueix un so innovador, cru i intens, que porta una mica més enllà la seva originalitat i marca pròpia com a reconegut baixista.<br />
Un torrent d’aigua, de paraules, podríem dir, que malgrat que resta retingut per moltes preses construïdes sempre amb pressa, troba les esquerdes per seguir el seu curs.</p>
<p>divendres 15 de desembre de 2023<br />
Taquilla inversa (cal inscripció)<br />
Sopar: 20€ (cal reservar)<br />
Més informació, reserves i inscripcions a: info@fundaciolaplana.org</p>

<p>Vic Moliner ens ofereix un concert/recital que es mou amb total fluïdesa entre la poesia i l’activisme, entre la visceralitat i l’exquisidesa. Presentant les seves dues últimes publicacions, el disc Foc i endreces i el poemari Tu i les pres(s)es, ens proposa un viatge musical i poètic desde la reivindiació de caire més social-polític, expressada</p>
