{"id":9313,"date":"2023-10-31T19:44:39","date_gmt":"2023-10-31T17:44:39","guid":{"rendered":"https:\/\/moianesturisme.cat\/agendacultural\/?post_type=tribe_events&#038;p=9313"},"modified":"2023-10-31T19:44:39","modified_gmt":"2023-10-31T17:44:39","slug":"exposicio-60-anys-cavall-fort","status":"publish","type":"tribe_events","link":"https:\/\/moianesturisme.cat\/agendacultural\/activitat\/exposicio-60-anys-cavall-fort\/","title":{"rendered":"Exposici\u00f3 60 anys Cavall Fort"},"content":{"rendered":"<p>Exposici\u00f3 dels 60 anys de la revista Cavall Fort<\/p>\n<p>A l\u2019exposici\u00f3, podreu passejar per diferents espais de la revista (la redacci\u00f3, el plat\u00f3, el taller art\u00edstic, el jard\u00ed, etc.) i fer-hi un munt de jocs.<\/p>\n","protected":false},"excerpt":{"rendered":"<p>Exposici\u00f3 dels 60 anys de la revista Cavall Fort A l\u2019exposici\u00f3, podreu passejar per diferents espais de la revista (la redacci\u00f3, el plat\u00f3, el taller art\u00edstic, el jard\u00ed, etc.) i fer-hi un munt de jocs.<\/p>\n","protected":false},"author":16,"featured_media":0,"template":"","meta":{"_acf_changed":false,"_tribe_events_status":"","_tribe_events_status_reason":"","_tribe_events_is_hybrid":"","_tribe_events_is_virtual":"","_tribe_events_virtual_video_source":"","_tribe_events_virtual_embed_video":"","_tribe_events_virtual_linked_button_text":"","_tribe_events_virtual_linked_button":"","_tribe_events_virtual_show_embed_at":"","_tribe_events_virtual_show_embed_to":[],"_tribe_events_virtual_show_on_event":"","_tribe_events_virtual_show_on_views":"","_tribe_events_virtual_url":"","footnotes":""},"tags":[],"tribe_events_cat":[48,49,73],"class_list":["post-9313","tribe_events","type-tribe_events","status-publish","hentry","tribe_events_cat-activitat-familiar","tribe_events_cat-activitat-literaria","tribe_events_cat-exposicions","cat_activitat-familiar","cat_activitat-literaria","cat_exposicions"],"acf":[],"_links":{"self":[{"href":"https:\/\/moianesturisme.cat\/agendacultural\/wp-json\/wp\/v2\/tribe_events\/9313","targetHints":{"allow":["GET"]}}],"collection":[{"href":"https:\/\/moianesturisme.cat\/agendacultural\/wp-json\/wp\/v2\/tribe_events"}],"about":[{"href":"https:\/\/moianesturisme.cat\/agendacultural\/wp-json\/wp\/v2\/types\/tribe_events"}],"author":[{"embeddable":true,"href":"https:\/\/moianesturisme.cat\/agendacultural\/wp-json\/wp\/v2\/users\/16"}],"version-history":[{"count":1,"href":"https:\/\/moianesturisme.cat\/agendacultural\/wp-json\/wp\/v2\/tribe_events\/9313\/revisions"}],"predecessor-version":[{"id":9314,"href":"https:\/\/moianesturisme.cat\/agendacultural\/wp-json\/wp\/v2\/tribe_events\/9313\/revisions\/9314"}],"wp:attachment":[{"href":"https:\/\/moianesturisme.cat\/agendacultural\/wp-json\/wp\/v2\/media?parent=9313"}],"wp:term":[{"taxonomy":"post_tag","embeddable":true,"href":"https:\/\/moianesturisme.cat\/agendacultural\/wp-json\/wp\/v2\/tags?post=9313"},{"taxonomy":"tribe_events_cat","embeddable":true,"href":"https:\/\/moianesturisme.cat\/agendacultural\/wp-json\/wp\/v2\/tribe_events_cat?post=9313"}],"curies":[{"name":"wp","href":"https:\/\/api.w.org\/{rel}","templated":true}]}}

Exposició 60 anys Cavall Fort

<p>Exposició dels 60 anys de la revista Cavall Fort</p>
<p>A l’exposició, podreu passejar per diferents espais de la revista (la redacció, el plató, el taller artístic, el jardí, etc.) i fer-hi un munt de jocs.</p>

<p>Exposició dels 60 anys de la revista Cavall Fort A l’exposició, podreu passejar per diferents espais de la revista (la redacció, el plató, el taller artístic, el jardí, etc.) i fer-hi un munt de jocs.</p>
