{"id":8951,"date":"2023-10-03T09:41:43","date_gmt":"2023-10-03T07:41:43","guid":{"rendered":"https:\/\/moianesturisme.cat\/agendacultural\/?post_type=tribe_events&#038;p=8951"},"modified":"2023-10-03T09:41:43","modified_gmt":"2023-10-03T07:41:43","slug":"ai-cony","status":"publish","type":"tribe_events","link":"https:\/\/moianesturisme.cat\/agendacultural\/activitat\/ai-cony\/","title":{"rendered":"Ai CONY!"},"content":{"rendered":"<p><b>Eva Barcel\u00f3<\/b> \u00e9s dona i c\u00f2mica, i aix\u00f2 no \u00e9s un acudit. Va de deb\u00f2. Ja sabem que sona fort, per\u00f2 les dones no nom\u00e9s riuen de les bromes dels homes, de fet, tamb\u00e9 poden fer com\u00e8dia. A <b>Ai CONY!<\/b> es parlar\u00e0 del <b>masclisme<\/b>, del <b>feminisme<\/b>, dels <b>homes<\/b>, de les <b>dones<\/b> i de la <b>tia Carmen<\/b>, que juga en una altra lliga. Espectacle apte, i tamb\u00e9 recomanat, per a homes. Us necessitem! Benvinguts aliats!<\/p>\n","protected":false},"excerpt":{"rendered":"<p>Eva Barcel\u00f3 \u00e9s dona i c\u00f2mica, i aix\u00f2 no \u00e9s un acudit. Va de deb\u00f2. Ja sabem que sona fort, per\u00f2 les dones no nom\u00e9s riuen de les bromes dels homes, de fet, tamb\u00e9 poden fer com\u00e8dia. A Ai CONY! es parlar\u00e0 del masclisme, del feminisme, dels homes, de les dones i de la tia<\/p>\n","protected":false},"author":34,"featured_media":0,"template":"","meta":{"_acf_changed":false,"_tribe_events_status":"","_tribe_events_status_reason":"","_tribe_events_is_hybrid":"","_tribe_events_is_virtual":"","_tribe_events_virtual_video_source":"","_tribe_events_virtual_embed_video":"","_tribe_events_virtual_linked_button_text":"","_tribe_events_virtual_linked_button":"","_tribe_events_virtual_show_embed_at":"","_tribe_events_virtual_show_embed_to":[],"_tribe_events_virtual_show_on_event":"","_tribe_events_virtual_show_on_views":"","_tribe_events_virtual_url":"","footnotes":""},"tags":[],"tribe_events_cat":[79],"class_list":["post-8951","tribe_events","type-tribe_events","status-publish","hentry","tribe_events_cat-teatre","cat_teatre"],"acf":[],"_links":{"self":[{"href":"https:\/\/moianesturisme.cat\/agendacultural\/wp-json\/wp\/v2\/tribe_events\/8951","targetHints":{"allow":["GET"]}}],"collection":[{"href":"https:\/\/moianesturisme.cat\/agendacultural\/wp-json\/wp\/v2\/tribe_events"}],"about":[{"href":"https:\/\/moianesturisme.cat\/agendacultural\/wp-json\/wp\/v2\/types\/tribe_events"}],"author":[{"embeddable":true,"href":"https:\/\/moianesturisme.cat\/agendacultural\/wp-json\/wp\/v2\/users\/34"}],"version-history":[{"count":1,"href":"https:\/\/moianesturisme.cat\/agendacultural\/wp-json\/wp\/v2\/tribe_events\/8951\/revisions"}],"predecessor-version":[{"id":8952,"href":"https:\/\/moianesturisme.cat\/agendacultural\/wp-json\/wp\/v2\/tribe_events\/8951\/revisions\/8952"}],"wp:attachment":[{"href":"https:\/\/moianesturisme.cat\/agendacultural\/wp-json\/wp\/v2\/media?parent=8951"}],"wp:term":[{"taxonomy":"post_tag","embeddable":true,"href":"https:\/\/moianesturisme.cat\/agendacultural\/wp-json\/wp\/v2\/tags?post=8951"},{"taxonomy":"tribe_events_cat","embeddable":true,"href":"https:\/\/moianesturisme.cat\/agendacultural\/wp-json\/wp\/v2\/tribe_events_cat?post=8951"}],"curies":[{"name":"wp","href":"https:\/\/api.w.org\/{rel}","templated":true}]}}

<p><b>Eva Barceló</b> és dona i còmica, i això no és un acudit. Va de debò. Ja sabem que sona fort, però les dones no només riuen de les bromes dels homes, de fet, també poden fer comèdia. A <b>Ai CONY!</b> es parlarà del <b>masclisme</b>, del <b>feminisme</b>, dels <b>homes</b>, de les <b>dones</b> i de la <b>tia Carmen</b>, que juga en una altra lliga. Espectacle apte, i també recomanat, per a homes. Us necessitem! Benvinguts aliats!</p>

<p>Eva Barceló és dona i còmica, i això no és un acudit. Va de debò. Ja sabem que sona fort, però les dones no només riuen de les bromes dels homes, de fet, també poden fer comèdia. A Ai CONY! es parlarà del masclisme, del feminisme, dels homes, de les dones i de la tia</p>
