{"id":18364,"date":"2026-04-29T12:37:11","date_gmt":"2026-04-29T10:37:11","guid":{"rendered":"https:\/\/moianesturisme.cat\/agendacultural\/?post_type=tribe_events&#038;p=18364"},"modified":"2026-04-29T12:41:58","modified_gmt":"2026-04-29T10:41:58","slug":"cicle-joves-talents-arianna-palassini-violi-miguel-pascual-piano","status":"publish","type":"tribe_events","link":"https:\/\/moianesturisme.cat\/agendacultural\/activitat\/cicle-joves-talents-arianna-palassini-violi-miguel-pascual-piano\/","title":{"rendered":"Cicle Joves Talents: ARIANNA PALASSINI, viol\u00ed \/ MIGUEL PASCUAL, p\u00ecano"},"content":{"rendered":"<div class=\"row \">\n<div class=\"container-sumari medium-5 medium-push-7 columns\">\n<div class=\"sumari\">\n<div class=\"row \">\n<div class=\"columns small-12\">\n<div class=\"presentacio\">BACH. MOZART, BEETHOVEN, DEBUSSY, WIENIAWSKI<\/div>\n<\/div>\n<\/div>\n<div class=\"presentacio\">\n<p>El Cicle de Joves Talents Maria Vilardell Vi\u00f1as d\u00f3na oportunitat a m\u00fasics que estan acabant la seva formaci\u00f3 per tal que comencin a tenir acc\u00e9s als escenaris i circu\u00efts concert\u00edstics, com a part essencial de la seva formaci\u00f3, ja que la presentaci\u00f3 davant del p\u00fablic \u00e9s una part de l&#8217;acte comunicatiu del concert que s&#8217;assoleix nom\u00e9s amb la pr\u00f2pia experi\u00e8ncia.<\/p>\n<p>Avui comptem amb dos joves m\u00fasics: d&#8217;una banda la violinista Arianna Palassini que ha participat al Campus Musical del Moian\u00e8s durant la passada edici\u00f3 i guanyadora del Primer Premi del Concurs del Campus Musical del Moian\u00e8s i tamb\u00e9 del pianista Miguel Pascual, que va guanyar el Segon Premi de la categoria juvenil del II Concurs de Piano Maria Vilardell Vi\u00f1as de Moi\u00e0<\/p>\n<\/div>\n<div class=\"row \">\n<div class=\"columns small-12\">\n<h4 class=\"titol-programa\">Programa<\/h4>\n<div class=\"presentacio descrip\">\n<p><strong>H. WIENIAWSKI<\/strong><br \/>\nL&#8217;\u00c9cole Moderne Op. 10, n. 5 &#8220;Alla Saltarella&#8221;<\/p>\n<p><strong>F. KREISLER <\/strong><br \/>\nPreludi i Allegro (a l&#8217;estil de Pugnani)<\/p>\n<p><strong>W.A. MOZART<\/strong><br \/>\nConcert per a viol\u00ed n\u00fam. 2 en re major, K. 211:<\/p>\n<p><strong>H. WIENIAWSKI<\/strong><br \/>\nConcert per a viol\u00ed n\u00fam. 2 en re menor, op. 22:<\/p>\n<p><strong>J. S. BACH<\/strong><br \/>\n7 Simfonies BWV 787-793<\/p>\n<p><strong>L. v. BEETHOVEN<\/strong><br \/>\nSonata op.10 n\u00ba2 en Fa Major<\/p>\n<p><strong>C. DEBUSSY<\/strong><br \/>\nChildren\u2019s Corner<\/p>\n<\/div>\n<\/div>\n<\/div>\n<\/div>\n<\/div>\n<\/div>\n","protected":false},"excerpt":{"rendered":"<p>BACH. MOZART, BEETHOVEN, DEBUSSY, WIENIAWSKI El Cicle de Joves Talents Maria Vilardell Vi\u00f1as d\u00f3na oportunitat a m\u00fasics que estan acabant la seva formaci\u00f3 per tal que comencin a tenir acc\u00e9s als escenaris i circu\u00efts concert\u00edstics, com a part essencial de la seva formaci\u00f3, ja que la presentaci\u00f3 davant del p\u00fablic \u00e9s una part de l&#8217;acte<\/p>\n","protected":false},"author":15,"featured_media":18369,"template":"","meta":{"_acf_changed":false,"_tribe_events_status":"","_tribe_events_status_reason":"","_tribe_events_is_hybrid":"","_tribe_events_is_virtual":"","_tribe_events_virtual_video_source":"","_tribe_events_virtual_embed_video":"","_tribe_events_virtual_linked_button_text":"","_tribe_events_virtual_linked_button":"","_tribe_events_virtual_show_embed_at":"","_tribe_events_virtual_show_embed_to":[],"_tribe_events_virtual_show_on_event":"","_tribe_events_virtual_show_on_views":"","_tribe_events_virtual_url":"","footnotes":""},"tags":[],"tribe_events_cat":[124,71,76],"class_list":["post-18364","tribe_events","type-tribe_events","status-publish","has-post-thumbnail","hentry","tribe_events_cat-cultura","tribe_events_cat-espectacles","tribe_events_cat-musica","cat_cultura","cat_espectacles","cat_musica"],"acf":[],"_links":{"self":[{"href":"https:\/\/moianesturisme.cat\/agendacultural\/wp-json\/wp\/v2\/tribe_events\/18364","targetHints":{"allow":["GET"]}}],"collection":[{"href":"https:\/\/moianesturisme.cat\/agendacultural\/wp-json\/wp\/v2\/tribe_events"}],"about":[{"href":"https:\/\/moianesturisme.cat\/agendacultural\/wp-json\/wp\/v2\/types\/tribe_events"}],"author":[{"embeddable":true,"href":"https:\/\/moianesturisme.cat\/agendacultural\/wp-json\/wp\/v2\/users\/15"}],"version-history":[{"count":1,"href":"https:\/\/moianesturisme.cat\/agendacultural\/wp-json\/wp\/v2\/tribe_events\/18364\/revisions"}],"predecessor-version":[{"id":18366,"href":"https:\/\/moianesturisme.cat\/agendacultural\/wp-json\/wp\/v2\/tribe_events\/18364\/revisions\/18366"}],"wp:featuredmedia":[{"embeddable":true,"href":"https:\/\/moianesturisme.cat\/agendacultural\/wp-json\/wp\/v2\/media\/18369"}],"wp:attachment":[{"href":"https:\/\/moianesturisme.cat\/agendacultural\/wp-json\/wp\/v2\/media?parent=18364"}],"wp:term":[{"taxonomy":"post_tag","embeddable":true,"href":"https:\/\/moianesturisme.cat\/agendacultural\/wp-json\/wp\/v2\/tags?post=18364"},{"taxonomy":"tribe_events_cat","embeddable":true,"href":"https:\/\/moianesturisme.cat\/agendacultural\/wp-json\/wp\/v2\/tribe_events_cat?post=18364"}],"curies":[{"name":"wp","href":"https:\/\/api.w.org\/{rel}","templated":true}]}}

Cicle Joves Talents: ARIANNA PALASSINI, violí / MIGUEL PASCUAL, pìano

<div class="row ">
<div class="container-sumari medium-5 medium-push-7 columns">
<div class="sumari">
<div class="row ">
<div class="columns small-12">
<div class="presentacio">BACH. MOZART, BEETHOVEN, DEBUSSY, WIENIAWSKI</div>
</div>
</div>
<div class="presentacio">
<p>El Cicle de Joves Talents Maria Vilardell Viñas dóna oportunitat a músics que estan acabant la seva formació per tal que comencin a tenir accés als escenaris i circuïts concertístics, com a part essencial de la seva formació, ja que la presentació davant del públic és una part de l&#8217;acte comunicatiu del concert que s&#8217;assoleix només amb la pròpia experiència.</p>
<p>Avui comptem amb dos joves músics: d&#8217;una banda la violinista Arianna Palassini que ha participat al Campus Musical del Moianès durant la passada edició i guanyadora del Primer Premi del Concurs del Campus Musical del Moianès i també del pianista Miguel Pascual, que va guanyar el Segon Premi de la categoria juvenil del II Concurs de Piano Maria Vilardell Viñas de Moià</p>
</div>
<div class="row ">
<div class="columns small-12">
<h4 class="titol-programa">Programa</h4>
<div class="presentacio descrip">
<p><strong>H. WIENIAWSKI</strong><br />
L&#8217;École Moderne Op. 10, n. 5 &#8220;Alla Saltarella&#8221;</p>
<p><strong>F. KREISLER </strong><br />
Preludi i Allegro (a l&#8217;estil de Pugnani)</p>
<p><strong>W.A. MOZART</strong><br />
Concert per a violí núm. 2 en re major, K. 211:</p>
<p><strong>H. WIENIAWSKI</strong><br />
Concert per a violí núm. 2 en re menor, op. 22:</p>
<p><strong>J. S. BACH</strong><br />
7 Simfonies BWV 787-793</p>
<p><strong>L. v. BEETHOVEN</strong><br />
Sonata op.10 nº2 en Fa Major</p>
<p><strong>C. DEBUSSY</strong><br />
Children’s Corner</p>
</div>
</div>
</div>
</div>
</div>
</div>

<p>BACH. MOZART, BEETHOVEN, DEBUSSY, WIENIAWSKI El Cicle de Joves Talents Maria Vilardell Viñas dóna oportunitat a músics que estan acabant la seva formació per tal que comencin a tenir accés als escenaris i circuïts concertístics, com a part essencial de la seva formació, ja que la presentació davant del públic és una part de l&#8217;acte</p>
