{"id":18359,"date":"2026-04-29T12:26:04","date_gmt":"2026-04-29T10:26:04","guid":{"rendered":"https:\/\/moianesturisme.cat\/agendacultural\/?post_type=tribe_events&#038;p=18359"},"modified":"2026-04-29T12:43:45","modified_gmt":"2026-04-29T10:43:45","slug":"concert-de-guillermo-castellano-piano","status":"publish","type":"tribe_events","link":"https:\/\/moianesturisme.cat\/agendacultural\/activitat\/concert-de-guillermo-castellano-piano\/","title":{"rendered":"Concert de GUILLERMO CASTELLANO, piano"},"content":{"rendered":"<div class=\"row \">\n<div class=\"container-sumari medium-5 medium-push-7 columns\">\n<div class=\"sumari\">\n<div class=\"row \">\n<div class=\"columns small-12\">\n<div class=\"presentacio\">BALLS ENMASCARATS : Schubert, Beethoven, Chopin, Schumann<\/div>\n<\/div>\n<\/div>\n<div class=\"presentacio\">\n<p>Un recorregut pel primer Romanticisme, on l\u2019her\u00e8ncia cl\u00e0ssica es transforma en un llenguatge m\u00e9s \u00edntim i expressiu. El programa s\u2019obre amb el lirisme delicat del<em> Minuet en La major <\/em>D 334 de Schubert i continua amb la Sonata en Fa major, Op. 10 n\u00fam. 2 de Beethoven, que combina claredat, energia i contrastos entre tradici\u00f3 i personalitat. Amb les Masurques\u00a0 de Chopin, la dansa esdev\u00e9 introspecci\u00f3 i poesia, plena de matisos i emoci\u00f3 continguda. El concert culmina amb <em>Carnava<\/em>l, Op. 9 de Schumann, un univers de m\u00e0scares, personatges i contrastos que celebra amb fantasia i passi\u00f3 l\u2019esperit rom\u00e0ntic.<\/p>\n<\/div>\n<div class=\"row \">\n<div class=\"columns small-12\">\n<h4 class=\"titol-programa\">Programa<\/h4>\n<div class=\"presentacio descrip\">\n<p align=\"justify\"><strong>Franz Schubert<\/strong>:\u00a0<em>Minueto en La Mayor,<\/em> D 334<\/p>\n<p align=\"justify\"><strong>Ludwig van Beethoven<\/strong>: <em>Sonata para piano n<\/em><em>\u00fam.\u00a02\u00a0en Fa major<\/em><em>, <\/em>Op. 1<\/p>\n<p align=\"justify\"><strong>Fr\u00e9deric Chopin<\/strong>:\u00a03 Masurques<\/p>\n<p align=\"justify\"><strong>Robert Schumann<\/strong>: <em>Carnaval,<\/em>\u00a0Op. 9<\/p>\n<\/div>\n<\/div>\n<\/div>\n<\/div>\n<\/div>\n<\/div>\n","protected":false},"excerpt":{"rendered":"<p>BALLS ENMASCARATS : Schubert, Beethoven, Chopin, Schumann Un recorregut pel primer Romanticisme, on l\u2019her\u00e8ncia cl\u00e0ssica es transforma en un llenguatge m\u00e9s \u00edntim i expressiu. El programa s\u2019obre amb el lirisme delicat del Minuet en La major D 334 de Schubert i continua amb la Sonata en Fa major, Op. 10 n\u00fam. 2 de Beethoven, que<\/p>\n","protected":false},"author":15,"featured_media":18370,"template":"","meta":{"_acf_changed":false,"_tribe_events_status":"","_tribe_events_status_reason":"","_tribe_events_is_hybrid":"","_tribe_events_is_virtual":"","_tribe_events_virtual_video_source":"","_tribe_events_virtual_embed_video":"","_tribe_events_virtual_linked_button_text":"","_tribe_events_virtual_linked_button":"","_tribe_events_virtual_show_embed_at":"","_tribe_events_virtual_show_embed_to":[],"_tribe_events_virtual_show_on_event":"","_tribe_events_virtual_show_on_views":"","_tribe_events_virtual_url":"","footnotes":""},"tags":[],"tribe_events_cat":[124,71,76],"class_list":["post-18359","tribe_events","type-tribe_events","status-publish","has-post-thumbnail","hentry","tribe_events_cat-cultura","tribe_events_cat-espectacles","tribe_events_cat-musica","cat_cultura","cat_espectacles","cat_musica"],"acf":[],"_links":{"self":[{"href":"https:\/\/moianesturisme.cat\/agendacultural\/wp-json\/wp\/v2\/tribe_events\/18359","targetHints":{"allow":["GET"]}}],"collection":[{"href":"https:\/\/moianesturisme.cat\/agendacultural\/wp-json\/wp\/v2\/tribe_events"}],"about":[{"href":"https:\/\/moianesturisme.cat\/agendacultural\/wp-json\/wp\/v2\/types\/tribe_events"}],"author":[{"embeddable":true,"href":"https:\/\/moianesturisme.cat\/agendacultural\/wp-json\/wp\/v2\/users\/15"}],"version-history":[{"count":1,"href":"https:\/\/moianesturisme.cat\/agendacultural\/wp-json\/wp\/v2\/tribe_events\/18359\/revisions"}],"predecessor-version":[{"id":18361,"href":"https:\/\/moianesturisme.cat\/agendacultural\/wp-json\/wp\/v2\/tribe_events\/18359\/revisions\/18361"}],"wp:featuredmedia":[{"embeddable":true,"href":"https:\/\/moianesturisme.cat\/agendacultural\/wp-json\/wp\/v2\/media\/18370"}],"wp:attachment":[{"href":"https:\/\/moianesturisme.cat\/agendacultural\/wp-json\/wp\/v2\/media?parent=18359"}],"wp:term":[{"taxonomy":"post_tag","embeddable":true,"href":"https:\/\/moianesturisme.cat\/agendacultural\/wp-json\/wp\/v2\/tags?post=18359"},{"taxonomy":"tribe_events_cat","embeddable":true,"href":"https:\/\/moianesturisme.cat\/agendacultural\/wp-json\/wp\/v2\/tribe_events_cat?post=18359"}],"curies":[{"name":"wp","href":"https:\/\/api.w.org\/{rel}","templated":true}]}}

<div class="row ">
<div class="container-sumari medium-5 medium-push-7 columns">
<div class="sumari">
<div class="row ">
<div class="columns small-12">
<div class="presentacio">BALLS ENMASCARATS : Schubert, Beethoven, Chopin, Schumann</div>
</div>
</div>
<div class="presentacio">
<p>Un recorregut pel primer Romanticisme, on l’herència clàssica es transforma en un llenguatge més íntim i expressiu. El programa s’obre amb el lirisme delicat del<em> Minuet en La major </em>D 334 de Schubert i continua amb la Sonata en Fa major, Op. 10 núm. 2 de Beethoven, que combina claredat, energia i contrastos entre tradició i personalitat. Amb les Masurques  de Chopin, la dansa esdevé introspecció i poesia, plena de matisos i emoció continguda. El concert culmina amb <em>Carnava</em>l, Op. 9 de Schumann, un univers de màscares, personatges i contrastos que celebra amb fantasia i passió l’esperit romàntic.</p>
</div>
<div class="row ">
<div class="columns small-12">
<h4 class="titol-programa">Programa</h4>
<div class="presentacio descrip">
<p align="justify"><strong>Franz Schubert</strong>: <em>Minueto en La Mayor,</em> D 334</p>
<p align="justify"><strong>Ludwig van Beethoven</strong>: <em>Sonata para piano n</em><em>úm. 2 en Fa major</em><em>, </em>Op. 1</p>
<p align="justify"><strong>Fréderic Chopin</strong>: 3 Masurques</p>
<p align="justify"><strong>Robert Schumann</strong>: <em>Carnaval,</em> Op. 9</p>
</div>
</div>
</div>
</div>
</div>
</div>

<p>BALLS ENMASCARATS : Schubert, Beethoven, Chopin, Schumann Un recorregut pel primer Romanticisme, on l’herència clàssica es transforma en un llenguatge més íntim i expressiu. El programa s’obre amb el lirisme delicat del Minuet en La major D 334 de Schubert i continua amb la Sonata en Fa major, Op. 10 núm. 2 de Beethoven, que</p>
