{"id":18255,"date":"2026-03-30T12:19:19","date_gmt":"2026-03-30T10:19:19","guid":{"rendered":"https:\/\/moianesturisme.cat\/agendacultural\/?post_type=tribe_events&#038;p=18255"},"modified":"2026-03-30T12:20:02","modified_gmt":"2026-03-30T10:20:02","slug":"44a-trobada-de-gegants-de-moia","status":"publish","type":"tribe_events","link":"https:\/\/moianesturisme.cat\/agendacultural\/activitat\/44a-trobada-de-gegants-de-moia\/","title":{"rendered":"44a Trobada de Gegants de Moi\u00e0"},"content":{"rendered":"<p>El dissabte 25 de juliol celebrarem la 44a Trobada de Gegants, amb la participaci\u00f3 de una quinzena de colles geganteres, vingudes d&#8217;arreu del territori catal\u00e0.<\/p>\n","protected":false},"excerpt":{"rendered":"<p>El dissabte 25 de juliol celebrarem la 44a Trobada de Gegants, amb la participaci\u00f3 de una quinzena de colles geganteres, vingudes d&#8217;arreu del territori catal\u00e0.<\/p>\n","protected":false},"author":8,"featured_media":0,"template":"","meta":{"_acf_changed":false,"_tribe_events_status":"","_tribe_events_status_reason":"","_tribe_events_is_hybrid":"","_tribe_events_is_virtual":"","_tribe_events_virtual_video_source":"","_tribe_events_virtual_embed_video":"","_tribe_events_virtual_linked_button_text":"","_tribe_events_virtual_linked_button":"","_tribe_events_virtual_show_embed_at":"","_tribe_events_virtual_show_embed_to":[],"_tribe_events_virtual_show_on_event":"","_tribe_events_virtual_show_on_views":"","_tribe_events_virtual_url":"","footnotes":""},"tags":[],"tribe_events_cat":[],"class_list":["post-18255","tribe_events","type-tribe_events","status-publish","hentry"],"acf":[],"_links":{"self":[{"href":"https:\/\/moianesturisme.cat\/agendacultural\/wp-json\/wp\/v2\/tribe_events\/18255","targetHints":{"allow":["GET"]}}],"collection":[{"href":"https:\/\/moianesturisme.cat\/agendacultural\/wp-json\/wp\/v2\/tribe_events"}],"about":[{"href":"https:\/\/moianesturisme.cat\/agendacultural\/wp-json\/wp\/v2\/types\/tribe_events"}],"author":[{"embeddable":true,"href":"https:\/\/moianesturisme.cat\/agendacultural\/wp-json\/wp\/v2\/users\/8"}],"version-history":[{"count":1,"href":"https:\/\/moianesturisme.cat\/agendacultural\/wp-json\/wp\/v2\/tribe_events\/18255\/revisions"}],"predecessor-version":[{"id":18257,"href":"https:\/\/moianesturisme.cat\/agendacultural\/wp-json\/wp\/v2\/tribe_events\/18255\/revisions\/18257"}],"wp:attachment":[{"href":"https:\/\/moianesturisme.cat\/agendacultural\/wp-json\/wp\/v2\/media?parent=18255"}],"wp:term":[{"taxonomy":"post_tag","embeddable":true,"href":"https:\/\/moianesturisme.cat\/agendacultural\/wp-json\/wp\/v2\/tags?post=18255"},{"taxonomy":"tribe_events_cat","embeddable":true,"href":"https:\/\/moianesturisme.cat\/agendacultural\/wp-json\/wp\/v2\/tribe_events_cat?post=18255"}],"curies":[{"name":"wp","href":"https:\/\/api.w.org\/{rel}","templated":true}]}}

44a Trobada de Gegants de Moià

<p>El dissabte 25 de juliol celebrarem la 44a Trobada de Gegants, amb la participació de una quinzena de colles geganteres, vingudes d&#8217;arreu del territori català.</p>
