{"id":17826,"date":"2026-01-14T15:47:45","date_gmt":"2026-01-14T13:47:45","guid":{"rendered":"https:\/\/moianesturisme.cat\/agendacultural\/?post_type=tribe_events&#038;p=17826"},"modified":"2026-01-14T15:47:45","modified_gmt":"2026-01-14T13:47:45","slug":"sant-sebastia-amigues-de-la-marato","status":"publish","type":"tribe_events","link":"https:\/\/moianesturisme.cat\/agendacultural\/activitat\/sant-sebastia-amigues-de-la-marato\/","title":{"rendered":"Sant Sebasti\u00e0 AMIGUES DE LA MARAT\u00d3"},"content":{"rendered":"<p>A 2\/4 de 10 a la pl. Catalunya Caminada i xocolatada, inscripci\u00f3 5\u20ac.<\/p>\n<p>A 2\/4 de 12 a la sala polivalent del Centre Recreatiu presentaci\u00f3 del mapa en 3D del terme d&#8217;Ol\u00f3 a c\u00e0rrec de Cristian Padr\u00f3.<\/p>\n<p>A les 12 a l&#8217;Espai Hemalosa concert amb Ricard Cots i Sergi Padilla.<\/p>\n","protected":false},"excerpt":{"rendered":"<p>A 2\/4 de 10 a la pl. Catalunya Caminada i xocolatada, inscripci\u00f3 5\u20ac. A 2\/4 de 12 a la sala polivalent del Centre Recreatiu presentaci\u00f3 del mapa en 3D del terme d&#8217;Ol\u00f3 a c\u00e0rrec de Cristian Padr\u00f3. A les 12 a l&#8217;Espai Hemalosa concert amb Ricard Cots i Sergi Padilla.<\/p>\n","protected":false},"author":2,"featured_media":17827,"template":"","meta":{"_acf_changed":false,"_tribe_events_status":"","_tribe_events_status_reason":"","_tribe_events_is_hybrid":"","_tribe_events_is_virtual":"","_tribe_events_virtual_video_source":"","_tribe_events_virtual_embed_video":"","_tribe_events_virtual_linked_button_text":"","_tribe_events_virtual_linked_button":"","_tribe_events_virtual_show_embed_at":"","_tribe_events_virtual_show_embed_to":[],"_tribe_events_virtual_show_on_event":"","_tribe_events_virtual_show_on_views":"","_tribe_events_virtual_url":"","footnotes":""},"tags":[],"tribe_events_cat":[177],"class_list":["post-17826","tribe_events","type-tribe_events","status-publish","has-post-thumbnail","hentry","tribe_events_cat-activitat-solidaria","cat_activitat-solidaria"],"acf":[],"_links":{"self":[{"href":"https:\/\/moianesturisme.cat\/agendacultural\/wp-json\/wp\/v2\/tribe_events\/17826","targetHints":{"allow":["GET"]}}],"collection":[{"href":"https:\/\/moianesturisme.cat\/agendacultural\/wp-json\/wp\/v2\/tribe_events"}],"about":[{"href":"https:\/\/moianesturisme.cat\/agendacultural\/wp-json\/wp\/v2\/types\/tribe_events"}],"author":[{"embeddable":true,"href":"https:\/\/moianesturisme.cat\/agendacultural\/wp-json\/wp\/v2\/users\/2"}],"version-history":[{"count":1,"href":"https:\/\/moianesturisme.cat\/agendacultural\/wp-json\/wp\/v2\/tribe_events\/17826\/revisions"}],"predecessor-version":[{"id":17828,"href":"https:\/\/moianesturisme.cat\/agendacultural\/wp-json\/wp\/v2\/tribe_events\/17826\/revisions\/17828"}],"wp:featuredmedia":[{"embeddable":true,"href":"https:\/\/moianesturisme.cat\/agendacultural\/wp-json\/wp\/v2\/media\/17827"}],"wp:attachment":[{"href":"https:\/\/moianesturisme.cat\/agendacultural\/wp-json\/wp\/v2\/media?parent=17826"}],"wp:term":[{"taxonomy":"post_tag","embeddable":true,"href":"https:\/\/moianesturisme.cat\/agendacultural\/wp-json\/wp\/v2\/tags?post=17826"},{"taxonomy":"tribe_events_cat","embeddable":true,"href":"https:\/\/moianesturisme.cat\/agendacultural\/wp-json\/wp\/v2\/tribe_events_cat?post=17826"}],"curies":[{"name":"wp","href":"https:\/\/api.w.org\/{rel}","templated":true}]}}

Sant Sebastià AMIGUES DE LA MARATÓ

<p>A 2/4 de 10 a la pl. Catalunya Caminada i xocolatada, inscripció 5€.</p>
<p>A 2/4 de 12 a la sala polivalent del Centre Recreatiu presentació del mapa en 3D del terme d&#8217;Oló a càrrec de Cristian Padró.</p>
<p>A les 12 a l&#8217;Espai Hemalosa concert amb Ricard Cots i Sergi Padilla.</p>

<p>A 2/4 de 10 a la pl. Catalunya Caminada i xocolatada, inscripció 5€. A 2/4 de 12 a la sala polivalent del Centre Recreatiu presentació del mapa en 3D del terme d&#8217;Oló a càrrec de Cristian Padró. A les 12 a l&#8217;Espai Hemalosa concert amb Ricard Cots i Sergi Padilla.</p>
