{"id":17661,"date":"2025-12-12T14:27:17","date_gmt":"2025-12-12T12:27:17","guid":{"rendered":"https:\/\/moianesturisme.cat\/agendacultural\/?post_type=tribe_events&#038;p=17661"},"modified":"2025-12-12T14:27:17","modified_gmt":"2025-12-12T12:27:17","slug":"gaudeix-del-nadal-a-calders","status":"publish","type":"tribe_events","link":"https:\/\/moianesturisme.cat\/agendacultural\/activitat\/gaudeix-del-nadal-a-calders\/","title":{"rendered":"Gaudeix del Nadal a Calders"},"content":{"rendered":"<p><strong>20 de desembre\u00a0 |\u00a0\u00a0<\/strong>A les 17.00h al Centre C\u00edvic<\/p>\n<p><strong>ESCAPE ROOM. ACONSEGUIR\u00c0S SALVAR EL NADAL RECONSTRU\u00cfNT EL TI\u00d3?<\/strong><\/p>\n<p>Fes el teu grup d\u2019entre 4 i 6 persones i vine a jugar. Activitat apte per a tots els p\u00fablics.<br \/>\nPreu: 2\u20ac els menors de 10 anys i 3\u20ac la resta.<br \/>\nOrganitzat per l\u2019Espai Jove de Calders.<br \/>\n<strong>Inscripcions:\u00a0<\/strong><a href=\"http:\/\/ja.cat\/escaperoomcalders\">ja.cat\/escaperoomcalders<\/a><\/p>\n<p><strong>21 de desembre\u00a0 \u00a0\u00a0<\/strong><\/p>\n<p>\u00b7\u00a0A les 10.30h i a les 11.45h al Casal<\/p>\n<p><strong>TALLER DE PINTURA DE NEON ART<\/strong><\/p>\n<p>Obra pict\u00f2rica amb pintura fluorescent per a persones joves (majors de 12 anys).<br \/>\nEn acabar hi haur\u00e0 pica-pica pels participants<\/p>\n<p><em>Hi ha programades dues sessions; s\u2019ha d\u2019escollir una prefer\u00e8ncia a l\u2019hora de fer la preinscripci\u00f3. En cas de ser pocs participants, s\u2019uniran en una \u00fanica sessi\u00f3 de durada m\u00e9s llarga.\u00a0<\/em><br \/>\nA c\u00e0rrec de Mima\u2019l Art.<br \/>\n<strong>Inscripcions:<\/strong>\u00a0<a href=\"http:\/\/ja.cat\/tallerartcalders\">ja.cat\/tallerartcalders<\/a><\/p>\n<p>\u00b7 A les 12:00h al Centre C\u00edvic<\/p>\n<p><strong>CAGUEM EL TI\u00d3<\/strong><\/p>\n<p>Pels m\u00e9s menuts. Nom\u00e9s cal que porteu el bast\u00f3 i la veu ben afinada.<br \/>\n<strong>INDISPENSABLE inscripci\u00f3 pr\u00e8via abans del 16 de desembre.<br \/>\nInscripcions:<\/strong>\u00a0<a href=\"https:\/\/ja.cat\/tiocalders\">https:\/\/ja.cat\/tiocalders<\/a><\/p>\n<p><strong>23 de desembre\u00a0\u00a0<\/strong><\/p>\n<p>\u00b7 De 8.00h a 13.00h a l\u2019Escola Anton Busquets i Punset de Calders<\/p>\n<p><strong>CANGUNADAL<\/strong><\/p>\n<p>Servei de canguratge compartit i itinerant del Moian\u00e8s a c\u00e0rrec del Consell Comarcal i del Consorci del Moian\u00e8s.<br \/>\nInfants fins a 6\u00e8 de prim\u00e0ria.<br \/>\nNo \u00e9s indispensable que els infants vagin a l\u2019escola de Calders. Places limitades.<br \/>\n<strong>Inscripcions:<\/strong>\u00a0<a href=\"https:\/\/www.ccmoianes.cat\/arees\/educacio\/servei-de-canguratge\">Servei de canguratge &#8211; Web del Consell Comarcal del Moian\u00e8s<\/a><\/p>\n<p>\u00b7 De 10.30 a 13.30h al Casal Social<\/p>\n<p><strong>VINE A EXPERIMENTAR AMB LA REALITAT VIRTUAL<\/strong><\/p>\n<p>No cal tenir habilitats especials, nom\u00e9s ganes de divertir-se en una realitat paral\u00b7lela. Activitat dirigida a persones de m\u00e9s de 12 anys.<br \/>\nA c\u00e0rrec d\u2019AFK Virtual Events<br \/>\n<strong>Inscripcions a:<\/strong>\u00a0<a href=\"http:\/\/ja.cat\/realitatvirtualcalders\">ja.cat\/realitatvirtualcalders<\/a><\/p>\n<p><strong>22, 24, 29 i 30 de desembre\u00a0<\/strong>\u00a0|\u00a0 A partir de les 9:30 i durant tot el mat\u00ed al Centre C\u00edvic i a la Pla\u00e7a<\/p>\n<p><strong>PARC DE NADAL A LA CALDERINA<\/strong><\/p>\n<p>Amb tirolina, roc\u00f2drom, tallers i m\u00e9s!!<br \/>\nEntrada lliure. Els infants han de venir acompanyats\/ades per un adult.<br \/>\nA c\u00e0rrec d\u2019ANIGAMI<br \/>\nNo cal inscripci\u00f3 pr\u00e8via<\/p>\n<p><strong>30 de desembre\u00a0 |\u00a0\u00a0<\/strong>A les 12.00h, al Centre C\u00edvic<\/p>\n<p><strong>ARRIBADA DEL PATGE REIAL<\/strong><\/p>\n<p>El patge reial far\u00e0 parada a Calders per recollir les cartes de tots els nens i nenes del municipi.<\/p>\n","protected":false},"excerpt":{"rendered":"<p>20 de desembre\u00a0 |\u00a0\u00a0A les 17.00h al Centre C\u00edvic ESCAPE ROOM. ACONSEGUIR\u00c0S SALVAR EL NADAL RECONSTRU\u00cfNT EL TI\u00d3? Fes el teu grup d\u2019entre 4 i 6 persones i vine a jugar. Activitat apte per a tots els p\u00fablics. Preu: 2\u20ac els menors de 10 anys i 3\u20ac la resta. Organitzat per l\u2019Espai Jove de Calders.<\/p>\n","protected":false},"author":2,"featured_media":17662,"template":"","meta":{"_acf_changed":false,"_tribe_events_status":"","_tribe_events_status_reason":"","_tribe_events_is_hybrid":"","_tribe_events_is_virtual":"","_tribe_events_virtual_video_source":"","_tribe_events_virtual_embed_video":"","_tribe_events_virtual_linked_button_text":"","_tribe_events_virtual_linked_button":"","_tribe_events_virtual_show_embed_at":"","_tribe_events_virtual_show_embed_to":[],"_tribe_events_virtual_show_on_event":"","_tribe_events_virtual_show_on_views":"","_tribe_events_virtual_url":"","footnotes":""},"tags":[],"tribe_events_cat":[123],"class_list":["post-17661","tribe_events","type-tribe_events","status-publish","has-post-thumbnail","hentry","tribe_events_cat-nadal","cat_nadal"],"acf":[],"_links":{"self":[{"href":"https:\/\/moianesturisme.cat\/agendacultural\/wp-json\/wp\/v2\/tribe_events\/17661","targetHints":{"allow":["GET"]}}],"collection":[{"href":"https:\/\/moianesturisme.cat\/agendacultural\/wp-json\/wp\/v2\/tribe_events"}],"about":[{"href":"https:\/\/moianesturisme.cat\/agendacultural\/wp-json\/wp\/v2\/types\/tribe_events"}],"author":[{"embeddable":true,"href":"https:\/\/moianesturisme.cat\/agendacultural\/wp-json\/wp\/v2\/users\/2"}],"version-history":[{"count":1,"href":"https:\/\/moianesturisme.cat\/agendacultural\/wp-json\/wp\/v2\/tribe_events\/17661\/revisions"}],"predecessor-version":[{"id":17664,"href":"https:\/\/moianesturisme.cat\/agendacultural\/wp-json\/wp\/v2\/tribe_events\/17661\/revisions\/17664"}],"wp:featuredmedia":[{"embeddable":true,"href":"https:\/\/moianesturisme.cat\/agendacultural\/wp-json\/wp\/v2\/media\/17662"}],"wp:attachment":[{"href":"https:\/\/moianesturisme.cat\/agendacultural\/wp-json\/wp\/v2\/media?parent=17661"}],"wp:term":[{"taxonomy":"post_tag","embeddable":true,"href":"https:\/\/moianesturisme.cat\/agendacultural\/wp-json\/wp\/v2\/tags?post=17661"},{"taxonomy":"tribe_events_cat","embeddable":true,"href":"https:\/\/moianesturisme.cat\/agendacultural\/wp-json\/wp\/v2\/tribe_events_cat?post=17661"}],"curies":[{"name":"wp","href":"https:\/\/api.w.org\/{rel}","templated":true}]}}

<p><strong>20 de desembre  |  </strong>A les 17.00h al Centre Cívic</p>
<p><strong>ESCAPE ROOM. ACONSEGUIRÀS SALVAR EL NADAL RECONSTRUÏNT EL TIÓ?</strong></p>
<p>Fes el teu grup d’entre 4 i 6 persones i vine a jugar. Activitat apte per a tots els públics.<br />
Preu: 2€ els menors de 10 anys i 3€ la resta.<br />
Organitzat per l’Espai Jove de Calders.<br />
<strong>Inscripcions: </strong><a href="http://ja.cat/escaperoomcalders">ja.cat/escaperoomcalders</a></p>
<p><strong>21 de desembre    </strong></p>
<p>· A les 10.30h i a les 11.45h al Casal</p>
<p><strong>TALLER DE PINTURA DE NEON ART</strong></p>
<p>Obra pictòrica amb pintura fluorescent per a persones joves (majors de 12 anys).<br />
En acabar hi haurà pica-pica pels participants</p>
<p><em>Hi ha programades dues sessions; s’ha d’escollir una preferència a l’hora de fer la preinscripció. En cas de ser pocs participants, s’uniran en una única sessió de durada més llarga. </em><br />
A càrrec de Mima’l Art.<br />
<strong>Inscripcions:</strong> <a href="http://ja.cat/tallerartcalders">ja.cat/tallerartcalders</a></p>
<p>· A les 12:00h al Centre Cívic</p>
<p><strong>CAGUEM EL TIÓ</strong></p>
<p>Pels més menuts. Només cal que porteu el bastó i la veu ben afinada.<br />
<strong>INDISPENSABLE inscripció prèvia abans del 16 de desembre.<br />
Inscripcions:</strong> <a href="https://ja.cat/tiocalders">https://ja.cat/tiocalders</a></p>
<p><strong>23 de desembre  </strong></p>
<p>· De 8.00h a 13.00h a l’Escola Anton Busquets i Punset de Calders</p>
<p><strong>CANGUNADAL</strong></p>
<p>Servei de canguratge compartit i itinerant del Moianès a càrrec del Consell Comarcal i del Consorci del Moianès.<br />
Infants fins a 6è de primària.<br />
No és indispensable que els infants vagin a l’escola de Calders. Places limitades.<br />
<strong>Inscripcions:</strong> <a href="https://www.ccmoianes.cat/arees/educacio/servei-de-canguratge">Servei de canguratge &#8211; Web del Consell Comarcal del Moianès</a></p>
<p>· De 10.30 a 13.30h al Casal Social</p>
<p><strong>VINE A EXPERIMENTAR AMB LA REALITAT VIRTUAL</strong></p>
<p>No cal tenir habilitats especials, només ganes de divertir-se en una realitat paral·lela. Activitat dirigida a persones de més de 12 anys.<br />
A càrrec d’AFK Virtual Events<br />
<strong>Inscripcions a:</strong> <a href="http://ja.cat/realitatvirtualcalders">ja.cat/realitatvirtualcalders</a></p>
<p><strong>22, 24, 29 i 30 de desembre </strong> |  A partir de les 9:30 i durant tot el matí al Centre Cívic i a la Plaça</p>
<p><strong>PARC DE NADAL A LA CALDERINA</strong></p>
<p>Amb tirolina, rocòdrom, tallers i més!!<br />
Entrada lliure. Els infants han de venir acompanyats/ades per un adult.<br />
A càrrec d’ANIGAMI<br />
No cal inscripció prèvia</p>
<p><strong>30 de desembre  |  </strong>A les 12.00h, al Centre Cívic</p>
<p><strong>ARRIBADA DEL PATGE REIAL</strong></p>
<p>El patge reial farà parada a Calders per recollir les cartes de tots els nens i nenes del municipi.</p>

<p>20 de desembre  |  A les 17.00h al Centre Cívic ESCAPE ROOM. ACONSEGUIRÀS SALVAR EL NADAL RECONSTRUÏNT EL TIÓ? Fes el teu grup d’entre 4 i 6 persones i vine a jugar. Activitat apte per a tots els públics. Preu: 2€ els menors de 10 anys i 3€ la resta. Organitzat per l’Espai Jove de Calders.</p>
