{"id":17633,"date":"2025-12-11T18:33:29","date_gmt":"2025-12-11T16:33:29","guid":{"rendered":"https:\/\/moianesturisme.cat\/agendacultural\/?post_type=tribe_events&#038;p=17633"},"modified":"2025-12-11T18:33:29","modified_gmt":"2025-12-11T16:33:29","slug":"concert-de-lupulus-emsembla","status":"publish","type":"tribe_events","link":"https:\/\/moianesturisme.cat\/agendacultural\/activitat\/concert-de-lupulus-emsembla\/","title":{"rendered":"Concert de Lupulus Emsembla"},"content":{"rendered":"<p><strong>Lupulus Emsembla<\/strong>\u00a0\u00e9s una formaci\u00f3 coral masculina nascuda a Manresa el mar\u00e7 de 2011. El cor es va originar a partir d\u2019un grup d\u2019amics que es reunien per compartir aficions musicals i conversar al voltant d\u2019una taula a una cerveseria de Manresa.<br \/>\nDirigida per Ricard Cots.<\/p>\n","protected":false},"excerpt":{"rendered":"<p>Lupulus Emsembla\u00a0\u00e9s una formaci\u00f3 coral masculina nascuda a Manresa el mar\u00e7 de 2011. El cor es va originar a partir d\u2019un grup d\u2019amics que es reunien per compartir aficions musicals i conversar al voltant d\u2019una taula a una cerveseria de Manresa. Dirigida per Ricard Cots.<\/p>\n","protected":false},"author":2,"featured_media":17634,"template":"","meta":{"_acf_changed":false,"_tribe_events_status":"","_tribe_events_status_reason":"","_tribe_events_is_hybrid":"","_tribe_events_is_virtual":"","_tribe_events_virtual_video_source":"","_tribe_events_virtual_embed_video":"","_tribe_events_virtual_linked_button_text":"","_tribe_events_virtual_linked_button":"","_tribe_events_virtual_show_embed_at":"","_tribe_events_virtual_show_embed_to":[],"_tribe_events_virtual_show_on_event":"","_tribe_events_virtual_show_on_views":"","_tribe_events_virtual_url":"","footnotes":""},"tags":[],"tribe_events_cat":[76],"class_list":["post-17633","tribe_events","type-tribe_events","status-publish","has-post-thumbnail","hentry","tribe_events_cat-musica","cat_musica"],"acf":[],"_links":{"self":[{"href":"https:\/\/moianesturisme.cat\/agendacultural\/wp-json\/wp\/v2\/tribe_events\/17633","targetHints":{"allow":["GET"]}}],"collection":[{"href":"https:\/\/moianesturisme.cat\/agendacultural\/wp-json\/wp\/v2\/tribe_events"}],"about":[{"href":"https:\/\/moianesturisme.cat\/agendacultural\/wp-json\/wp\/v2\/types\/tribe_events"}],"author":[{"embeddable":true,"href":"https:\/\/moianesturisme.cat\/agendacultural\/wp-json\/wp\/v2\/users\/2"}],"version-history":[{"count":1,"href":"https:\/\/moianesturisme.cat\/agendacultural\/wp-json\/wp\/v2\/tribe_events\/17633\/revisions"}],"predecessor-version":[{"id":17635,"href":"https:\/\/moianesturisme.cat\/agendacultural\/wp-json\/wp\/v2\/tribe_events\/17633\/revisions\/17635"}],"wp:featuredmedia":[{"embeddable":true,"href":"https:\/\/moianesturisme.cat\/agendacultural\/wp-json\/wp\/v2\/media\/17634"}],"wp:attachment":[{"href":"https:\/\/moianesturisme.cat\/agendacultural\/wp-json\/wp\/v2\/media?parent=17633"}],"wp:term":[{"taxonomy":"post_tag","embeddable":true,"href":"https:\/\/moianesturisme.cat\/agendacultural\/wp-json\/wp\/v2\/tags?post=17633"},{"taxonomy":"tribe_events_cat","embeddable":true,"href":"https:\/\/moianesturisme.cat\/agendacultural\/wp-json\/wp\/v2\/tribe_events_cat?post=17633"}],"curies":[{"name":"wp","href":"https:\/\/api.w.org\/{rel}","templated":true}]}}

<p><strong>Lupulus Emsembla</strong> és una formació coral masculina nascuda a Manresa el març de 2011. El cor es va originar a partir d’un grup d’amics que es reunien per compartir aficions musicals i conversar al voltant d’una taula a una cerveseria de Manresa.<br />
Dirigida per Ricard Cots.</p>

<p>Lupulus Emsembla és una formació coral masculina nascuda a Manresa el març de 2011. El cor es va originar a partir d’un grup d’amics que es reunien per compartir aficions musicals i conversar al voltant d’una taula a una cerveseria de Manresa. Dirigida per Ricard Cots.</p>
