{"id":17615,"date":"2025-12-11T18:12:46","date_gmt":"2025-12-11T16:12:46","guid":{"rendered":"https:\/\/moianesturisme.cat\/agendacultural\/?post_type=tribe_events&#038;p=17615"},"modified":"2025-12-11T18:12:46","modified_gmt":"2025-12-11T16:12:46","slug":"agenda-nadal-castelltercol-2","status":"publish","type":"tribe_events","link":"https:\/\/moianesturisme.cat\/agendacultural\/activitat\/agenda-nadal-castelltercol-2\/","title":{"rendered":"Agenda Nadal Castellter\u00e7ol"},"content":{"rendered":"<h3>Des del\u00a0<strong>6 de desembre fins a l\u201911 de gener<\/strong>, l\u2019Ajuntament, entitats locals i col\u00b7laboradors ofereixen propostes per a totes les edats.<\/h3>\n<p><strong>Qu\u00e8 hi trobar\u00e0s?<\/strong><\/p>\n<ul type=\"disc\">\n<li><strong>Tradici\u00f3 i cultura<\/strong>: Exposici\u00f3 de pessebres a les Escoles Velles (del 6 de desembre al 25 de gener) i el concurs de fotografia \u201cCastellter\u00e7ol, un poble de tradicions\u201d (inauguraci\u00f3 el 13 de desembre).<\/li>\n<li><strong>M\u00fasica i espectacles<\/strong>: Concerts de Nadal el 14 de desembre, actuacions de l\u2019Escola de M\u00fasica i recitals po\u00e8tics com el \u201cPoema de Nadal\u201d de Josep Maria de Sagarra.<\/li>\n<li><strong>Activitats familiars<\/strong>: El\u00a0<strong>Ti\u00f3 Popular<\/strong>\u00a0(19 de desembre) amb espectacle infantil, els\u00a0<strong>Pastorets<\/strong>\u00a0(25 de desembre, 27 de desembre i 1 de gener) i la\u00a0<strong>Cavalcada de Reis<\/strong>\u00a0(5 de gener) amb xocolatada i recollida de cartes.<\/li>\n<li><strong>Esport i diversi\u00f3<\/strong>: La tradicional\u00a0<strong>Cursa Sant Silvestre<\/strong>\u00a0el 31 de desembre i el\u00a0<strong>Quinto de Nadal<\/strong>\u00a0el 26 de desembre.<\/li>\n<li><strong>Propostes singulars<\/strong>: Visites teatralitzades a la Casa Museu Prat de la Riba, com \u201cUn Nadal amb Enric Prat de la Riba\u201d (20 de desembre i 3 de gener).<\/li>\n<\/ul>\n<p><strong>Viu el Nadal a Castellter\u00e7ol! Tradici\u00f3, cultura i diversi\u00f3 per a tothom.<\/strong><\/p>\n","protected":false},"excerpt":{"rendered":"<p>Des del\u00a06 de desembre fins a l\u201911 de gener, l\u2019Ajuntament, entitats locals i col\u00b7laboradors ofereixen propostes per a totes les edats. Qu\u00e8 hi trobar\u00e0s? Tradici\u00f3 i cultura: Exposici\u00f3 de pessebres a les Escoles Velles (del 6 de desembre al 25 de gener) i el concurs de fotografia \u201cCastellter\u00e7ol, un poble de tradicions\u201d (inauguraci\u00f3 el 13<\/p>\n","protected":false},"author":2,"featured_media":17616,"template":"","meta":{"_acf_changed":false,"_tribe_events_status":"","_tribe_events_status_reason":"","_tribe_events_is_hybrid":"","_tribe_events_is_virtual":"","_tribe_events_virtual_video_source":"","_tribe_events_virtual_embed_video":"","_tribe_events_virtual_linked_button_text":"","_tribe_events_virtual_linked_button":"","_tribe_events_virtual_show_embed_at":"","_tribe_events_virtual_show_embed_to":[],"_tribe_events_virtual_show_on_event":"","_tribe_events_virtual_show_on_views":"","_tribe_events_virtual_url":"","footnotes":""},"tags":[],"tribe_events_cat":[123],"class_list":["post-17615","tribe_events","type-tribe_events","status-publish","has-post-thumbnail","hentry","tribe_events_cat-nadal","cat_nadal"],"acf":[],"_links":{"self":[{"href":"https:\/\/moianesturisme.cat\/agendacultural\/wp-json\/wp\/v2\/tribe_events\/17615","targetHints":{"allow":["GET"]}}],"collection":[{"href":"https:\/\/moianesturisme.cat\/agendacultural\/wp-json\/wp\/v2\/tribe_events"}],"about":[{"href":"https:\/\/moianesturisme.cat\/agendacultural\/wp-json\/wp\/v2\/types\/tribe_events"}],"author":[{"embeddable":true,"href":"https:\/\/moianesturisme.cat\/agendacultural\/wp-json\/wp\/v2\/users\/2"}],"version-history":[{"count":1,"href":"https:\/\/moianesturisme.cat\/agendacultural\/wp-json\/wp\/v2\/tribe_events\/17615\/revisions"}],"predecessor-version":[{"id":17617,"href":"https:\/\/moianesturisme.cat\/agendacultural\/wp-json\/wp\/v2\/tribe_events\/17615\/revisions\/17617"}],"wp:featuredmedia":[{"embeddable":true,"href":"https:\/\/moianesturisme.cat\/agendacultural\/wp-json\/wp\/v2\/media\/17616"}],"wp:attachment":[{"href":"https:\/\/moianesturisme.cat\/agendacultural\/wp-json\/wp\/v2\/media?parent=17615"}],"wp:term":[{"taxonomy":"post_tag","embeddable":true,"href":"https:\/\/moianesturisme.cat\/agendacultural\/wp-json\/wp\/v2\/tags?post=17615"},{"taxonomy":"tribe_events_cat","embeddable":true,"href":"https:\/\/moianesturisme.cat\/agendacultural\/wp-json\/wp\/v2\/tribe_events_cat?post=17615"}],"curies":[{"name":"wp","href":"https:\/\/api.w.org\/{rel}","templated":true}]}}

Agenda Nadal Castellterçol

<h3>Des del <strong>6 de desembre fins a l’11 de gener</strong>, l’Ajuntament, entitats locals i col·laboradors ofereixen propostes per a totes les edats.</h3>
<p><strong>Què hi trobaràs?</strong></p>
<ul type="disc">
<li><strong>Tradició i cultura</strong>: Exposició de pessebres a les Escoles Velles (del 6 de desembre al 25 de gener) i el concurs de fotografia “Castellterçol, un poble de tradicions” (inauguració el 13 de desembre).</li>
<li><strong>Música i espectacles</strong>: Concerts de Nadal el 14 de desembre, actuacions de l’Escola de Música i recitals poètics com el “Poema de Nadal” de Josep Maria de Sagarra.</li>
<li><strong>Activitats familiars</strong>: El <strong>Tió Popular</strong> (19 de desembre) amb espectacle infantil, els <strong>Pastorets</strong> (25 de desembre, 27 de desembre i 1 de gener) i la <strong>Cavalcada de Reis</strong> (5 de gener) amb xocolatada i recollida de cartes.</li>
<li><strong>Esport i diversió</strong>: La tradicional <strong>Cursa Sant Silvestre</strong> el 31 de desembre i el <strong>Quinto de Nadal</strong> el 26 de desembre.</li>
<li><strong>Propostes singulars</strong>: Visites teatralitzades a la Casa Museu Prat de la Riba, com “Un Nadal amb Enric Prat de la Riba” (20 de desembre i 3 de gener).</li>
</ul>
<p><strong>Viu el Nadal a Castellterçol! Tradició, cultura i diversió per a tothom.</strong></p>

<p>Des del 6 de desembre fins a l’11 de gener, l’Ajuntament, entitats locals i col·laboradors ofereixen propostes per a totes les edats. Què hi trobaràs? Tradició i cultura: Exposició de pessebres a les Escoles Velles (del 6 de desembre al 25 de gener) i el concurs de fotografia “Castellterçol, un poble de tradicions” (inauguració el 13</p>
