{"id":17492,"date":"2025-11-27T15:11:53","date_gmt":"2025-11-27T13:11:53","guid":{"rendered":"https:\/\/moianesturisme.cat\/agendacultural\/?post_type=tribe_events&#038;p=17492"},"modified":"2025-11-27T15:11:53","modified_gmt":"2025-11-27T13:11:53","slug":"concert-de-nadal-de-laula-de-musica-dolo","status":"publish","type":"tribe_events","link":"https:\/\/moianesturisme.cat\/agendacultural\/activitat\/concert-de-nadal-de-laula-de-musica-dolo\/","title":{"rendered":"Concert de Nadal de l&#8217;Aula de m\u00fasica d&#8217;Ol\u00f3"},"content":{"rendered":"<p>L&#8217;aula municipal de m\u00fasica d&#8217;Ol\u00f3 presenta l&#8217;Illa dels Records. Un llibre d&#8217;una mare i alumna de l&#8217;aula, Marta Juli\u00e0.<\/p>\n<p>&#8220;El vent s&#8217;est\u00e0 enduent la mem\u00f2ria de l&#8217;\u00e0via. I l&#8217;Eul\u00e0lia decideix pujar a la barca del pare, amb l&#8217;\u00e0via al costat, i navegar fins a l&#8217;illa dels records per recuperar-la.\u00a0Per\u00f2 al mar es trobaran amb els pirates de records, que tamb\u00e9 volen arribar-hi. Aquest viatge suposar\u00e0 molt m\u00e9s del que l&#8217;Eul\u00e0lia s&#8217;havia imaginat.&#8221;<\/p>\n<p>&nbsp;<\/p>\n<div class=\"ddbbtext\">\n<p>Entrades gratu\u00eftes a<strong>\u00a0<a href=\"https:\/\/www.entrapolis.com\/entrades\/concert-de-nadal-lilla-dels-records\">ENTRAPOLIS<\/a><\/strong><\/p>\n<\/div>\n<div id=\"related_content\"><\/div>\n","protected":false},"excerpt":{"rendered":"<p>L&#8217;aula municipal de m\u00fasica d&#8217;Ol\u00f3 presenta l&#8217;Illa dels Records. Un llibre d&#8217;una mare i alumna de l&#8217;aula, Marta Juli\u00e0. &#8220;El vent s&#8217;est\u00e0 enduent la mem\u00f2ria de l&#8217;\u00e0via. I l&#8217;Eul\u00e0lia decideix pujar a la barca del pare, amb l&#8217;\u00e0via al costat, i navegar fins a l&#8217;illa dels records per recuperar-la.\u00a0Per\u00f2 al mar es trobaran amb els<\/p>\n","protected":false},"author":2,"featured_media":17493,"template":"","meta":{"_acf_changed":false,"_tribe_events_status":"","_tribe_events_status_reason":"","_tribe_events_is_hybrid":"","_tribe_events_is_virtual":"","_tribe_events_virtual_video_source":"","_tribe_events_virtual_embed_video":"","_tribe_events_virtual_linked_button_text":"","_tribe_events_virtual_linked_button":"","_tribe_events_virtual_show_embed_at":"","_tribe_events_virtual_show_embed_to":[],"_tribe_events_virtual_show_on_event":"","_tribe_events_virtual_show_on_views":"","_tribe_events_virtual_url":"","footnotes":""},"tags":[],"tribe_events_cat":[76],"class_list":["post-17492","tribe_events","type-tribe_events","status-publish","has-post-thumbnail","hentry","tribe_events_cat-musica","cat_musica"],"acf":[],"_links":{"self":[{"href":"https:\/\/moianesturisme.cat\/agendacultural\/wp-json\/wp\/v2\/tribe_events\/17492","targetHints":{"allow":["GET"]}}],"collection":[{"href":"https:\/\/moianesturisme.cat\/agendacultural\/wp-json\/wp\/v2\/tribe_events"}],"about":[{"href":"https:\/\/moianesturisme.cat\/agendacultural\/wp-json\/wp\/v2\/types\/tribe_events"}],"author":[{"embeddable":true,"href":"https:\/\/moianesturisme.cat\/agendacultural\/wp-json\/wp\/v2\/users\/2"}],"version-history":[{"count":2,"href":"https:\/\/moianesturisme.cat\/agendacultural\/wp-json\/wp\/v2\/tribe_events\/17492\/revisions"}],"predecessor-version":[{"id":17495,"href":"https:\/\/moianesturisme.cat\/agendacultural\/wp-json\/wp\/v2\/tribe_events\/17492\/revisions\/17495"}],"wp:featuredmedia":[{"embeddable":true,"href":"https:\/\/moianesturisme.cat\/agendacultural\/wp-json\/wp\/v2\/media\/17493"}],"wp:attachment":[{"href":"https:\/\/moianesturisme.cat\/agendacultural\/wp-json\/wp\/v2\/media?parent=17492"}],"wp:term":[{"taxonomy":"post_tag","embeddable":true,"href":"https:\/\/moianesturisme.cat\/agendacultural\/wp-json\/wp\/v2\/tags?post=17492"},{"taxonomy":"tribe_events_cat","embeddable":true,"href":"https:\/\/moianesturisme.cat\/agendacultural\/wp-json\/wp\/v2\/tribe_events_cat?post=17492"}],"curies":[{"name":"wp","href":"https:\/\/api.w.org\/{rel}","templated":true}]}}

Concert de Nadal de l&#8217;Aula de música d&#8217;Oló

<p>L&#8217;aula municipal de música d&#8217;Oló presenta l&#8217;Illa dels Records. Un llibre d&#8217;una mare i alumna de l&#8217;aula, Marta Julià.</p>
<p>&#8220;El vent s&#8217;està enduent la memòria de l&#8217;àvia. I l&#8217;Eulàlia decideix pujar a la barca del pare, amb l&#8217;àvia al costat, i navegar fins a l&#8217;illa dels records per recuperar-la. Però al mar es trobaran amb els pirates de records, que també volen arribar-hi. Aquest viatge suposarà molt més del que l&#8217;Eulàlia s&#8217;havia imaginat.&#8221;</p>
<p>&nbsp;</p>
<div class="ddbbtext">
<p>Entrades gratuïtes a<strong> <a href="https://www.entrapolis.com/entrades/concert-de-nadal-lilla-dels-records">ENTRAPOLIS</a></strong></p>
</div>
<div id="related_content"></div>

<p>L&#8217;aula municipal de música d&#8217;Oló presenta l&#8217;Illa dels Records. Un llibre d&#8217;una mare i alumna de l&#8217;aula, Marta Julià. &#8220;El vent s&#8217;està enduent la memòria de l&#8217;àvia. I l&#8217;Eulàlia decideix pujar a la barca del pare, amb l&#8217;àvia al costat, i navegar fins a l&#8217;illa dels records per recuperar-la. Però al mar es trobaran amb els</p>
