{"id":17475,"date":"2025-11-27T14:06:20","date_gmt":"2025-11-27T12:06:20","guid":{"rendered":"https:\/\/moianesturisme.cat\/agendacultural\/?post_type=tribe_events&#038;p=17475"},"modified":"2025-11-27T14:08:37","modified_gmt":"2025-11-27T12:08:37","slug":"pedals-de-la-marato-2025","status":"publish","type":"tribe_events","link":"https:\/\/moianesturisme.cat\/agendacultural\/activitat\/pedals-de-la-marato-2025\/","title":{"rendered":"Pedals de la Marat\u00f3 2025"},"content":{"rendered":"<div class=\"fusion-fullwidth fullwidth-box fusion-builder-row-1 fusion-flex-container nonhundred-percent-fullwidth non-hundred-percent-height-scrolling\" style=\"--awb-border-radius-top-left:0px;--awb-border-radius-top-right:0px;--awb-border-radius-bottom-right:0px;--awb-border-radius-bottom-left:0px;--awb-flex-wrap:wrap;\" ><div class=\"fusion-builder-row fusion-row fusion-flex-align-items-flex-start fusion-flex-content-wrap\" style=\"max-width:1216.8px;margin-left: calc(-4% \/ 2 );margin-right: calc(-4% \/ 2 );\"><div class=\"fusion-layout-column fusion_builder_column fusion-builder-column-0 fusion_builder_column_1_1 1_1 fusion-flex-column\" style=\"--awb-bg-size:cover;--awb-width-large:100%;--awb-margin-top-large:0px;--awb-spacing-right-large:1.92%;--awb-margin-bottom-large:0px;--awb-spacing-left-large:1.92%;--awb-width-medium:100%;--awb-spacing-right-medium:1.92%;--awb-spacing-left-medium:1.92%;--awb-width-small:100%;--awb-spacing-right-small:1.92%;--awb-spacing-left-small:1.92%;\"><div class=\"fusion-column-wrapper fusion-flex-justify-content-flex-start fusion-content-layout-column\"><div class=\"fusion-text fusion-text-1\"><p>Sant Quirze Safaja participa activament amb la Marat\u00f3 de TV3 organitzant cada any la PEDALS DE LA MARAT\u00d3. Una activitat f\u00edsica solid\u00e0ria pels voltants del municipi que destina tots els seus beneficis a la Marat\u00f3 de Tv3.<\/p>\n<p>L\u2019organitzaci\u00f3 est\u00e0 completament organitzada per ve\u00efns del municipi i compta amb la col\u00b7laboraci\u00f3 de molta gent: voluntaris, propietaris, empreses, restauradors, comer\u00e7os, etc. Tothom col\u00b7labora per una bona causa.<\/p>\n<p>Un any m\u00e9s, el poble de Sant Quirze Safaja ens sumem a la Marat\u00f3 de TV3. Aquest any, ens tornem a trobar novament al Parc de l\u2019Aigua, centre neur\u00e0lgic on es donar\u00e0 el tret de sortida per gaudir dels recorreguts preparats en un entorn natural.<\/p>\n<p><a href=\"https:\/\/www.inscripcions.cat\/pedalsdelamarato25\"><strong>M\u00c9S INFORMACI\u00d3 I INSCRIPCIONS<\/strong><\/a><\/p>\n<\/div><\/div><\/div><\/div><\/div>\n","protected":false},"excerpt":{"rendered":"","protected":false},"author":2,"featured_media":17476,"template":"","meta":{"_acf_changed":false,"_tribe_events_status":"","_tribe_events_status_reason":"","_tribe_events_is_hybrid":"","_tribe_events_is_virtual":"","_tribe_events_virtual_video_source":"","_tribe_events_virtual_embed_video":"","_tribe_events_virtual_linked_button_text":"","_tribe_events_virtual_linked_button":"","_tribe_events_virtual_show_embed_at":"","_tribe_events_virtual_show_embed_to":[],"_tribe_events_virtual_show_on_event":"","_tribe_events_virtual_show_on_views":"","_tribe_events_virtual_url":"","footnotes":""},"tags":[],"tribe_events_cat":[177,72],"class_list":["post-17475","tribe_events","type-tribe_events","status-publish","has-post-thumbnail","hentry","tribe_events_cat-activitat-solidaria","tribe_events_cat-esports","cat_activitat-solidaria","cat_esports"],"acf":[],"_links":{"self":[{"href":"https:\/\/moianesturisme.cat\/agendacultural\/wp-json\/wp\/v2\/tribe_events\/17475","targetHints":{"allow":["GET"]}}],"collection":[{"href":"https:\/\/moianesturisme.cat\/agendacultural\/wp-json\/wp\/v2\/tribe_events"}],"about":[{"href":"https:\/\/moianesturisme.cat\/agendacultural\/wp-json\/wp\/v2\/types\/tribe_events"}],"author":[{"embeddable":true,"href":"https:\/\/moianesturisme.cat\/agendacultural\/wp-json\/wp\/v2\/users\/2"}],"version-history":[{"count":3,"href":"https:\/\/moianesturisme.cat\/agendacultural\/wp-json\/wp\/v2\/tribe_events\/17475\/revisions"}],"predecessor-version":[{"id":17479,"href":"https:\/\/moianesturisme.cat\/agendacultural\/wp-json\/wp\/v2\/tribe_events\/17475\/revisions\/17479"}],"wp:featuredmedia":[{"embeddable":true,"href":"https:\/\/moianesturisme.cat\/agendacultural\/wp-json\/wp\/v2\/media\/17476"}],"wp:attachment":[{"href":"https:\/\/moianesturisme.cat\/agendacultural\/wp-json\/wp\/v2\/media?parent=17475"}],"wp:term":[{"taxonomy":"post_tag","embeddable":true,"href":"https:\/\/moianesturisme.cat\/agendacultural\/wp-json\/wp\/v2\/tags?post=17475"},{"taxonomy":"tribe_events_cat","embeddable":true,"href":"https:\/\/moianesturisme.cat\/agendacultural\/wp-json\/wp\/v2\/tribe_events_cat?post=17475"}],"curies":[{"name":"wp","href":"https:\/\/api.w.org\/{rel}","templated":true}]}}

Pedals de la Marató 2025

<div class="fusion-fullwidth fullwidth-box fusion-builder-row-1 fusion-flex-container nonhundred-percent-fullwidth non-hundred-percent-height-scrolling" style="--awb-border-radius-top-left:0px;--awb-border-radius-top-right:0px;--awb-border-radius-bottom-right:0px;--awb-border-radius-bottom-left:0px;--awb-flex-wrap:wrap;" ><div class="fusion-builder-row fusion-row fusion-flex-align-items-flex-start fusion-flex-content-wrap" style="max-width:1216.8px;margin-left: calc(-4% / 2 );margin-right: calc(-4% / 2 );"><div class="fusion-layout-column fusion_builder_column fusion-builder-column-0 fusion_builder_column_1_1 1_1 fusion-flex-column" style="--awb-bg-size:cover;--awb-width-large:100%;--awb-margin-top-large:0px;--awb-spacing-right-large:1.92%;--awb-margin-bottom-large:0px;--awb-spacing-left-large:1.92%;--awb-width-medium:100%;--awb-spacing-right-medium:1.92%;--awb-spacing-left-medium:1.92%;--awb-width-small:100%;--awb-spacing-right-small:1.92%;--awb-spacing-left-small:1.92%;"><div class="fusion-column-wrapper fusion-flex-justify-content-flex-start fusion-content-layout-column"><div class="fusion-text fusion-text-1"><p>Sant Quirze Safaja participa activament amb la Marató de TV3 organitzant cada any la PEDALS DE LA MARATÓ. Una activitat física solidària pels voltants del municipi que destina tots els seus beneficis a la Marató de Tv3.</p>
<p>L’organització està completament organitzada per veïns del municipi i compta amb la col·laboració de molta gent: voluntaris, propietaris, empreses, restauradors, comerços, etc. Tothom col·labora per una bona causa.</p>
<p>Un any més, el poble de Sant Quirze Safaja ens sumem a la Marató de TV3. Aquest any, ens tornem a trobar novament al Parc de l’Aigua, centre neuràlgic on es donarà el tret de sortida per gaudir dels recorreguts preparats en un entorn natural.</p>
<p><a href="https://www.inscripcions.cat/pedalsdelamarato25"><strong>MÉS INFORMACIÓ I INSCRIPCIONS</strong></a></p>
</div></div></div></div></div>
