{"id":17471,"date":"2025-11-27T14:01:42","date_gmt":"2025-11-27T12:01:42","guid":{"rendered":"https:\/\/moianesturisme.cat\/agendacultural\/?post_type=tribe_events&#038;p=17471"},"modified":"2025-11-27T14:01:42","modified_gmt":"2025-11-27T12:01:42","slug":"taller-de-nadal-vine-a-fer-el-teu-pare-noel-2","status":"publish","type":"tribe_events","link":"https:\/\/moianesturisme.cat\/agendacultural\/activitat\/taller-de-nadal-vine-a-fer-el-teu-pare-noel-2\/","title":{"rendered":"Taller de Nadal. Vine a fer el teu Pare Noel"},"content":{"rendered":"<p>Divendres 12 de desembre a les 17:30 a la biblioteca.<\/p>\n<p>Cal inscripci\u00f3 pr\u00e8via. Es pot fer per Whatsapp al 684454678, per correu electr\u00f2nic a: cdrs.casal@calders.cat o al casal a les tardes de 16:00 a 19:00.<\/p>\n","protected":false},"excerpt":{"rendered":"<p>Divendres 12 de desembre a les 17:30 a la biblioteca. Cal inscripci\u00f3 pr\u00e8via. Es pot fer per Whatsapp al 684454678, per correu electr\u00f2nic a: cdrs.casal@calders.cat o al casal a les tardes de 16:00 a 19:00.<\/p>\n","protected":false},"author":2,"featured_media":17472,"template":"","meta":{"_acf_changed":false,"_tribe_events_status":"","_tribe_events_status_reason":"","_tribe_events_is_hybrid":"","_tribe_events_is_virtual":"","_tribe_events_virtual_video_source":"","_tribe_events_virtual_embed_video":"","_tribe_events_virtual_linked_button_text":"","_tribe_events_virtual_linked_button":"","_tribe_events_virtual_show_embed_at":"","_tribe_events_virtual_show_embed_to":[],"_tribe_events_virtual_show_on_event":"","_tribe_events_virtual_show_on_views":"","_tribe_events_virtual_url":"","footnotes":""},"tags":[],"tribe_events_cat":[86],"class_list":["post-17471","tribe_events","type-tribe_events","status-publish","has-post-thumbnail","hentry","tribe_events_cat-arts-visuals-i-plastiques","cat_arts-visuals-i-plastiques"],"acf":[],"_links":{"self":[{"href":"https:\/\/moianesturisme.cat\/agendacultural\/wp-json\/wp\/v2\/tribe_events\/17471","targetHints":{"allow":["GET"]}}],"collection":[{"href":"https:\/\/moianesturisme.cat\/agendacultural\/wp-json\/wp\/v2\/tribe_events"}],"about":[{"href":"https:\/\/moianesturisme.cat\/agendacultural\/wp-json\/wp\/v2\/types\/tribe_events"}],"author":[{"embeddable":true,"href":"https:\/\/moianesturisme.cat\/agendacultural\/wp-json\/wp\/v2\/users\/2"}],"version-history":[{"count":2,"href":"https:\/\/moianesturisme.cat\/agendacultural\/wp-json\/wp\/v2\/tribe_events\/17471\/revisions"}],"predecessor-version":[{"id":17474,"href":"https:\/\/moianesturisme.cat\/agendacultural\/wp-json\/wp\/v2\/tribe_events\/17471\/revisions\/17474"}],"wp:featuredmedia":[{"embeddable":true,"href":"https:\/\/moianesturisme.cat\/agendacultural\/wp-json\/wp\/v2\/media\/17472"}],"wp:attachment":[{"href":"https:\/\/moianesturisme.cat\/agendacultural\/wp-json\/wp\/v2\/media?parent=17471"}],"wp:term":[{"taxonomy":"post_tag","embeddable":true,"href":"https:\/\/moianesturisme.cat\/agendacultural\/wp-json\/wp\/v2\/tags?post=17471"},{"taxonomy":"tribe_events_cat","embeddable":true,"href":"https:\/\/moianesturisme.cat\/agendacultural\/wp-json\/wp\/v2\/tribe_events_cat?post=17471"}],"curies":[{"name":"wp","href":"https:\/\/api.w.org\/{rel}","templated":true}]}}

<p>Divendres 12 de desembre a les 17:30 a la biblioteca.</p>
<p>Cal inscripció prèvia. Es pot fer per Whatsapp al 684454678, per correu electrònic a: cdrs.casal@calders.cat o al casal a les tardes de 16:00 a 19:00.</p>

<p>Divendres 12 de desembre a les 17:30 a la biblioteca. Cal inscripció prèvia. Es pot fer per Whatsapp al 684454678, per correu electrònic a: cdrs.casal@calders.cat o al casal a les tardes de 16:00 a 19:00.</p>
