{"id":17397,"date":"2025-11-25T18:43:09","date_gmt":"2025-11-25T16:43:09","guid":{"rendered":"https:\/\/moianesturisme.cat\/agendacultural\/?post_type=tribe_events&#038;p=17397"},"modified":"2025-11-25T18:43:09","modified_gmt":"2025-11-25T16:43:09","slug":"arribada-del-pare-noel-a-moia","status":"publish","type":"tribe_events","link":"https:\/\/moianesturisme.cat\/agendacultural\/activitat\/arribada-del-pare-noel-a-moia\/","title":{"rendered":"Arribada del pare noel a Moi\u00e0"},"content":{"rendered":"<p>Tamb\u00e9 podrem donar la carta de Nadal. Per celebrar els 25 anys de Level, hi haur\u00e0 tallers, pintacares, m\u00fasica i xocolatada per a tothom! No hi falteu!<\/p>\n","protected":false},"excerpt":{"rendered":"<p>Tamb\u00e9 podrem donar la carta de Nadal. Per celebrar els 25 anys de Level, hi haur\u00e0 tallers, pintacares, m\u00fasica i xocolatada per a tothom! No hi falteu!<\/p>\n","protected":false},"author":2,"featured_media":17398,"template":"","meta":{"_acf_changed":false,"_tribe_events_status":"","_tribe_events_status_reason":"","_tribe_events_is_hybrid":"","_tribe_events_is_virtual":"","_tribe_events_virtual_video_source":"","_tribe_events_virtual_embed_video":"","_tribe_events_virtual_linked_button_text":"","_tribe_events_virtual_linked_button":"","_tribe_events_virtual_show_embed_at":"","_tribe_events_virtual_show_embed_to":[],"_tribe_events_virtual_show_on_event":"","_tribe_events_virtual_show_on_views":"","_tribe_events_virtual_url":"","footnotes":""},"tags":[],"tribe_events_cat":[178,123],"class_list":["post-17397","tribe_events","type-tribe_events","status-publish","has-post-thumbnail","hentry","tribe_events_cat-activitats-infantils","tribe_events_cat-nadal","cat_activitats-infantils","cat_nadal"],"acf":[],"_links":{"self":[{"href":"https:\/\/moianesturisme.cat\/agendacultural\/wp-json\/wp\/v2\/tribe_events\/17397","targetHints":{"allow":["GET"]}}],"collection":[{"href":"https:\/\/moianesturisme.cat\/agendacultural\/wp-json\/wp\/v2\/tribe_events"}],"about":[{"href":"https:\/\/moianesturisme.cat\/agendacultural\/wp-json\/wp\/v2\/types\/tribe_events"}],"author":[{"embeddable":true,"href":"https:\/\/moianesturisme.cat\/agendacultural\/wp-json\/wp\/v2\/users\/2"}],"version-history":[{"count":1,"href":"https:\/\/moianesturisme.cat\/agendacultural\/wp-json\/wp\/v2\/tribe_events\/17397\/revisions"}],"predecessor-version":[{"id":17399,"href":"https:\/\/moianesturisme.cat\/agendacultural\/wp-json\/wp\/v2\/tribe_events\/17397\/revisions\/17399"}],"wp:featuredmedia":[{"embeddable":true,"href":"https:\/\/moianesturisme.cat\/agendacultural\/wp-json\/wp\/v2\/media\/17398"}],"wp:attachment":[{"href":"https:\/\/moianesturisme.cat\/agendacultural\/wp-json\/wp\/v2\/media?parent=17397"}],"wp:term":[{"taxonomy":"post_tag","embeddable":true,"href":"https:\/\/moianesturisme.cat\/agendacultural\/wp-json\/wp\/v2\/tags?post=17397"},{"taxonomy":"tribe_events_cat","embeddable":true,"href":"https:\/\/moianesturisme.cat\/agendacultural\/wp-json\/wp\/v2\/tribe_events_cat?post=17397"}],"curies":[{"name":"wp","href":"https:\/\/api.w.org\/{rel}","templated":true}]}}

Arribada del pare noel a Moià

<p>També podrem donar la carta de Nadal. Per celebrar els 25 anys de Level, hi haurà tallers, pintacares, música i xocolatada per a tothom! No hi falteu!</p>
