{"id":17280,"date":"2025-11-07T16:02:20","date_gmt":"2025-11-07T14:02:20","guid":{"rendered":"https:\/\/moianesturisme.cat\/agendacultural\/?post_type=tribe_events&#038;p=17280"},"modified":"2025-11-07T16:02:20","modified_gmt":"2025-11-07T14:02:20","slug":"piago","status":"publish","type":"tribe_events","link":"https:\/\/moianesturisme.cat\/agendacultural\/activitat\/piago\/","title":{"rendered":"PIA&#038;GO"},"content":{"rendered":"<ul>\n<li>Curses populars de 5 i 10 km.<\/li>\n<li>Concert del grup Miops (Moi\u00e0)<\/li>\n<li>Animaci\u00f3 a c\u00e0rrec de Pep Callau<\/li>\n<li>Geganters de Moi\u00e0<\/li>\n<li>Tallers infantils<\/li>\n<li>Fira de productes locals<\/li>\n<li>Dinar popular<\/li>\n<li>Sorteig<\/li>\n<\/ul>\n","protected":false},"excerpt":{"rendered":"<p>Curses populars de 5 i 10 km. Concert del grup Miops (Moi\u00e0) Animaci\u00f3 a c\u00e0rrec de Pep Callau Geganters de Moi\u00e0 Tallers infantils Fira de productes locals Dinar popular Sorteig<\/p>\n","protected":false},"author":2,"featured_media":17281,"template":"","meta":{"_acf_changed":false,"_tribe_events_status":"","_tribe_events_status_reason":"","_tribe_events_is_hybrid":"","_tribe_events_is_virtual":"","_tribe_events_virtual_video_source":"","_tribe_events_virtual_embed_video":"","_tribe_events_virtual_linked_button_text":"","_tribe_events_virtual_linked_button":"","_tribe_events_virtual_show_embed_at":"","_tribe_events_virtual_show_embed_to":[],"_tribe_events_virtual_show_on_event":"","_tribe_events_virtual_show_on_views":"","_tribe_events_virtual_url":"","footnotes":""},"tags":[],"tribe_events_cat":[177],"class_list":["post-17280","tribe_events","type-tribe_events","status-publish","has-post-thumbnail","hentry","tribe_events_cat-activitat-solidaria","cat_activitat-solidaria"],"acf":[],"_links":{"self":[{"href":"https:\/\/moianesturisme.cat\/agendacultural\/wp-json\/wp\/v2\/tribe_events\/17280","targetHints":{"allow":["GET"]}}],"collection":[{"href":"https:\/\/moianesturisme.cat\/agendacultural\/wp-json\/wp\/v2\/tribe_events"}],"about":[{"href":"https:\/\/moianesturisme.cat\/agendacultural\/wp-json\/wp\/v2\/types\/tribe_events"}],"author":[{"embeddable":true,"href":"https:\/\/moianesturisme.cat\/agendacultural\/wp-json\/wp\/v2\/users\/2"}],"version-history":[{"count":1,"href":"https:\/\/moianesturisme.cat\/agendacultural\/wp-json\/wp\/v2\/tribe_events\/17280\/revisions"}],"predecessor-version":[{"id":17282,"href":"https:\/\/moianesturisme.cat\/agendacultural\/wp-json\/wp\/v2\/tribe_events\/17280\/revisions\/17282"}],"wp:featuredmedia":[{"embeddable":true,"href":"https:\/\/moianesturisme.cat\/agendacultural\/wp-json\/wp\/v2\/media\/17281"}],"wp:attachment":[{"href":"https:\/\/moianesturisme.cat\/agendacultural\/wp-json\/wp\/v2\/media?parent=17280"}],"wp:term":[{"taxonomy":"post_tag","embeddable":true,"href":"https:\/\/moianesturisme.cat\/agendacultural\/wp-json\/wp\/v2\/tags?post=17280"},{"taxonomy":"tribe_events_cat","embeddable":true,"href":"https:\/\/moianesturisme.cat\/agendacultural\/wp-json\/wp\/v2\/tribe_events_cat?post=17280"}],"curies":[{"name":"wp","href":"https:\/\/api.w.org\/{rel}","templated":true}]}}

<ul>
<li>Curses populars de 5 i 10 km.</li>
<li>Concert del grup Miops (Moià)</li>
<li>Animació a càrrec de Pep Callau</li>
<li>Geganters de Moià</li>
<li>Tallers infantils</li>
<li>Fira de productes locals</li>
<li>Dinar popular</li>
<li>Sorteig</li>
</ul>

<p>Curses populars de 5 i 10 km. Concert del grup Miops (Moià) Animació a càrrec de Pep Callau Geganters de Moià Tallers infantils Fira de productes locals Dinar popular Sorteig</p>
