{"id":17272,"date":"2025-11-07T15:52:16","date_gmt":"2025-11-07T13:52:16","guid":{"rendered":"https:\/\/moianesturisme.cat\/agendacultural\/?post_type=tribe_events&#038;p=17272"},"modified":"2025-11-07T15:52:16","modified_gmt":"2025-11-07T13:52:16","slug":"sortida-familiar-centre-excursionista-olo","status":"publish","type":"tribe_events","link":"https:\/\/moianesturisme.cat\/agendacultural\/activitat\/sortida-familiar-centre-excursionista-olo\/","title":{"rendered":"Sortida familiar Centre Excursionista Ol\u00f3"},"content":{"rendered":"<p>Sortida a les 8 del mat\u00ed en vehicles propis des de la pla\u00e7a Catalunya.<\/p>\n","protected":false},"excerpt":{"rendered":"<p>Sortida a les 8 del mat\u00ed en vehicles propis des de la pla\u00e7a Catalunya.<\/p>\n","protected":false},"author":2,"featured_media":17274,"template":"","meta":{"_acf_changed":false,"_tribe_events_status":"","_tribe_events_status_reason":"","_tribe_events_is_hybrid":"","_tribe_events_is_virtual":"","_tribe_events_virtual_video_source":"","_tribe_events_virtual_embed_video":"","_tribe_events_virtual_linked_button_text":"","_tribe_events_virtual_linked_button":"","_tribe_events_virtual_show_embed_at":"","_tribe_events_virtual_show_embed_to":[],"_tribe_events_virtual_show_on_event":"","_tribe_events_virtual_show_on_views":"","_tribe_events_virtual_url":"","footnotes":""},"tags":[],"tribe_events_cat":[72],"class_list":["post-17272","tribe_events","type-tribe_events","status-publish","has-post-thumbnail","hentry","tribe_events_cat-esports","cat_esports"],"acf":[],"_links":{"self":[{"href":"https:\/\/moianesturisme.cat\/agendacultural\/wp-json\/wp\/v2\/tribe_events\/17272","targetHints":{"allow":["GET"]}}],"collection":[{"href":"https:\/\/moianesturisme.cat\/agendacultural\/wp-json\/wp\/v2\/tribe_events"}],"about":[{"href":"https:\/\/moianesturisme.cat\/agendacultural\/wp-json\/wp\/v2\/types\/tribe_events"}],"author":[{"embeddable":true,"href":"https:\/\/moianesturisme.cat\/agendacultural\/wp-json\/wp\/v2\/users\/2"}],"version-history":[{"count":1,"href":"https:\/\/moianesturisme.cat\/agendacultural\/wp-json\/wp\/v2\/tribe_events\/17272\/revisions"}],"predecessor-version":[{"id":17275,"href":"https:\/\/moianesturisme.cat\/agendacultural\/wp-json\/wp\/v2\/tribe_events\/17272\/revisions\/17275"}],"wp:featuredmedia":[{"embeddable":true,"href":"https:\/\/moianesturisme.cat\/agendacultural\/wp-json\/wp\/v2\/media\/17274"}],"wp:attachment":[{"href":"https:\/\/moianesturisme.cat\/agendacultural\/wp-json\/wp\/v2\/media?parent=17272"}],"wp:term":[{"taxonomy":"post_tag","embeddable":true,"href":"https:\/\/moianesturisme.cat\/agendacultural\/wp-json\/wp\/v2\/tags?post=17272"},{"taxonomy":"tribe_events_cat","embeddable":true,"href":"https:\/\/moianesturisme.cat\/agendacultural\/wp-json\/wp\/v2\/tribe_events_cat?post=17272"}],"curies":[{"name":"wp","href":"https:\/\/api.w.org\/{rel}","templated":true}]}}

Sortida familiar Centre Excursionista Oló

<p>Sortida a les 8 del matí en vehicles propis des de la plaça Catalunya.</p>
