{"id":17041,"date":"2025-10-17T10:45:10","date_gmt":"2025-10-17T08:45:10","guid":{"rendered":"https:\/\/moianesturisme.cat\/agendacultural\/?post_type=tribe_events&#038;p=17041"},"modified":"2025-10-17T10:45:10","modified_gmt":"2025-10-17T08:45:10","slug":"exposicio-de-pintures-dalba-pozo-i-ribas","status":"publish","type":"tribe_events","link":"https:\/\/moianesturisme.cat\/agendacultural\/activitat\/exposicio-de-pintures-dalba-pozo-i-ribas\/","title":{"rendered":"Exposici\u00f3 de pintures d&#8217;Alba Pozo i Ribas"},"content":{"rendered":"<p>Exposici\u00f3 de pintures d&#8217;alba Pozo i Ribas\u00a0 a c\u00e0rrec de Calders Art.<\/p>\n<p><span class=\"entradeta\">Inauguraci\u00f3 de l&#8217;exposici\u00f3: Calders i m\u00e9s&#8221;\u00a0<\/span><\/p>\n<p><span class=\"entradeta\">\u00a0<strong>Inauguraci\u00f3 dissabte 25 d&#8217;octubre a les 18.\u00a0<\/strong><\/span><\/p>\n<p>Del 25 d&#8217;octubre al 2 de novembre.<\/p>\n<p>Calders i m\u00e9s \u00e9s una exposici\u00f3 que recull una mostra de les obres m\u00e9s personals d&#8217;Alba Pozo amb t\u00e8cniques diverses. Amb oli acr\u00edlic hi trobareu algun record de Calders coma cr\u00f2nica gr\u00e0fica d&#8217;un poble que ha anat canviant al llarg dels anys, aix\u00ed com imatges, \u00e9ssers estimats i paissatges viscuts de l&#8217;Empord\u00e0 o dels Pirineus, algun objecte senzill per\u00f2 valu\u00f3s que forma part del seu univers familiar. Amb cretes i pastels, carb\u00f3 altres t\u00e8cniques, hi veureu reivindicats i admirats com N\u00e9stor Almendros, algunes reflexions personals i plenes de simbolisme, sense oblidar els animals, recurrents en la seva obra. En definitiva un de recull de l&#8217;exercici t\u00e8cnic, formal i tem\u00e0tic de l&#8217;artista.<\/p>\n<p><strong>Lloc:<\/strong>\u00a0Casal Social de Calders<\/p>\n<p><strong>Horaris:<\/strong><br \/>\nDissabte 25 &gt;\u00a0 Tarda de 18 a 20h<br \/>\nDiumenge 26 &gt; Mat\u00ed de 12 a 13:30h<br \/>\nDilluns 27, dimarts 28, dimecres 29, dijous 30 i divendres 31\u00a0 &gt; Tarda de 17h a 19h<br \/>\nDissabte 1 de novembre\u00a0 &gt; Mat\u00ed de 12h a 13.30h i Tarda de 18 a 20h<\/p>\n<p>Diumenge 2 de novembre &gt; Mat\u00ed de 12 a 13:30h<\/p>\n","protected":false},"excerpt":{"rendered":"<p>Exposici\u00f3 de pintures d&#8217;alba Pozo i Ribas\u00a0 a c\u00e0rrec de Calders Art. Inauguraci\u00f3 de l&#8217;exposici\u00f3: Calders i m\u00e9s&#8221;\u00a0 \u00a0Inauguraci\u00f3 dissabte 25 d&#8217;octubre a les 18.\u00a0 Del 25 d&#8217;octubre al 2 de novembre. Calders i m\u00e9s \u00e9s una exposici\u00f3 que recull una mostra de les obres m\u00e9s personals d&#8217;Alba Pozo amb t\u00e8cniques diverses. Amb oli acr\u00edlic<\/p>\n","protected":false},"author":2,"featured_media":17042,"template":"","meta":{"_acf_changed":false,"_tribe_events_status":"","_tribe_events_status_reason":"","_tribe_events_is_hybrid":"","_tribe_events_is_virtual":"","_tribe_events_virtual_video_source":"","_tribe_events_virtual_embed_video":"","_tribe_events_virtual_linked_button_text":"","_tribe_events_virtual_linked_button":"","_tribe_events_virtual_show_embed_at":"","_tribe_events_virtual_show_embed_to":[],"_tribe_events_virtual_show_on_event":"","_tribe_events_virtual_show_on_views":"","_tribe_events_virtual_url":"","footnotes":""},"tags":[],"tribe_events_cat":[86,73],"class_list":["post-17041","tribe_events","type-tribe_events","status-publish","has-post-thumbnail","hentry","tribe_events_cat-arts-visuals-i-plastiques","tribe_events_cat-exposicions","cat_arts-visuals-i-plastiques","cat_exposicions"],"acf":[],"_links":{"self":[{"href":"https:\/\/moianesturisme.cat\/agendacultural\/wp-json\/wp\/v2\/tribe_events\/17041","targetHints":{"allow":["GET"]}}],"collection":[{"href":"https:\/\/moianesturisme.cat\/agendacultural\/wp-json\/wp\/v2\/tribe_events"}],"about":[{"href":"https:\/\/moianesturisme.cat\/agendacultural\/wp-json\/wp\/v2\/types\/tribe_events"}],"author":[{"embeddable":true,"href":"https:\/\/moianesturisme.cat\/agendacultural\/wp-json\/wp\/v2\/users\/2"}],"version-history":[{"count":1,"href":"https:\/\/moianesturisme.cat\/agendacultural\/wp-json\/wp\/v2\/tribe_events\/17041\/revisions"}],"predecessor-version":[{"id":17043,"href":"https:\/\/moianesturisme.cat\/agendacultural\/wp-json\/wp\/v2\/tribe_events\/17041\/revisions\/17043"}],"wp:featuredmedia":[{"embeddable":true,"href":"https:\/\/moianesturisme.cat\/agendacultural\/wp-json\/wp\/v2\/media\/17042"}],"wp:attachment":[{"href":"https:\/\/moianesturisme.cat\/agendacultural\/wp-json\/wp\/v2\/media?parent=17041"}],"wp:term":[{"taxonomy":"post_tag","embeddable":true,"href":"https:\/\/moianesturisme.cat\/agendacultural\/wp-json\/wp\/v2\/tags?post=17041"},{"taxonomy":"tribe_events_cat","embeddable":true,"href":"https:\/\/moianesturisme.cat\/agendacultural\/wp-json\/wp\/v2\/tribe_events_cat?post=17041"}],"curies":[{"name":"wp","href":"https:\/\/api.w.org\/{rel}","templated":true}]}}

Exposició de pintures d&#8217;Alba Pozo i Ribas

<p>Exposició de pintures d&#8217;alba Pozo i Ribas  a càrrec de Calders Art.</p>
<p><span class="entradeta">Inauguració de l&#8217;exposició: Calders i més&#8221; </span></p>
<p><span class="entradeta"> <strong>Inauguració dissabte 25 d&#8217;octubre a les 18. </strong></span></p>
<p>Del 25 d&#8217;octubre al 2 de novembre.</p>
<p>Calders i més és una exposició que recull una mostra de les obres més personals d&#8217;Alba Pozo amb tècniques diverses. Amb oli acrílic hi trobareu algun record de Calders coma crònica gràfica d&#8217;un poble que ha anat canviant al llarg dels anys, així com imatges, éssers estimats i paissatges viscuts de l&#8217;Empordà o dels Pirineus, algun objecte senzill però valuós que forma part del seu univers familiar. Amb cretes i pastels, carbó altres tècniques, hi veureu reivindicats i admirats com Néstor Almendros, algunes reflexions personals i plenes de simbolisme, sense oblidar els animals, recurrents en la seva obra. En definitiva un de recull de l&#8217;exercici tècnic, formal i temàtic de l&#8217;artista.</p>
<p><strong>Lloc:</strong> Casal Social de Calders</p>
<p><strong>Horaris:</strong><br />
Dissabte 25 &gt;  Tarda de 18 a 20h<br />
Diumenge 26 &gt; Matí de 12 a 13:30h<br />
Dilluns 27, dimarts 28, dimecres 29, dijous 30 i divendres 31  &gt; Tarda de 17h a 19h<br />
Dissabte 1 de novembre  &gt; Matí de 12h a 13.30h i Tarda de 18 a 20h</p>
<p>Diumenge 2 de novembre &gt; Matí de 12 a 13:30h</p>

<p>Exposició de pintures d&#8217;alba Pozo i Ribas  a càrrec de Calders Art. Inauguració de l&#8217;exposició: Calders i més&#8221;   Inauguració dissabte 25 d&#8217;octubre a les 18.  Del 25 d&#8217;octubre al 2 de novembre. Calders i més és una exposició que recull una mostra de les obres més personals d&#8217;Alba Pozo amb tècniques diverses. Amb oli acrílic</p>
