{"id":16733,"date":"2025-09-19T13:19:36","date_gmt":"2025-09-19T11:19:36","guid":{"rendered":"https:\/\/moianesturisme.cat\/agendacultural\/?post_type=tribe_events&#038;p=16733"},"modified":"2025-09-19T13:19:36","modified_gmt":"2025-09-19T11:19:36","slug":"sessio-de-ioga-familiar","status":"publish","type":"tribe_events","link":"https:\/\/moianesturisme.cat\/agendacultural\/activitat\/sessio-de-ioga-familiar\/","title":{"rendered":"Sessi\u00f3 de ioga familiar"},"content":{"rendered":"<p>El proper divendres 26 de setembre de 17:00 a 18:00 hi haur\u00e0 una sessi\u00f3 de ioga en fam\u00edlia.<\/p>\n<p>Per poder anar-hi cal inscripci\u00f3 pr\u00e8via. Es pot fer al casal municipal a les tardes (De17:00 a 19:00), per whatsapp al n\u00famero 684454678 o per correu electr\u00f2nic a cdrs.casal@calders.cat<\/p>\n","protected":false},"excerpt":{"rendered":"<p>El proper divendres 26 de setembre de 17:00 a 18:00 hi haur\u00e0 una sessi\u00f3 de ioga en fam\u00edlia. Per poder anar-hi cal inscripci\u00f3 pr\u00e8via. Es pot fer al casal municipal a les tardes (De17:00 a 19:00), per whatsapp al n\u00famero 684454678 o per correu electr\u00f2nic a cdrs.casal@calders.cat<\/p>\n","protected":false},"author":2,"featured_media":16734,"template":"","meta":{"_acf_changed":false,"_tribe_events_status":"","_tribe_events_status_reason":"","_tribe_events_is_hybrid":"","_tribe_events_is_virtual":"","_tribe_events_virtual_video_source":"","_tribe_events_virtual_embed_video":"","_tribe_events_virtual_linked_button_text":"","_tribe_events_virtual_linked_button":"","_tribe_events_virtual_show_embed_at":"","_tribe_events_virtual_show_embed_to":[],"_tribe_events_virtual_show_on_event":"","_tribe_events_virtual_show_on_views":"","_tribe_events_virtual_url":"","footnotes":""},"tags":[],"tribe_events_cat":[48],"class_list":["post-16733","tribe_events","type-tribe_events","status-publish","has-post-thumbnail","hentry","tribe_events_cat-activitat-familiar","cat_activitat-familiar"],"acf":[],"_links":{"self":[{"href":"https:\/\/moianesturisme.cat\/agendacultural\/wp-json\/wp\/v2\/tribe_events\/16733","targetHints":{"allow":["GET"]}}],"collection":[{"href":"https:\/\/moianesturisme.cat\/agendacultural\/wp-json\/wp\/v2\/tribe_events"}],"about":[{"href":"https:\/\/moianesturisme.cat\/agendacultural\/wp-json\/wp\/v2\/types\/tribe_events"}],"author":[{"embeddable":true,"href":"https:\/\/moianesturisme.cat\/agendacultural\/wp-json\/wp\/v2\/users\/2"}],"version-history":[{"count":1,"href":"https:\/\/moianesturisme.cat\/agendacultural\/wp-json\/wp\/v2\/tribe_events\/16733\/revisions"}],"predecessor-version":[{"id":16735,"href":"https:\/\/moianesturisme.cat\/agendacultural\/wp-json\/wp\/v2\/tribe_events\/16733\/revisions\/16735"}],"wp:featuredmedia":[{"embeddable":true,"href":"https:\/\/moianesturisme.cat\/agendacultural\/wp-json\/wp\/v2\/media\/16734"}],"wp:attachment":[{"href":"https:\/\/moianesturisme.cat\/agendacultural\/wp-json\/wp\/v2\/media?parent=16733"}],"wp:term":[{"taxonomy":"post_tag","embeddable":true,"href":"https:\/\/moianesturisme.cat\/agendacultural\/wp-json\/wp\/v2\/tags?post=16733"},{"taxonomy":"tribe_events_cat","embeddable":true,"href":"https:\/\/moianesturisme.cat\/agendacultural\/wp-json\/wp\/v2\/tribe_events_cat?post=16733"}],"curies":[{"name":"wp","href":"https:\/\/api.w.org\/{rel}","templated":true}]}}

Sessió de ioga familiar

<p>El proper divendres 26 de setembre de 17:00 a 18:00 hi haurà una sessió de ioga en família.</p>
<p>Per poder anar-hi cal inscripció prèvia. Es pot fer al casal municipal a les tardes (De17:00 a 19:00), per whatsapp al número 684454678 o per correu electrònic a cdrs.casal@calders.cat</p>

<p>El proper divendres 26 de setembre de 17:00 a 18:00 hi haurà una sessió de ioga en família. Per poder anar-hi cal inscripció prèvia. Es pot fer al casal municipal a les tardes (De17:00 a 19:00), per whatsapp al número 684454678 o per correu electrònic a cdrs.casal@calders.cat</p>
