{"id":16371,"date":"2025-08-01T12:15:09","date_gmt":"2025-08-01T10:15:09","guid":{"rendered":"https:\/\/moianesturisme.cat\/agendacultural\/?post_type=tribe_events&#038;p=16371"},"modified":"2025-08-01T12:15:09","modified_gmt":"2025-08-01T10:15:09","slug":"cicle-gaudi-la-furia","status":"publish","type":"tribe_events","link":"https:\/\/moianesturisme.cat\/agendacultural\/activitat\/cicle-gaudi-la-furia\/","title":{"rendered":"CICLE GAUD\u00cd: La Furia"},"content":{"rendered":"<div class=\"elementor-element elementor-element-024afb6 elementor-widget elementor-widget-text-editor\" data-element_type=\"widget\" data-id=\"024afb6\" data-widget_type=\"text-editor.default\">\n<div class=\"elementor-widget-container\">\n<p>Alex, una jove actriu, \u00e9s violada en una festa de Cap d\u2019Any i no reconeix el seu agressor. Quan acudeix al seu germ\u00e0 Adri\u00e1n buscant refugi i comprensi\u00f3, aquest reacciona q\u00fcestionant-la i pressionant-la. Aix\u00ed, Alex es distancia del seu germ\u00e0 i de tot el que coneix.<\/p>\n<p>Al llarg d\u2019un any viu sola el f\u00e0stic, la vergonya i la culpa. Adri\u00e1n, consumit per la r\u00e0bia, pren les seves pr\u00f2pies decisions en un cam\u00ed cada vegada m\u00e9s fosc, molt lluny del que l\u2019Alex necessita. Mentrestant, ella interpreta el venjatiu personatge de Medea i troba en el teatre l\u2019\u00fanica manera de canalitzar el seu dolor i la seva ira.<\/p>\n<\/div>\n<\/div>\n<div class=\"elementor-element elementor-element-dc5cc6a e-con-full e-flex e-con e-child\" data-element_type=\"container\" data-id=\"dc5cc6a\" data-settings=\"{\">\n<div class=\"elementor-element elementor-element-5a94b95 e-con-full e-flex e-con e-child\" data-element_type=\"container\" data-id=\"5a94b95\">\n<div class=\"elementor-element elementor-element-f014f6e elementor-widget elementor-widget-heading\" data-element_type=\"widget\" data-id=\"f014f6e\" data-widget_type=\"heading.default\">\n<div class=\"elementor-widget-container\">\n<div class=\"elementor-element elementor-element-f014f6e elementor-widget elementor-widget-heading\" data-element_type=\"widget\" data-id=\"f014f6e\" data-widget_type=\"heading.default\">\n<div class=\"elementor-widget-container\">\n<p>FITXA T\u00c8CNICA<\/p>\n<p>Direcci\u00f3: Gemma Blasco<\/p>\n<p>Productora: RM Pel\u00edcula, A.I.E., Ringo Media<\/p>\n<p>Estrena: 28 de mar\u00e7 de 2025<\/p>\n<p>Durada: 107 min.<\/p>\n<p>Gui\u00f3: Gemma Blasco, Eva Paun\u00e9<\/p>\n<p>G\u00e8nere: Drama<\/p>\n<p>Qualificaci\u00f3: No recomanada per a menors de 16 anys<\/p>\n<p>Versi\u00f3: Original en catal\u00e0 i castell\u00e0<\/p>\n<p>Int\u00e8rprets:<br \/>\nAna Torrent, \u00c0ngela Cervantes, A\u0300lex Monner, Carla Linares, Eli Iranzo, Pau Escobar, Salim Tamoud<\/p>\n<\/div>\n<\/div>\n<\/div>\n<\/div>\n<\/div>\n<\/div>\n","protected":false},"excerpt":{"rendered":"<p>Alex, una jove actriu, \u00e9s violada en una festa de Cap d\u2019Any i no reconeix el seu agressor. Quan acudeix al seu germ\u00e0 Adri\u00e1n buscant refugi i comprensi\u00f3, aquest reacciona q\u00fcestionant-la i pressionant-la. Aix\u00ed, Alex es distancia del seu germ\u00e0 i de tot el que coneix. Al llarg d\u2019un any viu sola el f\u00e0stic, la<\/p>\n","protected":false},"author":2,"featured_media":16372,"template":"","meta":{"_acf_changed":false,"_tribe_events_status":"","_tribe_events_status_reason":"","_tribe_events_is_hybrid":"","_tribe_events_is_virtual":"","_tribe_events_virtual_video_source":"","_tribe_events_virtual_embed_video":"","_tribe_events_virtual_linked_button_text":"","_tribe_events_virtual_linked_button":"","_tribe_events_virtual_show_embed_at":"","_tribe_events_virtual_show_embed_to":[],"_tribe_events_virtual_show_on_event":"","_tribe_events_virtual_show_on_views":"","_tribe_events_virtual_url":"","footnotes":""},"tags":[],"tribe_events_cat":[50],"class_list":["post-16371","tribe_events","type-tribe_events","status-publish","has-post-thumbnail","hentry","tribe_events_cat-cinema","cat_cinema"],"acf":[],"_links":{"self":[{"href":"https:\/\/moianesturisme.cat\/agendacultural\/wp-json\/wp\/v2\/tribe_events\/16371","targetHints":{"allow":["GET"]}}],"collection":[{"href":"https:\/\/moianesturisme.cat\/agendacultural\/wp-json\/wp\/v2\/tribe_events"}],"about":[{"href":"https:\/\/moianesturisme.cat\/agendacultural\/wp-json\/wp\/v2\/types\/tribe_events"}],"author":[{"embeddable":true,"href":"https:\/\/moianesturisme.cat\/agendacultural\/wp-json\/wp\/v2\/users\/2"}],"version-history":[{"count":2,"href":"https:\/\/moianesturisme.cat\/agendacultural\/wp-json\/wp\/v2\/tribe_events\/16371\/revisions"}],"predecessor-version":[{"id":16374,"href":"https:\/\/moianesturisme.cat\/agendacultural\/wp-json\/wp\/v2\/tribe_events\/16371\/revisions\/16374"}],"wp:featuredmedia":[{"embeddable":true,"href":"https:\/\/moianesturisme.cat\/agendacultural\/wp-json\/wp\/v2\/media\/16372"}],"wp:attachment":[{"href":"https:\/\/moianesturisme.cat\/agendacultural\/wp-json\/wp\/v2\/media?parent=16371"}],"wp:term":[{"taxonomy":"post_tag","embeddable":true,"href":"https:\/\/moianesturisme.cat\/agendacultural\/wp-json\/wp\/v2\/tags?post=16371"},{"taxonomy":"tribe_events_cat","embeddable":true,"href":"https:\/\/moianesturisme.cat\/agendacultural\/wp-json\/wp\/v2\/tribe_events_cat?post=16371"}],"curies":[{"name":"wp","href":"https:\/\/api.w.org\/{rel}","templated":true}]}}

CICLE GAUDÍ: La Furia

<div class="elementor-element elementor-element-024afb6 elementor-widget elementor-widget-text-editor" data-element_type="widget" data-id="024afb6" data-widget_type="text-editor.default">
<div class="elementor-widget-container">
<p>Alex, una jove actriu, és violada en una festa de Cap d’Any i no reconeix el seu agressor. Quan acudeix al seu germà Adrián buscant refugi i comprensió, aquest reacciona qüestionant-la i pressionant-la. Així, Alex es distancia del seu germà i de tot el que coneix.</p>
<p>Al llarg d’un any viu sola el fàstic, la vergonya i la culpa. Adrián, consumit per la ràbia, pren les seves pròpies decisions en un camí cada vegada més fosc, molt lluny del que l’Alex necessita. Mentrestant, ella interpreta el venjatiu personatge de Medea i troba en el teatre l’única manera de canalitzar el seu dolor i la seva ira.</p>
</div>
</div>
<div class="elementor-element elementor-element-dc5cc6a e-con-full e-flex e-con e-child" data-element_type="container" data-id="dc5cc6a" data-settings="{">
<div class="elementor-element elementor-element-5a94b95 e-con-full e-flex e-con e-child" data-element_type="container" data-id="5a94b95">
<div class="elementor-element elementor-element-f014f6e elementor-widget elementor-widget-heading" data-element_type="widget" data-id="f014f6e" data-widget_type="heading.default">
<div class="elementor-widget-container">
<div class="elementor-element elementor-element-f014f6e elementor-widget elementor-widget-heading" data-element_type="widget" data-id="f014f6e" data-widget_type="heading.default">
<div class="elementor-widget-container">
<p>FITXA TÈCNICA</p>
<p>Direcció: Gemma Blasco</p>
<p>Productora: RM Película, A.I.E., Ringo Media</p>
<p>Estrena: 28 de març de 2025</p>
<p>Durada: 107 min.</p>
<p>Guió: Gemma Blasco, Eva Pauné</p>
<p>Gènere: Drama</p>
<p>Qualificació: No recomanada per a menors de 16 anys</p>
<p>Versió: Original en català i castellà</p>
<p>Intèrprets:<br />
Ana Torrent, Àngela Cervantes, Àlex Monner, Carla Linares, Eli Iranzo, Pau Escobar, Salim Tamoud</p>
</div>
</div>
</div>
</div>
</div>
</div>

<p>Alex, una jove actriu, és violada en una festa de Cap d’Any i no reconeix el seu agressor. Quan acudeix al seu germà Adrián buscant refugi i comprensió, aquest reacciona qüestionant-la i pressionant-la. Així, Alex es distancia del seu germà i de tot el que coneix. Al llarg d’un any viu sola el fàstic, la</p>
