{"id":16020,"date":"2025-07-09T09:45:17","date_gmt":"2025-07-09T07:45:17","guid":{"rendered":"https:\/\/moianesturisme.cat\/agendacultural\/?post_type=tribe_events&#038;p=16020"},"modified":"2025-07-09T09:45:17","modified_gmt":"2025-07-09T07:45:17","slug":"concert-de-corals-res-no-es-mesqui","status":"publish","type":"tribe_events","link":"https:\/\/moianesturisme.cat\/agendacultural\/activitat\/concert-de-corals-res-no-es-mesqui\/","title":{"rendered":"Concert de corals: Res no \u00e9s mesqu\u00ed"},"content":{"rendered":"<p>&#8220;Res no \u00e9s mesqu\u00ed&#8221;<br \/>\nText Joan Salvat-Papasseit<br \/>\nM\u00fasica Francesc d&#8217;Ass\u00eds Pag\u00e8s<\/p>\n<p><em>(taquilla inversa)<\/em><\/p>\n","protected":false},"excerpt":{"rendered":"<p>&#8220;Res no \u00e9s mesqu\u00ed&#8221; Text Joan Salvat-Papasseit M\u00fasica Francesc d&#8217;Ass\u00eds Pag\u00e8s (taquilla inversa)<\/p>\n","protected":false},"author":2,"featured_media":16021,"template":"","meta":{"_acf_changed":false,"_tribe_events_status":"","_tribe_events_status_reason":"","_tribe_events_is_hybrid":"","_tribe_events_is_virtual":"","_tribe_events_virtual_video_source":"","_tribe_events_virtual_embed_video":"","_tribe_events_virtual_linked_button_text":"","_tribe_events_virtual_linked_button":"","_tribe_events_virtual_show_embed_at":"","_tribe_events_virtual_show_embed_to":[],"_tribe_events_virtual_show_on_event":"","_tribe_events_virtual_show_on_views":"","_tribe_events_virtual_url":"","footnotes":""},"tags":[],"tribe_events_cat":[76],"class_list":["post-16020","tribe_events","type-tribe_events","status-publish","has-post-thumbnail","hentry","tribe_events_cat-musica","cat_musica"],"acf":[],"_links":{"self":[{"href":"https:\/\/moianesturisme.cat\/agendacultural\/wp-json\/wp\/v2\/tribe_events\/16020","targetHints":{"allow":["GET"]}}],"collection":[{"href":"https:\/\/moianesturisme.cat\/agendacultural\/wp-json\/wp\/v2\/tribe_events"}],"about":[{"href":"https:\/\/moianesturisme.cat\/agendacultural\/wp-json\/wp\/v2\/types\/tribe_events"}],"author":[{"embeddable":true,"href":"https:\/\/moianesturisme.cat\/agendacultural\/wp-json\/wp\/v2\/users\/2"}],"version-history":[{"count":1,"href":"https:\/\/moianesturisme.cat\/agendacultural\/wp-json\/wp\/v2\/tribe_events\/16020\/revisions"}],"predecessor-version":[{"id":16023,"href":"https:\/\/moianesturisme.cat\/agendacultural\/wp-json\/wp\/v2\/tribe_events\/16020\/revisions\/16023"}],"wp:featuredmedia":[{"embeddable":true,"href":"https:\/\/moianesturisme.cat\/agendacultural\/wp-json\/wp\/v2\/media\/16021"}],"wp:attachment":[{"href":"https:\/\/moianesturisme.cat\/agendacultural\/wp-json\/wp\/v2\/media?parent=16020"}],"wp:term":[{"taxonomy":"post_tag","embeddable":true,"href":"https:\/\/moianesturisme.cat\/agendacultural\/wp-json\/wp\/v2\/tags?post=16020"},{"taxonomy":"tribe_events_cat","embeddable":true,"href":"https:\/\/moianesturisme.cat\/agendacultural\/wp-json\/wp\/v2\/tribe_events_cat?post=16020"}],"curies":[{"name":"wp","href":"https:\/\/api.w.org\/{rel}","templated":true}]}}

Concert de corals: Res no és mesquí

<p>&#8220;Res no és mesquí&#8221;<br />
Text Joan Salvat-Papasseit<br />
Música Francesc d&#8217;Assís Pagès</p>
<p><em>(taquilla inversa)</em></p>

<p>&#8220;Res no és mesquí&#8221; Text Joan Salvat-Papasseit Música Francesc d&#8217;Assís Pagès (taquilla inversa)</p>
