{"id":15608,"date":"2025-05-27T14:49:27","date_gmt":"2025-05-27T12:49:27","guid":{"rendered":"https:\/\/moianesturisme.cat\/agendacultural\/?post_type=tribe_events&#038;p=15608"},"modified":"2025-05-27T14:50:59","modified_gmt":"2025-05-27T12:50:59","slug":"visites-narrades-a-la-casa-museu-rafael-casanova-moia","status":"publish","type":"tribe_events","link":"https:\/\/moianesturisme.cat\/agendacultural\/activitat\/visites-narrades-a-la-casa-museu-rafael-casanova-moia\/","title":{"rendered":"Visites narrades a la Casa-Museu Rafael Casanova Moi\u00e0"},"content":{"rendered":"<div class=\"fusion-fullwidth fullwidth-box fusion-builder-row-1 fusion-flex-container nonhundred-percent-fullwidth non-hundred-percent-height-scrolling\" style=\"--awb-border-radius-top-left:0px;--awb-border-radius-top-right:0px;--awb-border-radius-bottom-right:0px;--awb-border-radius-bottom-left:0px;--awb-flex-wrap:wrap;\" ><div class=\"fusion-builder-row fusion-row fusion-flex-align-items-flex-start fusion-flex-content-wrap\" style=\"max-width:1216.8px;margin-left: calc(-4% \/ 2 );margin-right: calc(-4% \/ 2 );\"><div class=\"fusion-layout-column fusion_builder_column fusion-builder-column-0 fusion_builder_column_1_1 1_1 fusion-flex-column\" style=\"--awb-bg-size:cover;--awb-width-large:100%;--awb-margin-top-large:0px;--awb-spacing-right-large:1.92%;--awb-margin-bottom-large:0px;--awb-spacing-left-large:1.92%;--awb-width-medium:100%;--awb-spacing-right-medium:1.92%;--awb-spacing-left-medium:1.92%;--awb-width-small:100%;--awb-spacing-right-small:1.92%;--awb-spacing-left-small:1.92%;\"><div class=\"fusion-column-wrapper fusion-flex-justify-content-flex-start fusion-content-layout-column\"><div class=\"fusion-text fusion-text-1\"><p>&#8211; Calendari: <strong>diumenge, 6 de juliol<\/strong><\/p>\n<p>&#8211; Horari: <em>1a visita: 11 del mat\u00ed\u00a0 \/ 2a visita: 2\/4 d&#8217;1 del migdia<\/em><\/p>\n<p>Places limitades a <strong>20 persones per visita<\/strong>. Per ordre d&#8217;inscripci\u00f3!<\/p>\n<p>&nbsp;<\/p>\n<p><strong>INSCRIPCIONS OBERTES FINS AL 27 DE JUNY DEL 2025<\/strong><\/p>\n<p>en el seg\u00fcent formulari: <strong><a href=\"https:\/\/forms.gle\/f924BfAw7QWxM1yP8\">https:\/\/forms.gle\/f924BfAw7QWxM1yP8<\/a><\/strong><\/p>\n<p>o b\u00e9 per correu el\u00e8ctr\u00f2nic:\u00a0<a href=\"mailto:ccmn.cultura@ccmoianes.cat\">ccmn.cultura@ccmoianes.cat<\/a> \/ telf. 93 830 14 18 \/ o presencialment al Consell Comarcal del Moian\u00e8s: c\/ Joies, 11-13 (08180 Moi\u00e0<\/p>\n<\/div><\/div><\/div><\/div><\/div>\n","protected":false},"excerpt":{"rendered":"","protected":false},"author":2,"featured_media":15609,"template":"","meta":{"_acf_changed":false,"_tribe_events_status":"","_tribe_events_status_reason":"","_tribe_events_is_hybrid":"","_tribe_events_is_virtual":"","_tribe_events_virtual_video_source":"","_tribe_events_virtual_embed_video":"","_tribe_events_virtual_linked_button_text":"","_tribe_events_virtual_linked_button":"","_tribe_events_virtual_show_embed_at":"","_tribe_events_virtual_show_embed_to":[],"_tribe_events_virtual_show_on_event":"","_tribe_events_virtual_show_on_views":"","_tribe_events_virtual_url":"","footnotes":""},"tags":[],"tribe_events_cat":[69],"class_list":["post-15608","tribe_events","type-tribe_events","status-publish","has-post-thumbnail","hentry","tribe_events_cat-cursos-i-tallers","cat_cursos-i-tallers"],"acf":[],"_links":{"self":[{"href":"https:\/\/moianesturisme.cat\/agendacultural\/wp-json\/wp\/v2\/tribe_events\/15608","targetHints":{"allow":["GET"]}}],"collection":[{"href":"https:\/\/moianesturisme.cat\/agendacultural\/wp-json\/wp\/v2\/tribe_events"}],"about":[{"href":"https:\/\/moianesturisme.cat\/agendacultural\/wp-json\/wp\/v2\/types\/tribe_events"}],"author":[{"embeddable":true,"href":"https:\/\/moianesturisme.cat\/agendacultural\/wp-json\/wp\/v2\/users\/2"}],"version-history":[{"count":2,"href":"https:\/\/moianesturisme.cat\/agendacultural\/wp-json\/wp\/v2\/tribe_events\/15608\/revisions"}],"predecessor-version":[{"id":15611,"href":"https:\/\/moianesturisme.cat\/agendacultural\/wp-json\/wp\/v2\/tribe_events\/15608\/revisions\/15611"}],"wp:featuredmedia":[{"embeddable":true,"href":"https:\/\/moianesturisme.cat\/agendacultural\/wp-json\/wp\/v2\/media\/15609"}],"wp:attachment":[{"href":"https:\/\/moianesturisme.cat\/agendacultural\/wp-json\/wp\/v2\/media?parent=15608"}],"wp:term":[{"taxonomy":"post_tag","embeddable":true,"href":"https:\/\/moianesturisme.cat\/agendacultural\/wp-json\/wp\/v2\/tags?post=15608"},{"taxonomy":"tribe_events_cat","embeddable":true,"href":"https:\/\/moianesturisme.cat\/agendacultural\/wp-json\/wp\/v2\/tribe_events_cat?post=15608"}],"curies":[{"name":"wp","href":"https:\/\/api.w.org\/{rel}","templated":true}]}}

Visites narrades a la Casa-Museu Rafael Casanova Moià

<div class="fusion-fullwidth fullwidth-box fusion-builder-row-1 fusion-flex-container nonhundred-percent-fullwidth non-hundred-percent-height-scrolling" style="--awb-border-radius-top-left:0px;--awb-border-radius-top-right:0px;--awb-border-radius-bottom-right:0px;--awb-border-radius-bottom-left:0px;--awb-flex-wrap:wrap;" ><div class="fusion-builder-row fusion-row fusion-flex-align-items-flex-start fusion-flex-content-wrap" style="max-width:1216.8px;margin-left: calc(-4% / 2 );margin-right: calc(-4% / 2 );"><div class="fusion-layout-column fusion_builder_column fusion-builder-column-0 fusion_builder_column_1_1 1_1 fusion-flex-column" style="--awb-bg-size:cover;--awb-width-large:100%;--awb-margin-top-large:0px;--awb-spacing-right-large:1.92%;--awb-margin-bottom-large:0px;--awb-spacing-left-large:1.92%;--awb-width-medium:100%;--awb-spacing-right-medium:1.92%;--awb-spacing-left-medium:1.92%;--awb-width-small:100%;--awb-spacing-right-small:1.92%;--awb-spacing-left-small:1.92%;"><div class="fusion-column-wrapper fusion-flex-justify-content-flex-start fusion-content-layout-column"><div class="fusion-text fusion-text-1"><p>&#8211; Calendari: <strong>diumenge, 6 de juliol</strong></p>
<p>&#8211; Horari: <em>1a visita: 11 del matí  / 2a visita: 2/4 d&#8217;1 del migdia</em></p>
<p>Places limitades a <strong>20 persones per visita</strong>. Per ordre d&#8217;inscripció!</p>
<p>&nbsp;</p>
<p><strong>INSCRIPCIONS OBERTES FINS AL 27 DE JUNY DEL 2025</strong></p>
<p>en el següent formulari: <strong><a href="https://forms.gle/f924BfAw7QWxM1yP8">https://forms.gle/f924BfAw7QWxM1yP8</a></strong></p>
<p>o bé per correu elèctrònic: <a href="mailto:ccmn.cultura@ccmoianes.cat">ccmn.cultura@ccmoianes.cat</a> / telf. 93 830 14 18 / o presencialment al Consell Comarcal del Moianès: c/ Joies, 11-13 (08180 Moià</p>
</div></div></div></div></div>
