{"id":15532,"date":"2025-05-22T13:44:16","date_gmt":"2025-05-22T11:44:16","guid":{"rendered":"https:\/\/moianesturisme.cat\/agendacultural\/?post_type=tribe_events&#038;p=15532"},"modified":"2025-05-22T13:44:16","modified_gmt":"2025-05-22T11:44:16","slug":"bombolles-de-paper","status":"publish","type":"tribe_events","link":"https:\/\/moianesturisme.cat\/agendacultural\/activitat\/bombolles-de-paper\/","title":{"rendered":"Bombolles de paper"},"content":{"rendered":"<p>\ud83c\udfad Espectacle familiar: Bombolles de Paper!<\/p>\n<p>\ud83d\udcc5 Diumenge 1 de juny<br \/>\n\ud83d\udd5b A les 12 h<br \/>\n\ud83d\udccd Espai cultural de Castellter\u00e7ol<br \/>\n\ud83d\udc76 Recomanat a partir de 3 anys<br \/>\n\ud83c\udf9f Entrada: 6\u202f\u20ac<\/p>\n<p>La companyia Mucab Dansa ens porta un espectacle ple de m\u00e0gia, dansa i emocions per a tota la fam\u00edlia. Un viatge sensorial que captivar\u00e0 petits i grans!<\/p>\n","protected":false},"excerpt":{"rendered":"<p>\ud83c\udfad Espectacle familiar: Bombolles de Paper! \ud83d\udcc5 Diumenge 1 de juny \ud83d\udd5b A les 12 h \ud83d\udccd Espai cultural de Castellter\u00e7ol \ud83d\udc76 Recomanat a partir de 3 anys \ud83c\udf9f Entrada: 6\u202f\u20ac La companyia Mucab Dansa ens porta un espectacle ple de m\u00e0gia, dansa i emocions per a tota la fam\u00edlia. Un viatge sensorial que captivar\u00e0<\/p>\n","protected":false},"author":2,"featured_media":15533,"template":"","meta":{"_acf_changed":false,"_tribe_events_status":"","_tribe_events_status_reason":"","_tribe_events_is_hybrid":"","_tribe_events_is_virtual":"","_tribe_events_virtual_video_source":"","_tribe_events_virtual_embed_video":"","_tribe_events_virtual_linked_button_text":"","_tribe_events_virtual_linked_button":"","_tribe_events_virtual_show_embed_at":"","_tribe_events_virtual_show_embed_to":[],"_tribe_events_virtual_show_on_event":"","_tribe_events_virtual_show_on_views":"","_tribe_events_virtual_url":"","footnotes":""},"tags":[],"tribe_events_cat":[85],"class_list":["post-15532","tribe_events","type-tribe_events","status-publish","has-post-thumbnail","hentry","tribe_events_cat-arts-esceniques","cat_arts-esceniques"],"acf":[],"_links":{"self":[{"href":"https:\/\/moianesturisme.cat\/agendacultural\/wp-json\/wp\/v2\/tribe_events\/15532","targetHints":{"allow":["GET"]}}],"collection":[{"href":"https:\/\/moianesturisme.cat\/agendacultural\/wp-json\/wp\/v2\/tribe_events"}],"about":[{"href":"https:\/\/moianesturisme.cat\/agendacultural\/wp-json\/wp\/v2\/types\/tribe_events"}],"author":[{"embeddable":true,"href":"https:\/\/moianesturisme.cat\/agendacultural\/wp-json\/wp\/v2\/users\/2"}],"version-history":[{"count":1,"href":"https:\/\/moianesturisme.cat\/agendacultural\/wp-json\/wp\/v2\/tribe_events\/15532\/revisions"}],"predecessor-version":[{"id":15534,"href":"https:\/\/moianesturisme.cat\/agendacultural\/wp-json\/wp\/v2\/tribe_events\/15532\/revisions\/15534"}],"wp:featuredmedia":[{"embeddable":true,"href":"https:\/\/moianesturisme.cat\/agendacultural\/wp-json\/wp\/v2\/media\/15533"}],"wp:attachment":[{"href":"https:\/\/moianesturisme.cat\/agendacultural\/wp-json\/wp\/v2\/media?parent=15532"}],"wp:term":[{"taxonomy":"post_tag","embeddable":true,"href":"https:\/\/moianesturisme.cat\/agendacultural\/wp-json\/wp\/v2\/tags?post=15532"},{"taxonomy":"tribe_events_cat","embeddable":true,"href":"https:\/\/moianesturisme.cat\/agendacultural\/wp-json\/wp\/v2\/tribe_events_cat?post=15532"}],"curies":[{"name":"wp","href":"https:\/\/api.w.org\/{rel}","templated":true}]}}

<p>🎭 Espectacle familiar: Bombolles de Paper!</p>
<p>📅 Diumenge 1 de juny<br />
🕛 A les 12 h<br />
📍 Espai cultural de Castellterçol<br />
👶 Recomanat a partir de 3 anys<br />
🎟 Entrada: 6 €</p>
<p>La companyia Mucab Dansa ens porta un espectacle ple de màgia, dansa i emocions per a tota la família. Un viatge sensorial que captivarà petits i grans!</p>

<p>🎭 Espectacle familiar: Bombolles de Paper! 📅 Diumenge 1 de juny 🕛 A les 12 h 📍 Espai cultural de Castellterçol 👶 Recomanat a partir de 3 anys 🎟 Entrada: 6 € La companyia Mucab Dansa ens porta un espectacle ple de màgia, dansa i emocions per a tota la família. Un viatge sensorial que captivarà</p>
