{"id":15516,"date":"2025-05-21T14:31:27","date_gmt":"2025-05-21T12:31:27","guid":{"rendered":"https:\/\/moianesturisme.cat\/agendacultural\/?post_type=tribe_events&#038;p=15516"},"modified":"2025-05-21T14:31:27","modified_gmt":"2025-05-21T12:31:27","slug":"un-saxo-de-pellicula","status":"publish","type":"tribe_events","link":"https:\/\/moianesturisme.cat\/agendacultural\/activitat\/un-saxo-de-pellicula\/","title":{"rendered":"Un saxo de pel\u00b7l\u00edcula"},"content":{"rendered":"<p><span class=\"css-1jxf684 r-bcqeeo r-1ttztb7 r-qvutc0 r-poiln3\">Aquest dijous a l&#8217;Estany,\u00a0<\/span><span class=\"r-18u37iz\"><a class=\"css-1jxf684 r-bcqeeo r-1ttztb7 r-qvutc0 r-poiln3 r-1loqt21\" dir=\"ltr\" role=\"link\" href=\"https:\/\/x.com\/peppoblet\">@peppoblet<\/a><\/span><span class=\"css-1jxf684 r-bcqeeo r-1ttztb7 r-qvutc0 r-poiln3\"> estrena &#8216;Un saxo de pel\u00b7l\u00edcula&#8217; <\/span><span class=\"css-1jxf684 r-bcqeeo r-1ttztb7 r-qvutc0 r-poiln3\">Concert instrumental on les grans bandes sonores s\u00f3n les protagonistes. <\/span><span class=\"css-1jxf684 r-bcqeeo r-1ttztb7 r-qvutc0 r-poiln3\">Dijous 22 de maig. 19.30h. Al Cine. Gratu\u00eft.<\/span><\/p>\n","protected":false},"excerpt":{"rendered":"<p>Aquest dijous a l&#8217;Estany,\u00a0@peppoblet estrena &#8216;Un saxo de pel\u00b7l\u00edcula&#8217; Concert instrumental on les grans bandes sonores s\u00f3n les protagonistes. Dijous 22 de maig. 19.30h. Al Cine. Gratu\u00eft.<\/p>\n","protected":false},"author":2,"featured_media":15517,"template":"","meta":{"_acf_changed":false,"_tribe_events_status":"","_tribe_events_status_reason":"","_tribe_events_is_hybrid":"","_tribe_events_is_virtual":"","_tribe_events_virtual_video_source":"","_tribe_events_virtual_embed_video":"","_tribe_events_virtual_linked_button_text":"","_tribe_events_virtual_linked_button":"","_tribe_events_virtual_show_embed_at":"","_tribe_events_virtual_show_embed_to":[],"_tribe_events_virtual_show_on_event":"","_tribe_events_virtual_show_on_views":"","_tribe_events_virtual_url":"","footnotes":""},"tags":[],"tribe_events_cat":[76],"class_list":["post-15516","tribe_events","type-tribe_events","status-publish","has-post-thumbnail","hentry","tribe_events_cat-musica","cat_musica"],"acf":[],"_links":{"self":[{"href":"https:\/\/moianesturisme.cat\/agendacultural\/wp-json\/wp\/v2\/tribe_events\/15516","targetHints":{"allow":["GET"]}}],"collection":[{"href":"https:\/\/moianesturisme.cat\/agendacultural\/wp-json\/wp\/v2\/tribe_events"}],"about":[{"href":"https:\/\/moianesturisme.cat\/agendacultural\/wp-json\/wp\/v2\/types\/tribe_events"}],"author":[{"embeddable":true,"href":"https:\/\/moianesturisme.cat\/agendacultural\/wp-json\/wp\/v2\/users\/2"}],"version-history":[{"count":1,"href":"https:\/\/moianesturisme.cat\/agendacultural\/wp-json\/wp\/v2\/tribe_events\/15516\/revisions"}],"predecessor-version":[{"id":15518,"href":"https:\/\/moianesturisme.cat\/agendacultural\/wp-json\/wp\/v2\/tribe_events\/15516\/revisions\/15518"}],"wp:featuredmedia":[{"embeddable":true,"href":"https:\/\/moianesturisme.cat\/agendacultural\/wp-json\/wp\/v2\/media\/15517"}],"wp:attachment":[{"href":"https:\/\/moianesturisme.cat\/agendacultural\/wp-json\/wp\/v2\/media?parent=15516"}],"wp:term":[{"taxonomy":"post_tag","embeddable":true,"href":"https:\/\/moianesturisme.cat\/agendacultural\/wp-json\/wp\/v2\/tags?post=15516"},{"taxonomy":"tribe_events_cat","embeddable":true,"href":"https:\/\/moianesturisme.cat\/agendacultural\/wp-json\/wp\/v2\/tribe_events_cat?post=15516"}],"curies":[{"name":"wp","href":"https:\/\/api.w.org\/{rel}","templated":true}]}}

Un saxo de pel·lícula

<p><span class="css-1jxf684 r-bcqeeo r-1ttztb7 r-qvutc0 r-poiln3">Aquest dijous a l&#8217;Estany, </span><span class="r-18u37iz"><a class="css-1jxf684 r-bcqeeo r-1ttztb7 r-qvutc0 r-poiln3 r-1loqt21" dir="ltr" role="link" href="https://x.com/peppoblet">@peppoblet</a></span><span class="css-1jxf684 r-bcqeeo r-1ttztb7 r-qvutc0 r-poiln3"> estrena &#8216;Un saxo de pel·lícula&#8217; </span><span class="css-1jxf684 r-bcqeeo r-1ttztb7 r-qvutc0 r-poiln3">Concert instrumental on les grans bandes sonores són les protagonistes. </span><span class="css-1jxf684 r-bcqeeo r-1ttztb7 r-qvutc0 r-poiln3">Dijous 22 de maig. 19.30h. Al Cine. Gratuït.</span></p>

<p>Aquest dijous a l&#8217;Estany, @peppoblet estrena &#8216;Un saxo de pel·lícula&#8217; Concert instrumental on les grans bandes sonores són les protagonistes. Dijous 22 de maig. 19.30h. Al Cine. Gratuït.</p>
