{"id":15466,"date":"2025-05-13T16:36:09","date_gmt":"2025-05-13T14:36:09","guid":{"rendered":"https:\/\/moianesturisme.cat\/agendacultural\/?post_type=tribe_events&#038;p=15466"},"modified":"2025-05-13T16:36:09","modified_gmt":"2025-05-13T14:36:09","slug":"diada-del-soler-2","status":"publish","type":"tribe_events","link":"https:\/\/moianesturisme.cat\/agendacultural\/activitat\/diada-del-soler-2\/","title":{"rendered":"Diada del Soler"},"content":{"rendered":"<p>Diumenge 18 de maig<\/p>\n<p>Venda de tiquets pel dinar fins l&#8217;11 de maig<\/p>\n<p>Preu: 7\u20ac (arr\u00f2s i past\u00eds de formatge del Canadell)<\/p>\n<p>Punts de venda:<\/p>\n<ul>\n<li>cal Modest<\/li>\n<li>carnisseria Arcos<\/li>\n<li>Forn d&#8217;Ol\u00f3<\/li>\n<\/ul>\n","protected":false},"excerpt":{"rendered":"<p>Diumenge 18 de maig Venda de tiquets pel dinar fins l&#8217;11 de maig Preu: 7\u20ac (arr\u00f2s i past\u00eds de formatge del Canadell) Punts de venda: cal Modest carnisseria Arcos Forn d&#8217;Ol\u00f3<\/p>\n","protected":false},"author":2,"featured_media":15467,"template":"","meta":{"_acf_changed":false,"_tribe_events_status":"","_tribe_events_status_reason":"","_tribe_events_is_hybrid":"","_tribe_events_is_virtual":"","_tribe_events_virtual_video_source":"","_tribe_events_virtual_embed_video":"","_tribe_events_virtual_linked_button_text":"","_tribe_events_virtual_linked_button":"","_tribe_events_virtual_show_embed_at":"","_tribe_events_virtual_show_embed_to":[],"_tribe_events_virtual_show_on_event":"","_tribe_events_virtual_show_on_views":"","_tribe_events_virtual_url":"","footnotes":""},"tags":[],"tribe_events_cat":[75],"class_list":["post-15466","tribe_events","type-tribe_events","status-publish","has-post-thumbnail","hentry","tribe_events_cat-gastronomia","cat_gastronomia"],"acf":[],"_links":{"self":[{"href":"https:\/\/moianesturisme.cat\/agendacultural\/wp-json\/wp\/v2\/tribe_events\/15466","targetHints":{"allow":["GET"]}}],"collection":[{"href":"https:\/\/moianesturisme.cat\/agendacultural\/wp-json\/wp\/v2\/tribe_events"}],"about":[{"href":"https:\/\/moianesturisme.cat\/agendacultural\/wp-json\/wp\/v2\/types\/tribe_events"}],"author":[{"embeddable":true,"href":"https:\/\/moianesturisme.cat\/agendacultural\/wp-json\/wp\/v2\/users\/2"}],"version-history":[{"count":1,"href":"https:\/\/moianesturisme.cat\/agendacultural\/wp-json\/wp\/v2\/tribe_events\/15466\/revisions"}],"predecessor-version":[{"id":15468,"href":"https:\/\/moianesturisme.cat\/agendacultural\/wp-json\/wp\/v2\/tribe_events\/15466\/revisions\/15468"}],"wp:featuredmedia":[{"embeddable":true,"href":"https:\/\/moianesturisme.cat\/agendacultural\/wp-json\/wp\/v2\/media\/15467"}],"wp:attachment":[{"href":"https:\/\/moianesturisme.cat\/agendacultural\/wp-json\/wp\/v2\/media?parent=15466"}],"wp:term":[{"taxonomy":"post_tag","embeddable":true,"href":"https:\/\/moianesturisme.cat\/agendacultural\/wp-json\/wp\/v2\/tags?post=15466"},{"taxonomy":"tribe_events_cat","embeddable":true,"href":"https:\/\/moianesturisme.cat\/agendacultural\/wp-json\/wp\/v2\/tribe_events_cat?post=15466"}],"curies":[{"name":"wp","href":"https:\/\/api.w.org\/{rel}","templated":true}]}}

<p>Diumenge 18 de maig</p>
<p>Venda de tiquets pel dinar fins l&#8217;11 de maig</p>
<p>Preu: 7€ (arròs i pastís de formatge del Canadell)</p>
<p>Punts de venda:</p>
<ul>
<li>cal Modest</li>
<li>carnisseria Arcos</li>
<li>Forn d&#8217;Oló</li>
</ul>

<p>Diumenge 18 de maig Venda de tiquets pel dinar fins l&#8217;11 de maig Preu: 7€ (arròs i pastís de formatge del Canadell) Punts de venda: cal Modest carnisseria Arcos Forn d&#8217;Oló</p>
