{"id":15463,"date":"2025-05-13T16:29:09","date_gmt":"2025-05-13T14:29:09","guid":{"rendered":"https:\/\/moianesturisme.cat\/agendacultural\/?post_type=tribe_events&#038;p=15463"},"modified":"2025-05-13T16:29:09","modified_gmt":"2025-05-13T14:29:09","slug":"43a-caminada-popular","status":"publish","type":"tribe_events","link":"https:\/\/moianesturisme.cat\/agendacultural\/activitat\/43a-caminada-popular\/","title":{"rendered":"43\u00aa caminada popular"},"content":{"rendered":"<p>Un any m\u00e9s ja la tenim aqu\u00ed. La 43a Caminada Popular d\u2019Ol\u00f3 tindr\u00e0 lloc el proper 25 de maig.<\/p>\n<p>Recorregut com sempre apte per a tots els p\u00fablics de 13,7 km i 350 metres de desnivell positiu amb sortida a Pla\u00e7a Catalunya. Passarem pels Horts del Roc i resseguirem la Riera d\u2019Ol\u00f3 fins arribar al Mol\u00ed d\u2019Altimires on trobareu el primer avituallament, aproximadament al km 2. Deixarem la riera per enfilar-nos a Moratones per Puigpic\u00f3 i resseguir el Serrat de les Tosqueres i els Cingles dels Plans. Continuarem cap als Plans de Cal V\u00edctor on cap al km 7,1 aproximadament trobareu un bon esmorzar amb botifarra! Continuarem cap a la Vinya de Cal Tifarra, l\u2019Horta d\u2019Altimires i fins el tercer avituallament sota el Tir al Plat, km 10,7. Acabarem el recorregut novament a Pla\u00e7a Catalunya.<\/p>\n<p>Als avituallaments no hi haur\u00e0 gots. Porteu-los de casa. Tamb\u00e9 tindrem gots reutilitzables a la venda.<\/p>\n<p>Sortida i inscripcions: de 7:30 (no abans) a 8:15 a Pla\u00e7a Catalunya.<\/p>\n<p>Preu adults: 10\u20ac no socis\/es i 8\u20ac socis\/es.<\/p>\n<p>Preu infantil (menors de 12 anys): 6\u20ac no socis\/es i 4\u20ac socis\/es.<\/p>\n<p>La caminada est\u00e0 organitzada pel Centre Excursionista d\u2019Ol\u00f3 amb la col\u00b7laboraci\u00f3 de l\u2019Ajuntament de Santa Maria d\u2019Ol\u00f3 i l\u2019ADF Quercus<\/p>\n","protected":false},"excerpt":{"rendered":"<p>Un any m\u00e9s ja la tenim aqu\u00ed. La 43a Caminada Popular d\u2019Ol\u00f3 tindr\u00e0 lloc el proper 25 de maig. Recorregut com sempre apte per a tots els p\u00fablics de 13,7 km i 350 metres de desnivell positiu amb sortida a Pla\u00e7a Catalunya. Passarem pels Horts del Roc i resseguirem la Riera d\u2019Ol\u00f3 fins arribar al<\/p>\n","protected":false},"author":2,"featured_media":15464,"template":"","meta":{"_acf_changed":false,"_tribe_events_status":"","_tribe_events_status_reason":"","_tribe_events_is_hybrid":"","_tribe_events_is_virtual":"","_tribe_events_virtual_video_source":"","_tribe_events_virtual_embed_video":"","_tribe_events_virtual_linked_button_text":"","_tribe_events_virtual_linked_button":"","_tribe_events_virtual_show_embed_at":"","_tribe_events_virtual_show_embed_to":[],"_tribe_events_virtual_show_on_event":"","_tribe_events_virtual_show_on_views":"","_tribe_events_virtual_url":"","footnotes":""},"tags":[],"tribe_events_cat":[72],"class_list":["post-15463","tribe_events","type-tribe_events","status-publish","has-post-thumbnail","hentry","tribe_events_cat-esports","cat_esports"],"acf":[],"_links":{"self":[{"href":"https:\/\/moianesturisme.cat\/agendacultural\/wp-json\/wp\/v2\/tribe_events\/15463","targetHints":{"allow":["GET"]}}],"collection":[{"href":"https:\/\/moianesturisme.cat\/agendacultural\/wp-json\/wp\/v2\/tribe_events"}],"about":[{"href":"https:\/\/moianesturisme.cat\/agendacultural\/wp-json\/wp\/v2\/types\/tribe_events"}],"author":[{"embeddable":true,"href":"https:\/\/moianesturisme.cat\/agendacultural\/wp-json\/wp\/v2\/users\/2"}],"version-history":[{"count":1,"href":"https:\/\/moianesturisme.cat\/agendacultural\/wp-json\/wp\/v2\/tribe_events\/15463\/revisions"}],"predecessor-version":[{"id":15465,"href":"https:\/\/moianesturisme.cat\/agendacultural\/wp-json\/wp\/v2\/tribe_events\/15463\/revisions\/15465"}],"wp:featuredmedia":[{"embeddable":true,"href":"https:\/\/moianesturisme.cat\/agendacultural\/wp-json\/wp\/v2\/media\/15464"}],"wp:attachment":[{"href":"https:\/\/moianesturisme.cat\/agendacultural\/wp-json\/wp\/v2\/media?parent=15463"}],"wp:term":[{"taxonomy":"post_tag","embeddable":true,"href":"https:\/\/moianesturisme.cat\/agendacultural\/wp-json\/wp\/v2\/tags?post=15463"},{"taxonomy":"tribe_events_cat","embeddable":true,"href":"https:\/\/moianesturisme.cat\/agendacultural\/wp-json\/wp\/v2\/tribe_events_cat?post=15463"}],"curies":[{"name":"wp","href":"https:\/\/api.w.org\/{rel}","templated":true}]}}

43ª caminada popular

<p>Un any més ja la tenim aquí. La 43a Caminada Popular d’Oló tindrà lloc el proper 25 de maig.</p>
<p>Recorregut com sempre apte per a tots els públics de 13,7 km i 350 metres de desnivell positiu amb sortida a Plaça Catalunya. Passarem pels Horts del Roc i resseguirem la Riera d’Oló fins arribar al Molí d’Altimires on trobareu el primer avituallament, aproximadament al km 2. Deixarem la riera per enfilar-nos a Moratones per Puigpicó i resseguir el Serrat de les Tosqueres i els Cingles dels Plans. Continuarem cap als Plans de Cal Víctor on cap al km 7,1 aproximadament trobareu un bon esmorzar amb botifarra! Continuarem cap a la Vinya de Cal Tifarra, l’Horta d’Altimires i fins el tercer avituallament sota el Tir al Plat, km 10,7. Acabarem el recorregut novament a Plaça Catalunya.</p>
<p>Als avituallaments no hi haurà gots. Porteu-los de casa. També tindrem gots reutilitzables a la venda.</p>
<p>Sortida i inscripcions: de 7:30 (no abans) a 8:15 a Plaça Catalunya.</p>
<p>Preu adults: 10€ no socis/es i 8€ socis/es.</p>
<p>Preu infantil (menors de 12 anys): 6€ no socis/es i 4€ socis/es.</p>
<p>La caminada està organitzada pel Centre Excursionista d’Oló amb la col·laboració de l’Ajuntament de Santa Maria d’Oló i l’ADF Quercus</p>

<p>Un any més ja la tenim aquí. La 43a Caminada Popular d’Oló tindrà lloc el proper 25 de maig. Recorregut com sempre apte per a tots els públics de 13,7 km i 350 metres de desnivell positiu amb sortida a Plaça Catalunya. Passarem pels Horts del Roc i resseguirem la Riera d’Oló fins arribar al</p>
