{"id":15214,"date":"2025-04-15T16:13:46","date_gmt":"2025-04-15T14:13:46","guid":{"rendered":"https:\/\/moianesturisme.cat\/agendacultural\/?post_type=tribe_events&#038;p=15214"},"modified":"2025-04-30T10:06:47","modified_gmt":"2025-04-30T08:06:47","slug":"cicle-gaudi-salve-maria","status":"publish","type":"tribe_events","link":"https:\/\/moianesturisme.cat\/agendacultural\/activitat\/cicle-gaudi-salve-maria\/","title":{"rendered":"Cicle Gaud\u00ed: Salve Maria"},"content":{"rendered":"<div class=\"fusion-fullwidth fullwidth-box fusion-builder-row-1 fusion-flex-container nonhundred-percent-fullwidth non-hundred-percent-height-scrolling\" style=\"--awb-border-radius-top-left:0px;--awb-border-radius-top-right:0px;--awb-border-radius-bottom-right:0px;--awb-border-radius-bottom-left:0px;--awb-flex-wrap:wrap;\" ><div class=\"fusion-builder-row fusion-row fusion-flex-align-items-flex-start fusion-flex-content-wrap\" style=\"max-width:1216.8px;margin-left: calc(-4% \/ 2 );margin-right: calc(-4% \/ 2 );\"><div class=\"fusion-layout-column fusion_builder_column fusion-builder-column-0 fusion_builder_column_1_1 1_1 fusion-flex-column\" style=\"--awb-bg-size:cover;--awb-width-large:100%;--awb-margin-top-large:0px;--awb-spacing-right-large:1.92%;--awb-margin-bottom-large:0px;--awb-spacing-left-large:1.92%;--awb-width-medium:100%;--awb-spacing-right-medium:1.92%;--awb-spacing-left-medium:1.92%;--awb-width-small:100%;--awb-spacing-right-small:1.92%;--awb-spacing-left-small:1.92%;\"><div class=\"fusion-column-wrapper fusion-flex-justify-content-flex-start fusion-content-layout-column\"><div class=\"fusion-text fusion-text-1\"><p>Maria, una jove escriptora que acaba de ser mare, es topa amb la not\u00edcia d\u2019un succ\u00e9s estremidor: una dona francesa ha ofegat a les seves bessones de deu mesos a la banyera. Maria s\u2019obsessiona amb la infanticida, per qu\u00e8 els va matar? A partir d\u2019aquest moment, l\u2019ombra de l\u2019infanticidi l\u2019aguaita com una vertiginosa possibilitat.<\/p>\n<p>Pel\u00b7l\u00edcula sorpresa de la temporada amb una actuaci\u00f3 principal de l\u2019actriu Laura Weissmahr que ha causat gran sensaci\u00f3 i que li han valgut el Premi Gaud\u00ed i el Premi Goya a millor interpretaci\u00f3 revelaci\u00f3.<br \/>\nPel\u00b7l\u00edcula guanyadora de 2 Premis Gaud\u00ed (millor gui\u00f3 adaptat, millor interpretaci\u00f3 revelaci\u00f3), 2 Premis Feroz (millor pel\u00b7l\u00edcula dram\u00e0tica, millor cartell), 1 Premi Goya (millor actriu revelaci\u00f3), i 2 Premis al Festival de Locarno (menci\u00f3 especial del jurat, tercer premi\u00a0 del Jurat Jove).<\/p>\n<p><span style=\"font-family: arial, sans-serif;\"><span style=\"color: #000000;\">NO RECOMANADA PER A MENORS DE 16 ANYS.\u00a0<\/span><\/span><\/p>\n<p>Venda d&#8217;entrades a l&#8217;Espai Hemalosa<\/p>\n<div id=\"brxe-mlegdm\" class=\"brxe-block\">\n<h3 id=\"brxe-nxcqrf\" class=\"brxe-heading\">4,5\u20ac<\/h3>\n<div id=\"brxe-wpushd\" class=\"brxe-text\">\n<p><strong>Entrada general sense descompte<\/strong><\/p>\n<\/div>\n<\/div>\n<div id=\"brxe-obkvjs\" class=\"brxe-block\">\n<h3 id=\"brxe-uorldx\" class=\"brxe-heading\">3\u20ac<\/h3>\n<div id=\"brxe-uqjsxd\" class=\"brxe-text\">\n<p><b>Presentant el Carnet Jove<\/b><b><\/b><\/p>\n<\/div>\n<\/div>\n<div id=\"brxe-okgfjw\" class=\"brxe-block\">\n<h3 id=\"brxe-lqynzz\" class=\"brxe-heading\">2&#215;1<\/h3>\n<div id=\"brxe-erdknl\" class=\"brxe-text\">\n<p><b>Presentant la targeta del Club Vanguardia<\/b><\/p>\n<\/div>\n<\/div>\n<div id=\"brxe-nhdlln\" class=\"brxe-block\">\n<h3 id=\"brxe-ljrmjo\" class=\"brxe-heading\">3\u20ac<\/h3>\n<div id=\"brxe-cygrng\" class=\"brxe-text\">\n<p><b>Socis de la Federaci\u00f3 d\u2019Ateneus de Catalunya<\/b><\/p>\n<\/div>\n<\/div>\n<\/div><\/div><\/div><\/div><\/div>\n","protected":false},"excerpt":{"rendered":"","protected":false},"author":2,"featured_media":15215,"template":"","meta":{"_acf_changed":false,"_tribe_events_status":"","_tribe_events_status_reason":"","_tribe_events_is_hybrid":"","_tribe_events_is_virtual":"","_tribe_events_virtual_video_source":"","_tribe_events_virtual_embed_video":"","_tribe_events_virtual_linked_button_text":"","_tribe_events_virtual_linked_button":"","_tribe_events_virtual_show_embed_at":"","_tribe_events_virtual_show_embed_to":[],"_tribe_events_virtual_show_on_event":"","_tribe_events_virtual_show_on_views":"","_tribe_events_virtual_url":"","footnotes":""},"tags":[],"tribe_events_cat":[50],"class_list":["post-15214","tribe_events","type-tribe_events","status-publish","has-post-thumbnail","hentry","tribe_events_cat-cinema","cat_cinema"],"acf":[],"_links":{"self":[{"href":"https:\/\/moianesturisme.cat\/agendacultural\/wp-json\/wp\/v2\/tribe_events\/15214","targetHints":{"allow":["GET"]}}],"collection":[{"href":"https:\/\/moianesturisme.cat\/agendacultural\/wp-json\/wp\/v2\/tribe_events"}],"about":[{"href":"https:\/\/moianesturisme.cat\/agendacultural\/wp-json\/wp\/v2\/types\/tribe_events"}],"author":[{"embeddable":true,"href":"https:\/\/moianesturisme.cat\/agendacultural\/wp-json\/wp\/v2\/users\/2"}],"version-history":[{"count":4,"href":"https:\/\/moianesturisme.cat\/agendacultural\/wp-json\/wp\/v2\/tribe_events\/15214\/revisions"}],"predecessor-version":[{"id":15340,"href":"https:\/\/moianesturisme.cat\/agendacultural\/wp-json\/wp\/v2\/tribe_events\/15214\/revisions\/15340"}],"wp:featuredmedia":[{"embeddable":true,"href":"https:\/\/moianesturisme.cat\/agendacultural\/wp-json\/wp\/v2\/media\/15215"}],"wp:attachment":[{"href":"https:\/\/moianesturisme.cat\/agendacultural\/wp-json\/wp\/v2\/media?parent=15214"}],"wp:term":[{"taxonomy":"post_tag","embeddable":true,"href":"https:\/\/moianesturisme.cat\/agendacultural\/wp-json\/wp\/v2\/tags?post=15214"},{"taxonomy":"tribe_events_cat","embeddable":true,"href":"https:\/\/moianesturisme.cat\/agendacultural\/wp-json\/wp\/v2\/tribe_events_cat?post=15214"}],"curies":[{"name":"wp","href":"https:\/\/api.w.org\/{rel}","templated":true}]}}

Cicle Gaudí: Salve Maria

<div class="fusion-fullwidth fullwidth-box fusion-builder-row-1 fusion-flex-container nonhundred-percent-fullwidth non-hundred-percent-height-scrolling" style="--awb-border-radius-top-left:0px;--awb-border-radius-top-right:0px;--awb-border-radius-bottom-right:0px;--awb-border-radius-bottom-left:0px;--awb-flex-wrap:wrap;" ><div class="fusion-builder-row fusion-row fusion-flex-align-items-flex-start fusion-flex-content-wrap" style="max-width:1216.8px;margin-left: calc(-4% / 2 );margin-right: calc(-4% / 2 );"><div class="fusion-layout-column fusion_builder_column fusion-builder-column-0 fusion_builder_column_1_1 1_1 fusion-flex-column" style="--awb-bg-size:cover;--awb-width-large:100%;--awb-margin-top-large:0px;--awb-spacing-right-large:1.92%;--awb-margin-bottom-large:0px;--awb-spacing-left-large:1.92%;--awb-width-medium:100%;--awb-spacing-right-medium:1.92%;--awb-spacing-left-medium:1.92%;--awb-width-small:100%;--awb-spacing-right-small:1.92%;--awb-spacing-left-small:1.92%;"><div class="fusion-column-wrapper fusion-flex-justify-content-flex-start fusion-content-layout-column"><div class="fusion-text fusion-text-1"><p>Maria, una jove escriptora que acaba de ser mare, es topa amb la notícia d’un succés estremidor: una dona francesa ha ofegat a les seves bessones de deu mesos a la banyera. Maria s’obsessiona amb la infanticida, per què els va matar? A partir d’aquest moment, l’ombra de l’infanticidi l’aguaita com una vertiginosa possibilitat.</p>
<p>Pel·lícula sorpresa de la temporada amb una actuació principal de l’actriu Laura Weissmahr que ha causat gran sensació i que li han valgut el Premi Gaudí i el Premi Goya a millor interpretació revelació.<br />
Pel·lícula guanyadora de 2 Premis Gaudí (millor guió adaptat, millor interpretació revelació), 2 Premis Feroz (millor pel·lícula dramàtica, millor cartell), 1 Premi Goya (millor actriu revelació), i 2 Premis al Festival de Locarno (menció especial del jurat, tercer premi  del Jurat Jove).</p>
<p><span style="font-family: arial, sans-serif;"><span style="color: #000000;">NO RECOMANADA PER A MENORS DE 16 ANYS. </span></span></p>
<p>Venda d&#8217;entrades a l&#8217;Espai Hemalosa</p>
<div id="brxe-mlegdm" class="brxe-block">
<h3 id="brxe-nxcqrf" class="brxe-heading">4,5€</h3>
<div id="brxe-wpushd" class="brxe-text">
<p><strong>Entrada general sense descompte</strong></p>
</div>
</div>
<div id="brxe-obkvjs" class="brxe-block">
<h3 id="brxe-uorldx" class="brxe-heading">3€</h3>
<div id="brxe-uqjsxd" class="brxe-text">
<p><b>Presentant el Carnet Jove</b><b></b></p>
</div>
</div>
<div id="brxe-okgfjw" class="brxe-block">
<h3 id="brxe-lqynzz" class="brxe-heading">2&#215;1</h3>
<div id="brxe-erdknl" class="brxe-text">
<p><b>Presentant la targeta del Club Vanguardia</b></p>
</div>
</div>
<div id="brxe-nhdlln" class="brxe-block">
<h3 id="brxe-ljrmjo" class="brxe-heading">3€</h3>
<div id="brxe-cygrng" class="brxe-text">
<p><b>Socis de la Federació d’Ateneus de Catalunya</b></p>
</div>
</div>
</div></div></div></div></div>
