{"id":14918,"date":"2025-03-19T11:14:24","date_gmt":"2025-03-19T09:14:24","guid":{"rendered":"https:\/\/moianesturisme.cat\/agendacultural\/?post_type=tribe_events&#038;p=14918"},"modified":"2025-03-19T11:14:24","modified_gmt":"2025-03-19T09:14:24","slug":"presentacio-llibre-els-camins-de-lalba","status":"publish","type":"tribe_events","link":"https:\/\/moianesturisme.cat\/agendacultural\/activitat\/presentacio-llibre-els-camins-de-lalba\/","title":{"rendered":"Presentaci\u00f3 llibre: els camins de l&#8217;Alba"},"content":{"rendered":"<p>Amb aquest llibre coneixerem el Moian\u00e8s m\u00e9s proper i, tamb\u00e9, ens endinsarem en els indrets m\u00e9s rec\u00f2ndits de la comarca per descobrir paisatges espectaculars sense dificultats t\u00e8cniques i seguint les indicacions de la guia.<\/p>\n","protected":false},"excerpt":{"rendered":"<p>Amb aquest llibre coneixerem el Moian\u00e8s m\u00e9s proper i, tamb\u00e9, ens endinsarem en els indrets m\u00e9s rec\u00f2ndits de la comarca per descobrir paisatges espectaculars sense dificultats t\u00e8cniques i seguint les indicacions de la guia.<\/p>\n","protected":false},"author":2,"featured_media":14919,"template":"","meta":{"_acf_changed":false,"_tribe_events_status":"","_tribe_events_status_reason":"","_tribe_events_is_hybrid":"","_tribe_events_is_virtual":"","_tribe_events_virtual_video_source":"","_tribe_events_virtual_embed_video":"","_tribe_events_virtual_linked_button_text":"","_tribe_events_virtual_linked_button":"","_tribe_events_virtual_show_embed_at":"","_tribe_events_virtual_show_embed_to":[],"_tribe_events_virtual_show_on_event":"","_tribe_events_virtual_show_on_views":"","_tribe_events_virtual_url":"","footnotes":""},"tags":[],"tribe_events_cat":[49],"class_list":["post-14918","tribe_events","type-tribe_events","status-publish","has-post-thumbnail","hentry","tribe_events_cat-activitat-literaria","cat_activitat-literaria"],"acf":[],"_links":{"self":[{"href":"https:\/\/moianesturisme.cat\/agendacultural\/wp-json\/wp\/v2\/tribe_events\/14918","targetHints":{"allow":["GET"]}}],"collection":[{"href":"https:\/\/moianesturisme.cat\/agendacultural\/wp-json\/wp\/v2\/tribe_events"}],"about":[{"href":"https:\/\/moianesturisme.cat\/agendacultural\/wp-json\/wp\/v2\/types\/tribe_events"}],"author":[{"embeddable":true,"href":"https:\/\/moianesturisme.cat\/agendacultural\/wp-json\/wp\/v2\/users\/2"}],"version-history":[{"count":1,"href":"https:\/\/moianesturisme.cat\/agendacultural\/wp-json\/wp\/v2\/tribe_events\/14918\/revisions"}],"predecessor-version":[{"id":14920,"href":"https:\/\/moianesturisme.cat\/agendacultural\/wp-json\/wp\/v2\/tribe_events\/14918\/revisions\/14920"}],"wp:featuredmedia":[{"embeddable":true,"href":"https:\/\/moianesturisme.cat\/agendacultural\/wp-json\/wp\/v2\/media\/14919"}],"wp:attachment":[{"href":"https:\/\/moianesturisme.cat\/agendacultural\/wp-json\/wp\/v2\/media?parent=14918"}],"wp:term":[{"taxonomy":"post_tag","embeddable":true,"href":"https:\/\/moianesturisme.cat\/agendacultural\/wp-json\/wp\/v2\/tags?post=14918"},{"taxonomy":"tribe_events_cat","embeddable":true,"href":"https:\/\/moianesturisme.cat\/agendacultural\/wp-json\/wp\/v2\/tribe_events_cat?post=14918"}],"curies":[{"name":"wp","href":"https:\/\/api.w.org\/{rel}","templated":true}]}}

Presentació llibre: els camins de l&#8217;Alba

<p>Amb aquest llibre coneixerem el Moianès més proper i, també, ens endinsarem en els indrets més recòndits de la comarca per descobrir paisatges espectaculars sense dificultats tècniques i seguint les indicacions de la guia.</p>
