{"id":13816,"date":"2024-12-03T18:03:00","date_gmt":"2024-12-03T16:03:00","guid":{"rendered":"https:\/\/moianesturisme.cat\/agendacultural\/?post_type=tribe_events&#038;p=13816"},"modified":"2024-12-03T18:03:00","modified_gmt":"2024-12-03T16:03:00","slug":"emprenedoria-social-idees-de-negoci-que-aporten-solucions-a-necessitats-socials","status":"publish","type":"tribe_events","link":"https:\/\/moianesturisme.cat\/agendacultural\/activitat\/emprenedoria-social-idees-de-negoci-que-aporten-solucions-a-necessitats-socials\/","title":{"rendered":"Emprenedoria Social. Idees de negoci que aporten solucions a necessitats socials"},"content":{"rendered":"<div class=\"fusion-fullwidth fullwidth-box fusion-builder-row-1 fusion-flex-container has-pattern-background has-mask-background nonhundred-percent-fullwidth non-hundred-percent-height-scrolling\" style=\"--awb-border-radius-top-left:0px;--awb-border-radius-top-right:0px;--awb-border-radius-bottom-right:0px;--awb-border-radius-bottom-left:0px;--awb-flex-wrap:wrap;\" ><div class=\"fusion-builder-row fusion-row fusion-flex-align-items-flex-start fusion-flex-content-wrap\" style=\"max-width:1216.8px;margin-left: calc(-4% \/ 2 );margin-right: calc(-4% \/ 2 );\"><div class=\"fusion-layout-column fusion_builder_column fusion-builder-column-0 fusion_builder_column_1_1 1_1 fusion-flex-column\" style=\"--awb-bg-size:cover;--awb-width-large:100%;--awb-margin-top-large:0px;--awb-spacing-right-large:1.92%;--awb-margin-bottom-large:20px;--awb-spacing-left-large:1.92%;--awb-width-medium:100%;--awb-order-medium:0;--awb-spacing-right-medium:1.92%;--awb-spacing-left-medium:1.92%;--awb-width-small:100%;--awb-order-small:0;--awb-spacing-right-small:1.92%;--awb-spacing-left-small:1.92%;\"><div class=\"fusion-column-wrapper fusion-column-has-shadow fusion-flex-justify-content-flex-start fusion-content-layout-column\"><div class=\"fusion-text fusion-text-1\"><p><strong>Objectius del Taller:<\/strong><\/p>\n<p>Identificar necessitats socials no cobertes o cobertes de manera ineficient.<\/p>\n<p>Generar idees que aportin solucions innovadores als problemes socials.<\/p>\n<p>Reformular idees en projectes d&#8217;emprenedoria social.<\/p>\n<p>Posar de relleu la import\u00e0ncia dels valors del cooperativisme i promoure una cultura emprenedora amb enfocament social.<\/p>\n<p>Perfil dels Participants: Aquest taller est\u00e0 adre\u00e7at a persones amb inquietuds socials i ganes d&#8217;emprendre, sense necessitat de coneixements previs.<\/p>\n<p><strong>Metodologia:<\/strong><\/p>\n<p>La sessi\u00f3 inclou una introducci\u00f3 als conceptes te\u00f2rics, seguida d&#8217;una din\u00e0mica pr\u00e0ctica on els participants identificaran necessitats socials al seu municipi i generaran idees per abordar-les. Es proporcionar\u00e0 una presentaci\u00f3 en PowerPoint com a guia, aix\u00ed com v\u00eddeos i recursos sobre emprenedoria social a Catalunya.<\/p>\n<p><strong>Continguts:<\/strong><\/p>\n<p>Concepte d&#8217;emprenedoria social.<\/p>\n<p>Exemples de negocis socials que ja funcionen.<\/p>\n<p>An\u00e0lisi de problemes i necessitats socials.<\/p>\n<p>T\u00e8cniques per generar idees d&#8217;emprenedoria social.<\/p>\n<p>Eines, recursos i actors rellevants.<\/p>\n<p>No perdis l\u2019oportunitat d\u2019emprendre amb un impacte social positiu i de con\u00e8ixer persones amb les mateixes inquietuds! Inscriu-te ara!<\/p>\n<p><strong>Inscripcions:<\/strong> <a href=\"https:\/\/forms.gle\/KgAqzFEYhhqja124A\">https:\/\/forms.gle\/KgAqzFEYhhqja124A<\/a><\/p>\n<\/div><\/div><\/div><\/div><\/div>\n","protected":false},"excerpt":{"rendered":"","protected":false},"author":2,"featured_media":0,"template":"","meta":{"_acf_changed":false,"_tribe_events_status":"","_tribe_events_status_reason":"","_tribe_events_is_hybrid":"","_tribe_events_is_virtual":"","_tribe_events_virtual_video_source":"","_tribe_events_virtual_embed_video":"","_tribe_events_virtual_linked_button_text":"","_tribe_events_virtual_linked_button":"","_tribe_events_virtual_show_embed_at":"","_tribe_events_virtual_show_embed_to":[],"_tribe_events_virtual_show_on_event":"","_tribe_events_virtual_show_on_views":"","_tribe_events_virtual_url":"","footnotes":""},"tags":[],"tribe_events_cat":[129],"class_list":["post-13816","tribe_events","type-tribe_events","status-publish","hentry","tribe_events_cat-empresa","cat_empresa"],"acf":[],"_links":{"self":[{"href":"https:\/\/moianesturisme.cat\/agendacultural\/wp-json\/wp\/v2\/tribe_events\/13816","targetHints":{"allow":["GET"]}}],"collection":[{"href":"https:\/\/moianesturisme.cat\/agendacultural\/wp-json\/wp\/v2\/tribe_events"}],"about":[{"href":"https:\/\/moianesturisme.cat\/agendacultural\/wp-json\/wp\/v2\/types\/tribe_events"}],"author":[{"embeddable":true,"href":"https:\/\/moianesturisme.cat\/agendacultural\/wp-json\/wp\/v2\/users\/2"}],"version-history":[{"count":1,"href":"https:\/\/moianesturisme.cat\/agendacultural\/wp-json\/wp\/v2\/tribe_events\/13816\/revisions"}],"predecessor-version":[{"id":13818,"href":"https:\/\/moianesturisme.cat\/agendacultural\/wp-json\/wp\/v2\/tribe_events\/13816\/revisions\/13818"}],"wp:attachment":[{"href":"https:\/\/moianesturisme.cat\/agendacultural\/wp-json\/wp\/v2\/media?parent=13816"}],"wp:term":[{"taxonomy":"post_tag","embeddable":true,"href":"https:\/\/moianesturisme.cat\/agendacultural\/wp-json\/wp\/v2\/tags?post=13816"},{"taxonomy":"tribe_events_cat","embeddable":true,"href":"https:\/\/moianesturisme.cat\/agendacultural\/wp-json\/wp\/v2\/tribe_events_cat?post=13816"}],"curies":[{"name":"wp","href":"https:\/\/api.w.org\/{rel}","templated":true}]}}

<div class="fusion-fullwidth fullwidth-box fusion-builder-row-1 fusion-flex-container has-pattern-background has-mask-background nonhundred-percent-fullwidth non-hundred-percent-height-scrolling" style="--awb-border-radius-top-left:0px;--awb-border-radius-top-right:0px;--awb-border-radius-bottom-right:0px;--awb-border-radius-bottom-left:0px;--awb-flex-wrap:wrap;" ><div class="fusion-builder-row fusion-row fusion-flex-align-items-flex-start fusion-flex-content-wrap" style="max-width:1216.8px;margin-left: calc(-4% / 2 );margin-right: calc(-4% / 2 );"><div class="fusion-layout-column fusion_builder_column fusion-builder-column-0 fusion_builder_column_1_1 1_1 fusion-flex-column" style="--awb-bg-size:cover;--awb-width-large:100%;--awb-margin-top-large:0px;--awb-spacing-right-large:1.92%;--awb-margin-bottom-large:20px;--awb-spacing-left-large:1.92%;--awb-width-medium:100%;--awb-order-medium:0;--awb-spacing-right-medium:1.92%;--awb-spacing-left-medium:1.92%;--awb-width-small:100%;--awb-order-small:0;--awb-spacing-right-small:1.92%;--awb-spacing-left-small:1.92%;"><div class="fusion-column-wrapper fusion-column-has-shadow fusion-flex-justify-content-flex-start fusion-content-layout-column"><div class="fusion-text fusion-text-1"><p><strong>Objectius del Taller:</strong></p>
<p>Identificar necessitats socials no cobertes o cobertes de manera ineficient.</p>
<p>Generar idees que aportin solucions innovadores als problemes socials.</p>
<p>Reformular idees en projectes d&#8217;emprenedoria social.</p>
<p>Posar de relleu la importància dels valors del cooperativisme i promoure una cultura emprenedora amb enfocament social.</p>
<p>Perfil dels Participants: Aquest taller està adreçat a persones amb inquietuds socials i ganes d&#8217;emprendre, sense necessitat de coneixements previs.</p>
<p><strong>Metodologia:</strong></p>
<p>La sessió inclou una introducció als conceptes teòrics, seguida d&#8217;una dinàmica pràctica on els participants identificaran necessitats socials al seu municipi i generaran idees per abordar-les. Es proporcionarà una presentació en PowerPoint com a guia, així com vídeos i recursos sobre emprenedoria social a Catalunya.</p>
<p><strong>Continguts:</strong></p>
<p>Concepte d&#8217;emprenedoria social.</p>
<p>Exemples de negocis socials que ja funcionen.</p>
<p>Anàlisi de problemes i necessitats socials.</p>
<p>Tècniques per generar idees d&#8217;emprenedoria social.</p>
<p>Eines, recursos i actors rellevants.</p>
<p>No perdis l’oportunitat d’emprendre amb un impacte social positiu i de conèixer persones amb les mateixes inquietuds! Inscriu-te ara!</p>
<p><strong>Inscripcions:</strong> <a href="https://forms.gle/KgAqzFEYhhqja124A">https://forms.gle/KgAqzFEYhhqja124A</a></p>
</div></div></div></div></div>
