{"id":13806,"date":"2024-12-02T23:48:59","date_gmt":"2024-12-02T21:48:59","guid":{"rendered":"https:\/\/moianesturisme.cat\/agendacultural\/?post_type=tribe_events&#038;p=13806"},"modified":"2024-12-02T23:48:59","modified_gmt":"2024-12-02T21:48:59","slug":"polifem-consort-anna-urpina-violi-barroc-jordi-domenech-claveci-nicola-brovelli-violloncel","status":"publish","type":"tribe_events","link":"https:\/\/moianesturisme.cat\/agendacultural\/activitat\/polifem-consort-anna-urpina-violi-barroc-jordi-domenech-claveci-nicola-brovelli-violloncel\/","title":{"rendered":"POLIFEM CONSORT: ANNA URPINA, viol\u00ed barroc JORDI DOM\u00c8NECH, clavec\u00ed NICOLA BROVELLI, viol\u00b7loncel"},"content":{"rendered":"<div class=\"row \">\n<div class=\"columns small-12\">\n<div class=\"presentacio\">STYLUS PHANTASTICUS Un viatge musical pel Seicento Itali\u00e0<\/div>\n<\/div>\n<\/div>\n<div class=\"presentacio\">\n<p>POLIFEM CONSORT ser\u00e0 el nostre grup resident durant les properes temporades. I avui es presenten amb el nucli dur del grup, tot proposant-nos un viatge musical pel Seicento Itali\u00e0, el primer barroc dels segles XVI i XVII: el naixement i l&#8217;esplendor de l&#8217;\u00e8poca barroca amb instruments hist\u00f2rics.<br \/>\nStylus phantasticus \u00e9s l&#8217;estil relacionat amb la improvisaci\u00f3 per\u00f2 es caracteritza per l&#8217;\u00fas d&#8217;episodis curts contrastats i una forma lliure, igual que una fantasia cl\u00e0ssica. &#8220;L&#8217;estil fant\u00e0stic s&#8217;adapta especialment als instruments. \u00c9s el m\u00e8tode de composici\u00f3 m\u00e9s lliure i desenfrenat, no est\u00e0 lligat a res, ni a cap paraula ni a un tema mel\u00f2dic, va ser institu\u00eft per mostrar geni i ensenyar el disseny ocult de harmonia i l&#8217;enginyosa composici\u00f3 de frases harm\u00f2niques i fugues. Es distribueix en aquestes formes: fantasia, ricercar, toccata i sonata&#8221;. Una col\u00b7lecci\u00f3 de les del\u00edcies m\u00e9s espectaculars de l&#8217;\u00e8poca, comen\u00e7ant pel virtuosisme i l&#8217;entusiasme del veneci\u00e0 compositor D. Castello, passant per la fantasia dels brescians G. Fontana i B. Marini. Continuarem amb el barroc m\u00e9s madur i l&#8217;\u00e8poca daurada del barroc amb la<br \/>\ncompositora francesa Elisabeth Jacquet de la Guerre i acabarem amb l&#8217;itali\u00e0 A. Corelli amb la seva famosa &#8220;Follia&#8221;. Un concert ins\u00f2lit per fer vibrar tots els sentits.<\/p>\n<\/div>\n<div class=\"row \">\n<div class=\"columns small-12\">\n<h4 class=\"titol-programa\">Programa<\/h4>\n<div class=\"presentacio descrip\">\n<p><strong>H.I.F. Biber (1644-1704)<\/strong><br \/>\nSonata \u201cdel rosari\u201d num 1. \u201cL\u2019 Anunciaci\u00f3\u201d<\/p>\n<p><strong>D. Castello (1590-1658)<\/strong><br \/>\nSeconda sonata a sopran<\/p>\n<p><strong>G. Fontana (1589-1680)<\/strong><br \/>\nTerza sonata a sopran<\/p>\n<p><strong>B. Marini (1594-1663)<\/strong><br \/>\nQuarta sonata \u201cLa hortensia virtuosa\u201d<\/p>\n<p><strong>A. Corelli (1653-1713)<\/strong><br \/>\nSonata num 12, op 5 \u201cLa follia\u201d<\/p>\n<\/div>\n<\/div>\n<\/div>\n","protected":false},"excerpt":{"rendered":"<p>STYLUS PHANTASTICUS Un viatge musical pel Seicento Itali\u00e0 POLIFEM CONSORT ser\u00e0 el nostre grup resident durant les properes temporades. I avui es presenten amb el nucli dur del grup, tot proposant-nos un viatge musical pel Seicento Itali\u00e0, el primer barroc dels segles XVI i XVII: el naixement i l&#8217;esplendor de l&#8217;\u00e8poca barroca amb instruments hist\u00f2rics.<\/p>\n","protected":false},"author":15,"featured_media":0,"template":"","meta":{"_acf_changed":false,"_tribe_events_status":"","_tribe_events_status_reason":"","_tribe_events_is_hybrid":"","_tribe_events_is_virtual":"","_tribe_events_virtual_video_source":"","_tribe_events_virtual_embed_video":"","_tribe_events_virtual_linked_button_text":"","_tribe_events_virtual_linked_button":"","_tribe_events_virtual_show_embed_at":"","_tribe_events_virtual_show_embed_to":[],"_tribe_events_virtual_show_on_event":"","_tribe_events_virtual_show_on_views":"","_tribe_events_virtual_url":"","footnotes":""},"tags":[],"tribe_events_cat":[124,71,76],"class_list":["post-13806","tribe_events","type-tribe_events","status-publish","hentry","tribe_events_cat-cultura","tribe_events_cat-espectacles","tribe_events_cat-musica","cat_cultura","cat_espectacles","cat_musica"],"acf":[],"_links":{"self":[{"href":"https:\/\/moianesturisme.cat\/agendacultural\/wp-json\/wp\/v2\/tribe_events\/13806","targetHints":{"allow":["GET"]}}],"collection":[{"href":"https:\/\/moianesturisme.cat\/agendacultural\/wp-json\/wp\/v2\/tribe_events"}],"about":[{"href":"https:\/\/moianesturisme.cat\/agendacultural\/wp-json\/wp\/v2\/types\/tribe_events"}],"author":[{"embeddable":true,"href":"https:\/\/moianesturisme.cat\/agendacultural\/wp-json\/wp\/v2\/users\/15"}],"version-history":[{"count":1,"href":"https:\/\/moianesturisme.cat\/agendacultural\/wp-json\/wp\/v2\/tribe_events\/13806\/revisions"}],"predecessor-version":[{"id":13807,"href":"https:\/\/moianesturisme.cat\/agendacultural\/wp-json\/wp\/v2\/tribe_events\/13806\/revisions\/13807"}],"wp:attachment":[{"href":"https:\/\/moianesturisme.cat\/agendacultural\/wp-json\/wp\/v2\/media?parent=13806"}],"wp:term":[{"taxonomy":"post_tag","embeddable":true,"href":"https:\/\/moianesturisme.cat\/agendacultural\/wp-json\/wp\/v2\/tags?post=13806"},{"taxonomy":"tribe_events_cat","embeddable":true,"href":"https:\/\/moianesturisme.cat\/agendacultural\/wp-json\/wp\/v2\/tribe_events_cat?post=13806"}],"curies":[{"name":"wp","href":"https:\/\/api.w.org\/{rel}","templated":true}]}}

POLIFEM CONSORT: ANNA URPINA, violí barroc JORDI DOMÈNECH, clavecí NICOLA BROVELLI, viol·loncel

<div class="row ">
<div class="columns small-12">
<div class="presentacio">STYLUS PHANTASTICUS Un viatge musical pel Seicento Italià</div>
</div>
</div>
<div class="presentacio">
<p>POLIFEM CONSORT serà el nostre grup resident durant les properes temporades. I avui es presenten amb el nucli dur del grup, tot proposant-nos un viatge musical pel Seicento Italià, el primer barroc dels segles XVI i XVII: el naixement i l&#8217;esplendor de l&#8217;època barroca amb instruments històrics.<br />
Stylus phantasticus és l&#8217;estil relacionat amb la improvisació però es caracteritza per l&#8217;ús d&#8217;episodis curts contrastats i una forma lliure, igual que una fantasia clàssica. &#8220;L&#8217;estil fantàstic s&#8217;adapta especialment als instruments. És el mètode de composició més lliure i desenfrenat, no està lligat a res, ni a cap paraula ni a un tema melòdic, va ser instituït per mostrar geni i ensenyar el disseny ocult de harmonia i l&#8217;enginyosa composició de frases harmòniques i fugues. Es distribueix en aquestes formes: fantasia, ricercar, toccata i sonata&#8221;. Una col·lecció de les delícies més espectaculars de l&#8217;època, començant pel virtuosisme i l&#8217;entusiasme del venecià compositor D. Castello, passant per la fantasia dels brescians G. Fontana i B. Marini. Continuarem amb el barroc més madur i l&#8217;època daurada del barroc amb la<br />
compositora francesa Elisabeth Jacquet de la Guerre i acabarem amb l&#8217;italià A. Corelli amb la seva famosa &#8220;Follia&#8221;. Un concert insòlit per fer vibrar tots els sentits.</p>
</div>
<div class="row ">
<div class="columns small-12">
<h4 class="titol-programa">Programa</h4>
<div class="presentacio descrip">
<p><strong>H.I.F. Biber (1644-1704)</strong><br />
Sonata “del rosari” num 1. “L’ Anunciació”</p>
<p><strong>D. Castello (1590-1658)</strong><br />
Seconda sonata a sopran</p>
<p><strong>G. Fontana (1589-1680)</strong><br />
Terza sonata a sopran</p>
<p><strong>B. Marini (1594-1663)</strong><br />
Quarta sonata “La hortensia virtuosa”</p>
<p><strong>A. Corelli (1653-1713)</strong><br />
Sonata num 12, op 5 “La follia”</p>
</div>
</div>
</div>

<p>STYLUS PHANTASTICUS Un viatge musical pel Seicento Italià POLIFEM CONSORT serà el nostre grup resident durant les properes temporades. I avui es presenten amb el nucli dur del grup, tot proposant-nos un viatge musical pel Seicento Italià, el primer barroc dels segles XVI i XVII: el naixement i l&#8217;esplendor de l&#8217;època barroca amb instruments històrics.</p>
