{"id":13728,"date":"2024-11-26T22:37:38","date_gmt":"2024-11-26T20:37:38","guid":{"rendered":"https:\/\/moianesturisme.cat\/agendacultural\/?post_type=tribe_events&#038;p=13728"},"modified":"2024-11-28T15:27:53","modified_gmt":"2024-11-28T13:27:53","slug":"iii-jornada-de-pedra-seca-a-granera","status":"publish","type":"tribe_events","link":"https:\/\/moianesturisme.cat\/agendacultural\/activitat\/iii-jornada-de-pedra-seca-a-granera\/","title":{"rendered":"III Jornada de pedra seca a Granera"},"content":{"rendered":"<p><strong>Tallers<\/strong><\/p>\n<p>10 a 14 h Taller pr\u00e0ctic de reconstrucci\u00f3 amb pedra seca d&#8217;una barraca<br \/>\nA c\u00e0rrec de Pau Font i Xavi Laporta, del Gremi de Margers de Catalunya (punt de trobada al Casal)<\/p>\n<hr \/>\n<p>10 a 13 h Taller de pedra seca per a infants amb Nona Arola<\/p>\n<hr \/>\n<p><strong>Confer\u00e8ncies <\/strong>(al Casal)<\/p>\n<p>16.00 h Principals t\u00e8cniques de construcci\u00f3 amb pedra seca amb Xavier Laporta i Pau Font, del gremi de margers<\/p>\n<hr \/>\n<p>16.45 h Usos de la pedra seca per part de la fauna propera amb Ramiro Aibar de Hevistunocellet<\/p>\n<hr \/>\n<p>17.30 h Taula rodona: Passat, present i futur de la Pedra Seca. Moderada per Nona Arola<\/p>\n<p>&nbsp;<\/p>\n<p><span class=\"font-weight-bold\">Requisits activitat:<\/span><\/p>\n<p>Gratu\u00eft. Cal inscripci\u00f3 per whatsapp al 639 640 434.<br \/>\nEs recomana anar ben cal\u00e7at i portar guants.<\/p>\n<p>&nbsp;<\/p>\n","protected":false},"excerpt":{"rendered":"<p>Tallers 10 a 14 h Taller pr\u00e0ctic de reconstrucci\u00f3 amb pedra seca d&#8217;una barraca A c\u00e0rrec de Pau Font i Xavi Laporta, del Gremi de Margers de Catalunya (punt de trobada al Casal) 10 a 13 h Taller de pedra seca per a infants amb Nona Arola Confer\u00e8ncies (al Casal) 16.00 h Principals t\u00e8cniques de<\/p>\n","protected":false},"author":15,"featured_media":0,"template":"","meta":{"_acf_changed":false,"_tribe_events_status":"","_tribe_events_status_reason":"","_tribe_events_is_hybrid":"","_tribe_events_is_virtual":"","_tribe_events_virtual_video_source":"","_tribe_events_virtual_embed_video":"","_tribe_events_virtual_linked_button_text":"","_tribe_events_virtual_linked_button":"","_tribe_events_virtual_show_embed_at":"","_tribe_events_virtual_show_embed_to":[],"_tribe_events_virtual_show_on_event":"","_tribe_events_virtual_show_on_views":"","_tribe_events_virtual_url":"","footnotes":""},"tags":[],"tribe_events_cat":[48,68,69,77],"class_list":["post-13728","tribe_events","type-tribe_events","status-publish","hentry","tribe_events_cat-activitat-familiar","tribe_events_cat-conferencies-i-jornades","tribe_events_cat-cursos-i-tallers","tribe_events_cat-patrimoni","cat_activitat-familiar","cat_conferencies-i-jornades","cat_cursos-i-tallers","cat_patrimoni"],"acf":[],"_links":{"self":[{"href":"https:\/\/moianesturisme.cat\/agendacultural\/wp-json\/wp\/v2\/tribe_events\/13728","targetHints":{"allow":["GET"]}}],"collection":[{"href":"https:\/\/moianesturisme.cat\/agendacultural\/wp-json\/wp\/v2\/tribe_events"}],"about":[{"href":"https:\/\/moianesturisme.cat\/agendacultural\/wp-json\/wp\/v2\/types\/tribe_events"}],"author":[{"embeddable":true,"href":"https:\/\/moianesturisme.cat\/agendacultural\/wp-json\/wp\/v2\/users\/15"}],"version-history":[{"count":1,"href":"https:\/\/moianesturisme.cat\/agendacultural\/wp-json\/wp\/v2\/tribe_events\/13728\/revisions"}],"predecessor-version":[{"id":13729,"href":"https:\/\/moianesturisme.cat\/agendacultural\/wp-json\/wp\/v2\/tribe_events\/13728\/revisions\/13729"}],"wp:attachment":[{"href":"https:\/\/moianesturisme.cat\/agendacultural\/wp-json\/wp\/v2\/media?parent=13728"}],"wp:term":[{"taxonomy":"post_tag","embeddable":true,"href":"https:\/\/moianesturisme.cat\/agendacultural\/wp-json\/wp\/v2\/tags?post=13728"},{"taxonomy":"tribe_events_cat","embeddable":true,"href":"https:\/\/moianesturisme.cat\/agendacultural\/wp-json\/wp\/v2\/tribe_events_cat?post=13728"}],"curies":[{"name":"wp","href":"https:\/\/api.w.org\/{rel}","templated":true}]}}

<p><strong>Tallers</strong></p>
<p>10 a 14 h Taller pràctic de reconstrucció amb pedra seca d&#8217;una barraca<br />
A càrrec de Pau Font i Xavi Laporta, del Gremi de Margers de Catalunya (punt de trobada al Casal)</p>
<hr />
<p>10 a 13 h Taller de pedra seca per a infants amb Nona Arola</p>
<hr />
<p><strong>Conferències </strong>(al Casal)</p>
<p>16.00 h Principals tècniques de construcció amb pedra seca amb Xavier Laporta i Pau Font, del gremi de margers</p>
<hr />
<p>16.45 h Usos de la pedra seca per part de la fauna propera amb Ramiro Aibar de Hevistunocellet</p>
<hr />
<p>17.30 h Taula rodona: Passat, present i futur de la Pedra Seca. Moderada per Nona Arola</p>
<p>&nbsp;</p>
<p><span class="font-weight-bold">Requisits activitat:</span></p>
<p>Gratuït. Cal inscripció per whatsapp al 639 640 434.<br />
Es recomana anar ben calçat i portar guants.</p>
<p>&nbsp;</p>

<p>Tallers 10 a 14 h Taller pràctic de reconstrucció amb pedra seca d&#8217;una barraca A càrrec de Pau Font i Xavi Laporta, del Gremi de Margers de Catalunya (punt de trobada al Casal) 10 a 13 h Taller de pedra seca per a infants amb Nona Arola Conferències (al Casal) 16.00 h Principals tècniques de</p>
